000
CXUS52 KRAH 010945
CF6FAY
PRELIMINARY LOCAL CLIMATOLOGICAL DATA (WS FORM: F-6)
STATION: FAYETTEVILLE NC
MONTH: FEBRUARY
YEAR: 2023
LATITUDE: 35 0 N
LONGITUDE: 78 53 W
TEMPERATURE IN F: :PCPN: SNOW: WIND :SUNSHINE: SKY :PK WND
================================================================================
1 2 3 4 5 6A 6B 7 8 9 10 11 12 13 14 15 16 17 18
12Z AVG MX 2MIN
DY MAX MIN AVG DEP HDD CDD WTR SNW DPTH SPD SPD DIR MIN PSBL S-S WX SPD DR
================================================================================
1 62 42 52 7 13 0 0.03 M M 8.7 21 20 M M 10 1 26 20
2 43 39 41 -4 24 0 0.58 M M 4.5 12 30 M M 10 1 14 50
3 51 34 43 -2 22 0 0.19 M M 9.4 23 300 M M 4 1 28 300
4 43 27 35 -10 30 0 0.00 M M 5.3 16 70 M M 0 21 70
5 47 29 38 -7 27 0 0.20 M M 2.4 13 270 M M 7 128 16 270
6 64 37 51 5 14 0 0.00 M M 7.9 20 330 M M 3 128 26 360
7 66 32 49 3 16 0 0.00 M M 6.0 14 220 M M 0 1 20 200
8 74 40 57 11 8 0 0.00 M M 4.2 10 220 M M 0 13 240
9 75 46 61 15 4 0 0.00 M M 9.3 21 210 M M 1 1 27 190
10 77 59 68 22 0 3 0.01 M M 9.9 21 230 M M 6 24 240
11 62 42 52 6 13 0 0.16 M M 10.0 20 350 M M 9 1 25 70
12 48 40 44 -2 21 0 0.70 M M 9.8 22 30 M M 10 1 29 60
13 65 42 54 7 11 0 0.01 M M 8.3 16 300 M M 2 1 23 310
14 70 36 53 6 12 0 0.00 M M 6.1 12 140 M M 0 14 160
15 76 42 59 12 6 0 0.00 M M 7.8 21 230 M M 0 26 220
16 79 53 66 19 0 1 0.00 M M 9.2 24 220 M M 2 12 30 220
17 70 44 57 10 8 0 0.10 M M 15.0 24 320 M M 5 1 34 330
18 54 33 44 -4 21 0 0.00 M M 5.8 20 350 M M 0 28 10
19 63 34 49 1 16 0 0.00 M M 3.7 8 170 M M 5 1 9 170
20 69 45 57 9 8 0 0.00 M M 8.9 21 230 M M 0 1 21 230
21 77 54 66 18 0 1 T M M 11.0 24 250 M M 2 32 270
22 81 51 66 18 0 1 0.04 M M 8.3 26 230 M M 1 1 31 210
23 85 66 76 28 0 11 0.00 M M 14.2 30 230 M M 2 40 230
24 78 60 69 20 0 4 T M M 10.6 22 340 M M 3 27 330
25 61 46 54 5 11 0 0.07 M M 4.4 15 120 M M 10 1 21 120
26 55 48 52 3 13 0 0.00 M M 3.3 10 240 M M 10 1 12 240
27 75 50 63 14 2 0 0.00 M M 7.9 20 200 M M 8 1 26 210
28 81 53 67 17 0 2 0.00 M M 8.1 18 270 M M 0 24 290
================================================================================
SM 1851 1224 300 23 2.09 M 220.0 M 110
================================================================================
AV 66.1 43.7 7.9 FASTST M M 4 MAX(MPH)
MISC ----> 30 230 40 230
================================================================================
NOTES:
# LAST OF SEVERAL OCCURRENCES
COLUMN 17 PEAK WIND IN M.P.H.
PRELIMINARY LOCAL CLIMATOLOGICAL DATA (WS FORM: F-6) , PAGE 2
STATION: FAYETTEVILLE NC
MONTH: FEBRUARY
YEAR: 2023
LATITUDE: 35 0 N
LONGITUDE: 78 53 W
[TEMPERATURE DATA] [PRECIPITATION DATA] SYMBOLS USED IN COLUMN 16
AVERAGE MONTHLY: 54.9 TOTAL FOR MONTH: 2.09 1 = FOG OR MIST
DPTR FM NORMAL: 7.9 DPTR FM NORMAL: -0.69 2 = FOG REDUCING VISIBILITY
HIGHEST: 85 ON 23 GRTST 24HR 0.86 ON 11-12 TO 1/4 MILE OR LESS
LOWEST: 27 ON 4 3 = THUNDER
SNOW, ICE PELLETS, HAIL 4 = ICE PELLETS
TOTAL MONTH: M 5 = HAIL
GRTST 24HR M ON M 6 = FREEZING RAIN OR DRIZZLE
GRTST DEPTH: M ON M 7 = DUSTSTORM OR SANDSTORM:
VSBY 1/2 MILE OR LESS
8 = SMOKE OR HAZE
[NO. OF DAYS WITH] [WEATHER - DAYS WITH] 9 = BLOWING SNOW
X = TORNADO
MAX 32 OR BELOW: 0 0.01 INCH OR MORE: 11
MAX 90 OR ABOVE: 0 0.10 INCH OR MORE: 6
MIN 32 OR BELOW: 3 0.50 INCH OR MORE: 2
MIN 0 OR BELOW: 0 1.00 INCH OR MORE: 0
[HDD (BASE 65) ]
TOTAL THIS MO. 300 CLEAR (SCALE 0-3) 15
DPTR FM NORMAL -208 PTCLDY (SCALE 4-7) 6
TOTAL FM JUL 1 1721 CLOUDY (SCALE 8-10) 7
DPTR FM NORMAL -489
[CDD (BASE 65) ]
TOTAL THIS MO. 23
DPTR FM NORMAL 19 [PRESSURE DATA]
TOTAL FM JAN 1 27 HIGHEST SLP 30.66 ON 4
DPTR FM NORMAL 25 LOWEST SLP 29.52 ON 28
[REMARKS]
#FINAL-02-23#