000
CXUS52 KFFC 011110
CF6FFC
PRELIMINARY LOCAL CLIMATOLOGICAL DATA (WS FORM: F-6)
STATION: PEACHTREE CITY
MONTH: DECEMBER
YEAR: 2021
LATITUDE: 33 20 N
LONGITUDE: 84 34 W
TEMPERATURE IN F: :PCPN: SNOW: WIND :SUNSHINE: SKY :PK WND
================================================================================
1 2 3 4 5 6A 6B 7 8 9 10 11 12 13 14 15 16 17 18
12Z AVG MX 2MIN
DY MAX MIN AVG DEP HDD CDD WTR SNW DPTH SPD SPD DIR MIN PSBL S-S WX SPD DR
================================================================================
1 70 36 53 3 12 0 0.00 M M 1.6 9 170 M M 0 17 170
2 74 38 56 7 9 0 0.00 M M 2.5 13 290 M M 0 1 22 320
3 77 39 58 9 7 0 0.00 M M 1.6 9 250 M M 0 1 14 330
4 72 43 58 9 7 0 0.00 M M 1.1 9 320 M M 2 12 14 280
5 69 46 58 9 7 0 0.00 M M 0.6 7 140 M M 7 12 11 130
6 66 48 57 8 8 0 0.28 M M 4.1 17 340 M M 8 123 23 330
7 55 37 46 -2 19 0 0.00 M M 4.8 13 320 M M 6 17 310
8 54 36 45 -3 20 0 0.73 M M 3.6 15 330 M M 7 123 20 320
9 59 32 46 -2 19 0 0.02 M M 3.8 13 130 M M 4 12 18 130
10 61 49 55 7 10 0 0.34 M M 4.3 8 120 M M 10 12 11 130
11 76 51 64 16 1 0 0.32 M M 6.4 29 310 M M 9 18 40 300
12 60 35 48 0 17 0 0.00 M M 5.1 17 330 M M 0 24 340
13 63 30 47 -1 18 0 0.00 M M 0.3 6 320 M M 1 12 9 140
14 70 32 51 4 14 0 0.00 M M 0.6 6 130 M M 3 12 8 140
15 62 33 48 1 17 0 0.00 M M 2.6 9 80 M M 5 1 15 90
16 69 44 57 10 8 0 0.00 0.0 M 1.3 7 140 M M 8 12 9 160
17 69 52 61 14 4 0 T 0.0 M 1.5 7 180 M M 10 12 12 190
18 69 62 66 19 0 1 0.80 M M 2.9 10 280 M M 9 1 16 290
19 65 39 52 5 13 0 0.05 M M 7.5 22 320 M M 6 1 29 330
20 47 35 41 -5 24 0 0.00 M M 5.0 14 80 M M 4 21 80
21 44 39 42 -4 23 0 0.19 M M 5.1 13 320 M M 10 1 17 320
22 57 34 46 0 19 0 0.00 M M 7.9 23 320 M M 1 31 320
23 61 28 45 -1 20 0 0.00 M M 1.7 8 120 M M 0 12 180
24 67 30 49 3 16 0 0.00 M M 1.9 10 210 M M 1 18 160
25 70 52 61 15 4 0 0.00 M M 4.6 16 240 M M 7 27 250
26 74 54 64 18 1 0 0.00 M M 2.3 10 270 M M 4 12 16 200
27 71 52 62 16 3 0 0.00 M M 2.8 13 240 M M 10 12 22 280
28 74 61 68 22 0 3 T M M 4.2 13 180 M M 8 1 24 170
29 75 67 71 26 0 6 0.10 M M 4.5 9 250 M M 9 18 18 170
30 73 61 67 22 0 2 M M M 2.7 26 310 M M 10 123 37 320
31 76 55 66 21 0 1 0.01 M M 1.8 7 200 M M 7 12 13 240
================================================================================
SM 2049 1350 320 13 2.84 0.0 100.7 M 166
================================================================================
AV 66.1 43.5 3.2 FASTST M M 5 MAX(MPH)
MISC ----> 29 310 40 300
================================================================================
NOTES:
# LAST OF SEVERAL OCCURRENCES
COLUMN 17 PEAK WIND IN M.P.H.
PRELIMINARY LOCAL CLIMATOLOGICAL DATA (WS FORM: F-6) , PAGE 2
STATION: PEACHTREE CITY
MONTH: DECEMBER
YEAR: 2021
LATITUDE: 33 20 N
LONGITUDE: 84 34 W
[TEMPERATURE DATA] [PRECIPITATION DATA] SYMBOLS USED IN COLUMN 16
AVERAGE MONTHLY: 54.8 TOTAL FOR MONTH: 2.84 1 = FOG OR MIST
DPTR FM NORMAL: 7.6 DPTR FM NORMAL: -1.72 2 = FOG REDUCING VISIBILITY
HIGHEST: 77 ON 3 GRTST 24HR 0.83 ON 18-19 TO 1/4 MILE OR LESS
LOWEST: 28 ON 23 3 = THUNDER
SNOW, ICE PELLETS, HAIL 4 = ICE PELLETS
TOTAL MONTH: 0.0 INCH 5 = HAIL
GRTST 24HR 0.0 6 = FREEZING RAIN OR DRIZZLE
GRTST DEPTH: M ON M 7 = DUSTSTORM OR SANDSTORM:
VSBY 1/2 MILE OR LESS
8 = SMOKE OR HAZE
[NO. OF DAYS WITH] [WEATHER - DAYS WITH] 9 = BLOWING SNOW
X = TORNADO
MAX 32 OR BELOW: 0 0.01 INCH OR MORE: 10
MAX 90 OR ABOVE: 0 0.10 INCH OR MORE: 7
MIN 32 OR BELOW: 5 0.50 INCH OR MORE: 2
MIN 0 OR BELOW: 0 1.00 INCH OR MORE: 0
[HDD (BASE 65) ]
TOTAL THIS MO. 320 CLEAR (SCALE 0-3) 9
DPTR FM NORMAL -233 PTCLDY (SCALE 4-7) 11
TOTAL FM JUL 1 790 CLOUDY (SCALE 8-10) 11
DPTR FM NORMAL -248
[CDD (BASE 65) ]
TOTAL THIS MO. 13
DPTR FM NORMAL 11 [PRESSURE DATA]
TOTAL FM JAN 1 1843 HIGHEST SLP 30.49 ON 15
DPTR FM NORMAL -103 LOWEST SLP 29.86 ON 29
[REMARKS]
#FINAL-12-21#