266
CXUS52 KFFC 011010
CF6FFC
PRELIMINARY LOCAL CLIMATOLOGICAL DATA (WS FORM: F-6)
STATION: PEACHTREE CITY
MONTH: MARCH
YEAR: 2021
LATITUDE: 33 20 N
LONGITUDE: 84 34 W
TEMPERATURE IN F: :PCPN: SNOW: WIND :SUNSHINE: SKY :PK WND
================================================================================
1 2 3 4 5 6A 6B 7 8 9 10 11 12 13 14 15 16 17 18
12Z AVG MX 2MIN
DY MAX MIN AVG DEP HDD CDD WTR SNW DPTH SPD SPD DIR MIN PSBL S-S WX SPD DR
================================================================================
1 69 49 59 9 6 0 0.15 M M 6.8 31 310 M M 9 1 42 320
2 49 40 45 -5 20 0 0.16 M M 6.5 15 90 M M 7 1 24 120
3 66 38 52 2 13 0 0.43 M M 6.2 15 320 M M 4 1 19 310
4 71 36 54 3 11 0 0.00 0.0 M 6.1 17 310 M M 0 26 350
5 67 35 51 0 14 0 0.00 0.0 M 4.3 17 310 M M 2 24 330
6 56 33 45 -6 20 0 0.00 0.0 M 4.8 14 100 M M 7 22 90
7 63 30 47 -4 18 0 0.00 0.0 M 5.5 17 330 M M 0 26 320
8 70 28 49 -2 16 0 0.00 0.0 M 1.3 9 140 M M 0 8 13 140
9 70 30 50 -2 15 0 0.00 0.0 M 1.9 10 140 M M 0 18 15 120
10 73 33 53 1 12 0 0.00 0.0 M 2.1 12 150 M M 0 18 20 120
11 75 42 59 7 6 0 0.00 M M 2.7 13 130 M M 0 18 18 130
12 79 42 61 9 4 0 0.00 M M 1.6 12 280 M M 0 18 16 300
13 81 47 64 11 1 0 0.00 M M 1.5 8 310 M M 2 18 13 310
14 82 50 66 13 0 1 0.00 M M 1.3 12 300 M M 1 1 17 330
15 73 53 63 10 2 0 T M M 6.5 15 110 M M 7 18 22 110
16 66 49 58 5 7 0 0.32 M M 5.9 13 90 M M 10 18 23 80
17 61 50 56 2 9 0 0.15 M M 5.5 12 130 M M 10 123 18 120
18 73 48 61 7 4 0 0.25 M M 10.5 21 290 M M 8 1 34 140
19 61 46 54 0 11 0 T M M 8.5 17 320 M M 10 27 300
20 59 38 49 -5 16 0 0.00 M M 6.4 18 80 M M 2 33 80
21 67 38 53 -1 12 0 0.00 M M 5.8 14 60 M M 7 23 90
22 73 41 57 2 8 0 0.00 M M 4.5 15 140 M M 0 23 90
23 69 52 61 6 4 0 0.03 M M 4.7 15 120 M M 2 1 23 110
24 75 58 67 12 0 2 0.03 M M 3.6 22 140 M M 4 1 35 150
25 79 59 69 14 0 4 0.37 M M 6.8 17 160 M M 8 138 32 170
26 75 62 69 13 0 4 0.42 M M 2.0 15 340 M M 9 138 26 200
27 84 60 72 16 0 7 0.00 M M 3.8 15 210 M M 6 128 25 200
28 74 55 65 9 0 0 0.26 0.0 M 7.6 18 300 M M 5 138 28 290
29 70 37 54 -2 11 0 0.00 0.0 M 3.1 12 340 M M 0 21 340
30 76 42 59 3 6 0 0.02 0.0 M 4.5 15 130 M M 6 1 22 140
31 74 46 60 3 5 0 0.99 0.0 M 6.7 23 320 M M 9 13 33 320
================================================================================
SM 2180 1367 251 18 3.58 0.0 149.0 M 135
================================================================================
AV 70.3 44.1 4.8 FASTST M M 4 MAX(MPH)
MISC ----> 31 310 42 320
================================================================================
NOTES:
# LAST OF SEVERAL OCCURRENCES
COLUMN 17 PEAK WIND IN M.P.H.
PRELIMINARY LOCAL CLIMATOLOGICAL DATA (WS FORM: F-6) , PAGE 2
STATION: PEACHTREE CITY
MONTH: MARCH
YEAR: 2021
LATITUDE: 33 20 N
LONGITUDE: 84 34 W
[TEMPERATURE DATA] [PRECIPITATION DATA] SYMBOLS USED IN COLUMN 16
AVERAGE MONTHLY: 57.2 TOTAL FOR MONTH: 3.58 1 = FOG OR MIST
DPTR FM NORMAL: 3.9 DPTR FM NORMAL: -1.53 2 = FOG REDUCING VISIBILITY
HIGHEST: 84 ON 27 GRTST 24HR 1.01 ON 30-31 TO 1/4 MILE OR LESS
LOWEST: 28 ON 8 3 = THUNDER
SNOW, ICE PELLETS, HAIL 4 = ICE PELLETS
TOTAL MONTH: 0.0 INCH 5 = HAIL
GRTST 24HR 0.0 6 = FREEZING RAIN OR DRIZZLE
GRTST DEPTH: M ON M 7 = DUSTSTORM OR SANDSTORM:
VSBY 1/2 MILE OR LESS
8 = SMOKE OR HAZE
[NO. OF DAYS WITH] [WEATHER - DAYS WITH] 9 = BLOWING SNOW
X = TORNADO
MAX 32 OR BELOW: 0 0.01 INCH OR MORE: 13
MAX 90 OR ABOVE: 0 0.10 INCH OR MORE: 10
MIN 32 OR BELOW: 3 0.50 INCH OR MORE: 1
MIN 0 OR BELOW: 0 1.00 INCH OR MORE: 0
[HDD (BASE 65) ]
TOTAL THIS MO. 251 CLEAR (SCALE 0-3) 14
DPTR FM NORMAL -119 PTCLDY (SCALE 4-7) 11
TOTAL FM JUL 1 2305 CLOUDY (SCALE 8-10) 6
DPTR FM NORMAL -447
[CDD (BASE 65) ]
TOTAL THIS MO. 18
DPTR FM NORMAL 13 [PRESSURE DATA]
TOTAL FM JAN 1 19 HIGHEST SLP 30.59 ON 9
DPTR FM NORMAL 14 LOWEST SLP 29.67 ON 18
[REMARKS]
#FINAL-03-21#