000
CXUS52 KFFC 011110
CF6FFC
PRELIMINARY LOCAL CLIMATOLOGICAL DATA (WS FORM: F-6)
STATION: PEACHTREE CITY
MONTH: MARCH
YEAR: 2020
LATITUDE: 33 20 N
LONGITUDE: 84 34 W
TEMPERATURE IN F: :PCPN: SNOW: WIND :SUNSHINE: SKY :PK WND
================================================================================
1 2 3 4 5 6A 6B 7 8 9 10 11 12 13 14 15 16 17 18
12Z AVG MX 2MIN
DY MAX MIN AVG DEP HDD CDD WTR SNW DPTH SPD SPD DIR MIN PSBL S-S WX SPD DR
================================================================================
1 67 30 49 -1 16 0 0.00 0.0 0 2.9 12 140 M M 0 18 180
2 57 38 48 -2 17 0 1.42 M 0 2.3 10 140 M M 5 1 12 150
3 69 56 63 13 2 0 0.28 0.0 0 4.6 13 220 M M 10 1 21 230
4 63 54 59 8 6 0 1.18 0.0 0 3.5 9 140 M M 10 123 12 330
5 54 51 53 2 12 0 1.65 0.0 0 5.7 14 90 M M 10 13 22 90
6 60 44 52 1 13 0 0.00 0.0 0 12.5 29 310 M M 1 38 310
7 61 35 48 -3 17 0 0.00 0.0 0 6.6 20 330 M M 0 26 330
8 64 32 48 -3 17 0 0.00 0.0 0 3.9 16 140 M M 0 20 130
9 71 37 54 2 11 0 0.00 0.0 0 2.6 15 140 M M 2 23 110
10 68 51 60 8 5 0 0.03 0.0 0 2.4 13 250 M M 6 1 17 240
11 70 48 59 7 6 0 T M 0 3.4 13 290 M M 7 1 17 290
12 79 58 69 17 0 4 0.01 0.0 0 3.7 13 180 M M 7 1 19 150
13 76 63 70 17 0 5 0.20 0.0 0 4.5 14 320 M M 7 1 20 240
14 83 56 70 17 0 5 0.00 0.0 0 1.7 10 200 M M 3 1 16 140
15 72 56 64 11 1 0 0.12 0.0 0 4.6 17 310 M M 6 1 23 310
16 62 55 59 6 6 0 T 0.0 0 5.9 12 120 M M 10 1 15 130
17 73 54 64 10 1 0 T 0.0 0 1.9 8 340 M M 7 18 12 90
18 81 53 67 13 0 2 0.00 0.0 0 2.7 10 220 M M 5 128 16 180
19 84 58 71 17 0 6 0.00 0.0 0 3.4 14 220 M M 4 12 20 240
20 82 63 73 19 0 8 0.00 0.0 0 5.8 23 340 M M 3 29 350
21 76 57 67 13 0 2 0.01 0.0 0 6.9 15 310 M M 6 1 19 300
22 66 48 57 2 8 0 0.07 M 0 5.7 13 100 M M 5 1 19 90
23 67 55 61 6 4 0 0.69 0.0 0 4.1 10 140 M M 10 1 15 130
24 81 62 72 17 0 7 0.17 0.0 0 3.6 12 250 M M 8 123 19 200
25 79 56 68 13 0 3 0.49 0.0 0 5.9 21 280 M M 2 13 33 280
26 84 48 66 10 0 1 0.00 0.0 0 1.4 10 150 M M 0 15 130
27 86 55 71 15 0 6 0.00 0.0 0 3.5 12 210 M M 0 1 17 230
28 87 68 78 22 0 13 0.00 0.0 0 4.5 14 250 M M 3 18 22 230
29 82 63 73 17 0 8 0.01 0.0 0 5.2 16 290 M M 5 8 23 290
30 78 59 69 13 0 4 0.00 0.0 0 6.4 20 320 M M 0 22 330
31 66 51 59 2 6 0 0.30 0.0 0 8.4 23 310 M M 8 1 32 310
================================================================================
SM 2248 1614 148 74 6.63 0.0 140.2 M 150
================================================================================
AV 72.5 52.1 4.5 FASTST M M 5 MAX(MPH)
MISC ----> # 29 310 # 38 310
================================================================================
NOTES:
# LAST OF SEVERAL OCCURRENCES
COLUMN 17 PEAK WIND IN M.P.H.
PRELIMINARY LOCAL CLIMATOLOGICAL DATA (WS FORM: F-6) , PAGE 2
STATION: PEACHTREE CITY
MONTH: MARCH
YEAR: 2020
LATITUDE: 33 20 N
LONGITUDE: 84 34 W
[TEMPERATURE DATA] [PRECIPITATION DATA] SYMBOLS USED IN COLUMN 16
AVERAGE MONTHLY: 62.3 TOTAL FOR MONTH: 6.63 1 = FOG OR MIST
DPTR FM NORMAL: 9.0 DPTR FM NORMAL: 1.52 2 = FOG REDUCING VISIBILITY
HIGHEST: 87 ON 28 GRTST 24HR 1.65 ON 5- 5 TO 1/4 MILE OR LESS
LOWEST: 30 ON 1 3 = THUNDER
SNOW, ICE PELLETS, HAIL 4 = ICE PELLETS
TOTAL MONTH: 0.0 INCH 5 = HAIL
GRTST 24HR 0.0 6 = FREEZING RAIN OR DRIZZLE
GRTST DEPTH: 0 7 = DUSTSTORM OR SANDSTORM:
VSBY 1/2 MILE OR LESS
8 = SMOKE OR HAZE
[NO. OF DAYS WITH] [WEATHER - DAYS WITH] 9 = BLOWING SNOW
X = TORNADO
MAX 32 OR BELOW: 0 0.01 INCH OR MORE: 15
MAX 90 OR ABOVE: 0 0.10 INCH OR MORE: 10
MIN 32 OR BELOW: 2 0.50 INCH OR MORE: 4
MIN 0 OR BELOW: 0 1.00 INCH OR MORE: 3
[HDD (BASE 65) ]
TOTAL THIS MO. 148 CLEAR (SCALE 0-3) 11
DPTR FM NORMAL -222 PTCLDY (SCALE 4-7) 14
TOTAL FM JUL 1 1886 CLOUDY (SCALE 8-10) 6
DPTR FM NORMAL -866
[CDD (BASE 65) ]
TOTAL THIS MO. 74
DPTR FM NORMAL 69 [PRESSURE DATA]
TOTAL FM JAN 1 80 HIGHEST SLP 30.61 ON 8
DPTR FM NORMAL 75 LOWEST SLP 29.62 ON 31
[REMARKS]
#FINAL-03-20#