000
CXUS52 KILM 011000
CF6FLO
PRELIMINARY LOCAL CLIMATOLOGICAL DATA (WS FORM: F-6)
STATION: FLORENCE SOUTH CAROLINA
MONTH: MARCH
YEAR: 2021
LATITUDE: 34 10 N
LONGITUDE: 79 43 W
TEMPERATURE IN F: :PCPN: SNOW: WIND :SUNSHINE: SKY :PK WND
================================================================================
1 2 3 4 5 6A 6B 7 8 9 10 11 12 13 14 15 16 17 18
12Z AVG MX 2MIN
DY MAX MIN AVG DEP HDD CDD WTR SNW DPTH SPD SPD DIR MIN PSBL S-S WX SPD DR
================================================================================
1 77 57 67 15 0 2 0.22 M M 9.8 35 320 M M 5 18 43 320
2 57 47 52 0 13 0 T M M 8.5 18 10 M M 2 23 20
3 63 40 52 0 13 0 0.25 M M 7.3 16 30 M M 7 18 22 30
4 72 37 55 3 10 0 0.00 M M 6.8 17 320 M M 0 8 21 310
5 60 40 50 -3 15 0 0.00 M M 6.9 17 50 M M 0 26 60
6 56 33 45 -8 20 0 0.00 M M 5.2 14 60 M M 5 8 18 40
7 57 30 44 -9 21 0 0.00 M M 7.9 22 20 M M 0 8 28 330
8 63 27 45 -9 20 0 0.00 M M 2.9 14 350 M M 0 8 17 360
9 73 33 53 -1 12 0 0.00 M M 5.4 14 280 M M 0 18 250
10 74 38 56 2 9 0 0.00 M M 6.5 14 180 M M 0 19 200
11 76 39 58 4 7 0 0.00 M M 6.0 15 170 M M 0 21 250
12 81 45 63 8 2 0 0.00 M M 7.2 17 240 M M 0 1 24 260
13 73 53 63 8 2 0 0.00 M M 6.2 16 60 M M 7 8 22 80
14 72 53 63 8 2 0 0.11 M M 3.1 9 270 M M 7 1 13 230
15 62 50 56 1 9 0 T M M 11.3 20 80 M M 8 25 70
16 50 41 46 -10 19 0 0.29 M M 6.9 17 340 M M 10 1 20 340
17 55 47 51 -5 14 0 0.31 M M 5.2 14 80 M M 10 18 16 80
18 77 52 65 9 0 0 0.01 M M 11.5 28 190 M M 7 12 36 190
19 65 43 54 -2 11 0 T M M 13.8 24 10 M M 8 8 31 10
20 54 37 46 -11 19 0 T M M 13.5 21 50 M M 8 29 30
21 69 45 57 0 8 0 0.19 M M 14.5 23 50 M M 7 31 50
22 74 50 62 5 3 0 0.00 M M 13.3 24 50 M M 2 29 50
23 71 50 61 3 4 0 T M M 9.3 15 50 M M 6 19 60
24 78 58 68 10 0 3 0.00 M M 3.5 14 200 M M 6 1 16 220
25 82 56 69 11 0 4 T M M 9.3 20 160 M M 4 18 27 180
26 77 67 72 14 0 7 0.01 M M 9.3 21 250 M M 4 8 26 220
27 89 61 75 17 0 10 0.00 M M 4.8 18 210 M M 4 128 25 200
28 87 63 75 16 0 10 0.21 M M 12.9 29 190 M M 3 3 39 250
29 68 47 58 -1 7 0 0.00 M M 7.8 20 20 M M 0 25 30
30 77 41 59 0 6 0 0.16 M M 5.4 17 160 M M 6 1 24 30
31 85 58 72 12 0 7 0.64 M M 7.0 23 250 M M 8 1238 29 260
================================================================================
SM 2174 1438 246 43 2.40 M 249.0 M 134
================================================================================
AV 70.1 46.4 8.0 FASTST M M 4 MAX(MPH)
MISC ----> 35 320 43 320
================================================================================
NOTES:
# LAST OF SEVERAL OCCURRENCES
COLUMN 17 PEAK WIND IN M.P.H.
PRELIMINARY LOCAL CLIMATOLOGICAL DATA (WS FORM: F-6) , PAGE 2
STATION: FLORENCE SOUTH CAROLINA
MONTH: MARCH
YEAR: 2021
LATITUDE: 34 10 N
LONGITUDE: 79 43 W
[TEMPERATURE DATA] [PRECIPITATION DATA] SYMBOLS USED IN COLUMN 16
AVERAGE MONTHLY: 58.3 TOTAL FOR MONTH: 2.40 1 = FOG OR MIST
DPTR FM NORMAL: 2.7 DPTR FM NORMAL: -0.93 2 = FOG REDUCING VISIBILITY
HIGHEST: 89 ON 27 GRTST 24HR 0.64 ON 31-31 TO 1/4 MILE OR LESS
LOWEST: 27 ON 8 3 = THUNDER
SNOW, ICE PELLETS, HAIL 4 = ICE PELLETS
TOTAL MONTH: M 5 = HAIL
GRTST 24HR M ON M 6 = FREEZING RAIN OR DRIZZLE
GRTST DEPTH: M ON M 7 = DUSTSTORM OR SANDSTORM:
VSBY 1/2 MILE OR LESS
8 = SMOKE OR HAZE
[NO. OF DAYS WITH] [WEATHER - DAYS WITH] 9 = BLOWING SNOW
X = TORNADO
MAX 32 OR BELOW: 0 0.01 INCH OR MORE: 11
MAX 90 OR ABOVE: 0 0.10 INCH OR MORE: 9
MIN 32 OR BELOW: 2 0.50 INCH OR MORE: 1
MIN 0 OR BELOW: 0 1.00 INCH OR MORE: 0
[HDD (BASE 65) ]
TOTAL THIS MO. 246 CLEAR (SCALE 0-3) 11
DPTR FM NORMAL -64 PTCLDY (SCALE 4-7) 18
TOTAL FM JUL 1 2110 CLOUDY (SCALE 8-10) 2
DPTR FM NORMAL -265
[CDD (BASE 65) ]
TOTAL THIS MO. 43
DPTR FM NORMAL 25 [PRESSURE DATA]
TOTAL FM JAN 1 49 HIGHEST SLP 30.57 ON 9
DPTR FM NORMAL 25 LOWEST SLP 29.60 ON 18
[REMARKS]
#FINAL-03-21#