000
CXUS52 KILM 011000
CF6FLO
PRELIMINARY LOCAL CLIMATOLOGICAL DATA (WS FORM: F-6)
STATION: FLORENCE SOUTH CAROLINA
MONTH: JUNE
YEAR: 2020
LATITUDE: 34 10 N
LONGITUDE: 79 43 W
TEMPERATURE IN F: :PCPN: SNOW: WIND :SUNSHINE: SKY :PK WND
================================================================================
1 2 3 4 5 6A 6B 7 8 9 10 11 12 13 14 15 16 17 18
12Z AVG MX 2MIN
DY MAX MIN AVG DEP HDD CDD WTR SNW DPTH SPD SPD DIR MIN PSBL S-S WX SPD DR
================================================================================
1 83 59 71 -4 0 6 0.00 M M 4.1 12 30 M M 1 15 30
2 86 59 73 -2 0 8 0.00 M M 7.5 16 230 M M 2 21 230
3 90 70 80 4 0 15 0.00 M M 11.1 20 240 M M 0 24 200
4 91 70 81 5 0 16 0.00 M M 8.5 20 210 M M 1 25 210
5 92 73 83 7 0 18 0.07 M M 7.1 15 250 M M 7 13 21 240
6 88 74 81 5 0 16 0.00 M M 7.5 15 240 M M 2 18 230
7 91 74 83 6 0 18 0.00 M M 8.1 15 270 M M 0 19 230
8 90 74 82 5 0 17 0.00 M M 4.5 18 150 M M 6 1 23 150
9 92 74 83 6 0 18 T M M 5.0 20 110 M M 6 13 25 100
10 93 74 84 7 0 19 T M M 8.1 24 170 M M 4 13 32 170
11 85 76 81 3 0 16 0.27 M M 7.7 16 200 M M 7 18 19 210
12 87 72 80 2 0 15 0.26 M M 8.4 16 80 M M 5 1 23 360
13 87 68 78 0 0 13 0.00 M M 9.7 20 60 M M 1 1 25 60
14 78 66 72 -6 0 7 0.16 M M 10.0 22 50 M M 8 1 26 60
15 68 62 65 -13 0 0 0.97 M M 11.8 22 60 M M 10 13 26 60
16 70 63 67 -11 0 2 0.00 M M 11.7 18 360 M M 10 8 24 30
17 76 63 70 -9 0 5 0.00 M M 4.9 10 340 M M 9 1 13 330
18 80 66 73 -6 0 8 0.71 M M 3.9 17 160 M M 9 1 21 160
19 86 67 77 -2 0 12 0.01 M M 3.1 18 150 M M 4 23 150
20 89 67 78 -1 0 13 0.00 M M 4.5 13 260 M M 1 13 16 270
21 92 68 80 1 0 15 T M M 4.3 13 330 M M 1 16 330
22 94 74 84 4 0 19 0.00 M M 7.1 15 220 M M 0 3 19 210
23 90 72 81 1 0 16 0.94 M M 7.9 31 320 M M 3 138 36 310
24 90 73 82 2 0 17 0.01 M M 5.8 21 220 M M 3 3 27 220
25 86 71 79 -1 0 14 0.70 M M 4.4 13 250 M M 5 18 16 230
26 91 73 82 2 0 17 0.00 M M 6.3 14 270 M M 1 18 270
27 90 73 82 2 0 17 0.00 M M 9.1 21 250 M M 1 8 28 250
28 94 73 84 4 0 19 0.32 M M 10.0 28 340 M M 2 138 34 340
29 93 73 83 3 0 18 0.01 M M 6.1 15 320 M M 3 3 20 330
30 95 74 85 5 0 20 1.82 M M 4.3 26 50 M M 2 123 33 40
================================================================================
SM 2617 2095 0 414 6.25 M 212.5 M 114
================================================================================
AV 87.2 69.8 7.1 FASTST M M 4 MAX(MPH)
MISC ----> 31 320 36 310
================================================================================
NOTES:
# LAST OF SEVERAL OCCURRENCES
COLUMN 17 PEAK WIND IN M.P.H.
PRELIMINARY LOCAL CLIMATOLOGICAL DATA (WS FORM: F-6) , PAGE 2
STATION: FLORENCE SOUTH CAROLINA
MONTH: JUNE
YEAR: 2020
LATITUDE: 34 10 N
LONGITUDE: 79 43 W
[TEMPERATURE DATA] [PRECIPITATION DATA] SYMBOLS USED IN COLUMN 16
AVERAGE MONTHLY: 78.5 TOTAL FOR MONTH: 6.25 1 = FOG OR MIST
DPTR FM NORMAL: 0.3 DPTR FM NORMAL: 1.63 2 = FOG REDUCING VISIBILITY
HIGHEST: 95 ON 30 GRTST 24HR 1.83 ON 29-30 TO 1/4 MILE OR LESS
LOWEST: 59 ON 2, 1 3 = THUNDER
SNOW, ICE PELLETS, HAIL 4 = ICE PELLETS
TOTAL MONTH: M 5 = HAIL
GRTST 24HR M ON M 6 = FREEZING RAIN OR DRIZZLE
GRTST DEPTH: M ON M 7 = DUSTSTORM OR SANDSTORM:
VSBY 1/2 MILE OR LESS
8 = SMOKE OR HAZE
[NO. OF DAYS WITH] [WEATHER - DAYS WITH] 9 = BLOWING SNOW
X = TORNADO
MAX 32 OR BELOW: 0 0.01 INCH OR MORE: 13
MAX 90 OR ABOVE: 16 0.10 INCH OR MORE: 9
MIN 32 OR BELOW: 0 0.50 INCH OR MORE: 5
MIN 0 OR BELOW: 0 1.00 INCH OR MORE: 1
[HDD (BASE 65) ]
TOTAL THIS MO. 0 CLEAR (SCALE 0-3) 16
DPTR FM NORMAL -1 PTCLDY (SCALE 4-7) 9
TOTAL FM JUL 1 1874 CLOUDY (SCALE 8-10) 5
DPTR FM NORMAL -649
[CDD (BASE 65) ]
TOTAL THIS MO. 414
DPTR FM NORMAL 17 [PRESSURE DATA]
TOTAL FM JAN 1 842 HIGHEST SLP 30.26 ON 1
DPTR FM NORMAL 138 LOWEST SLP 29.80 ON 23
[REMARKS]
#FINAL-06-20#