000
CXUS53 KDTX 020057 RRD
CF6FNT
PRELIMINARY LOCAL CLIMATOLOGICAL DATA (WS FORM: F-6)
STATION: FLINT MI
MONTH: FEBRUARY
YEAR: 2021
LATITUDE: 42 58 N
LONGITUDE: 83 44 W
TEMPERATURE IN F: :PCPN: SNOW: WIND :SUNSHINE: SKY :PK WND
================================================================================
1 2 3 4 5 6A 6B 7 8 9 10 11 12 13 14 15 16 17 18
12Z AVG MX 2MIN
DY MAX MIN AVG DEP HDD CDD WTR SNW DPTH SPD SPD DIR MIN PSBL S-S WX SPD DR
================================================================================
1 31 21 26 4 39 0 0.00 0.0 4 12.3 20 40 M M 9 26 40
2 33 17 25 2 40 0 0.00 0.0 4 10.1 21 10 M M 2 30 340
3 30 9 20 -3 45 0 0.00 0.0 4 5.3 10 270 M M 0 14 310
4 37 10 24 1 41 0 0.15 1.9 4 11.5 26 170 M M 3 1 39 160
5 36 16 26 3 39 0 0.20 4.4 5 16.8 26 240 M M 10 18 41 250
6 20 15 18 -5 47 0 0.06 1.3 8 12.5 24 270 M M 9 8 32 280
7 16 2 9 -14 56 0 0.02 0.3 6 10.4 23 280 M M 4 8 29 280
8 19 -3 8 -15 57 0 0.04 0.5 6 3.5 9 250 M M 8 18 16 220
9 19 1 10 -14 55 0 0.01 0.2 5 5.7 16 280 M M 3 18 20 280
10 20 -5 8 -16 57 0 T T 5 3.9 12 240 M M 5 14 250
11 21 2 12 -12 53 0 0.00 0.0 5 7.3 14 60 M M 4 17 60
12 27 16 22 -2 43 0 0.12 2.2 6 7.3 13 80 M M 9 18 18 50
13 21 4 13 -11 52 0 0.05 1.4 6 6.3 12 90 M M 9 18 16 90
14 17 2 10 -14 55 0 0.01 0.2 7 6.8 16 300 M M 8 18 20 290
15 14 9 12 -13 53 0 0.34 4.5 7 11.5 21 20 M M 9 8 29 30
16 19 -6 7 -18 58 0 0.32 6.7 13 10.8 21 340 M M 7 8 32 350
17 23 -18 3 -22 62 0 0.00 0.0 14 1.9 8 80 M M 1 10 70
18 26 7 17 -8 48 0 0.05 1.5 14 7.0 15 70 M M 9 1 19 70
19 28 17 23 -3 42 0 0.02 0.8 12 6.7 16 290 M M 10 18 20 280
20 27 13 20 -6 45 0 0.04 1.3 13 8.4 15 280 M M 6 18 18 270
21 32 -4 14 -12 51 0 T 0.1 13 10.6 22 150 M M 2 18 33 170
22 37 30 34 8 31 0 0.10 2.1 11 14.8 25 280 M M 8 18 35 260
23 46 34 40 13 25 0 0.01 0.2 9 12.7 22 280 M M 5 1 30 270
24 48 31 40 13 25 0 0.00 0.0 8 12.8 29 280 M M 6 35 290
25 40 16 28 1 37 0 0.00 0.0 6 7.2 20 260 M M 2 28 240
26 42 17 30 2 35 0 0.00 0.0 6 8.8 20 170 M M 1 27 150
27 48 32 40 12 25 0 0.06 0.1 3 7.8 15 250 M M 5 18 20 240
28 58 31 45 17 20 0 0.05 0.0 3 11.3 28 280 M M 6 18 38 240
================================================================================
SM 835 316 1236 0 1.65 29.7 252.0 M 160
================================================================================
AV 29.8 11.3 9.0 FASTST M M 6 MAX(MPH)
MISC ----> 29 280 41 250
================================================================================
NOTES:
# LAST OF SEVERAL OCCURRENCES
COLUMN 17 PEAK WIND IN M.P.H.
PRELIMINARY LOCAL CLIMATOLOGICAL DATA (WS FORM: F-6) , PAGE 2
STATION: FLINT MI
MONTH: FEBRUARY
YEAR: 2021
LATITUDE: 42 58 N
LONGITUDE: 83 44 W
[TEMPERATURE DATA] [PRECIPITATION DATA] SYMBOLS USED IN COLUMN 16
AVERAGE MONTHLY: 20.6 TOTAL FOR MONTH: 1.65 1 = FOG OR MIST
DPTR FM NORMAL: -4.2 DPTR FM NORMAL: 0.17 2 = FOG REDUCING VISIBILITY
HIGHEST: 58 ON 28 GRTST 24HR 0.52 ON 15-16 TO 1/4 MILE OR LESS
LOWEST: -18 ON 17 3 = THUNDER
SNOW, ICE PELLETS, HAIL 4 = ICE PELLETS
TOTAL MONTH: 29.7 INCHES 5 = HAIL
GRTST 24HR 6.7 ON 16-16 6 = FREEZING RAIN OR DRIZZLE
GRTST DEPTH: 14 ON 18,17 7 = DUSTSTORM OR SANDSTORM:
VSBY 1/2 MILE OR LESS
8 = SMOKE OR HAZE
[NO. OF DAYS WITH] [WEATHER - DAYS WITH] 9 = BLOWING SNOW
X = TORNADO
MAX 32 OR BELOW: 18 0.01 INCH OR MORE: 18
MAX 90 OR ABOVE: 0 0.10 INCH OR MORE: 6
MIN 32 OR BELOW: 27 0.50 INCH OR MORE: 0
MIN 0 OR BELOW: 5 1.00 INCH OR MORE: 0
[HDD (BASE 65) ]
TOTAL THIS MO. 1236 CLEAR (SCALE 0-3) 7
DPTR FM NORMAL 112 PTCLDY (SCALE 4-7) 11
TOTAL FM JUL 1 4590 CLOUDY (SCALE 8-10) 10
DPTR FM NORMAL -497
[CDD (BASE 65) ]
TOTAL THIS MO. 0
DPTR FM NORMAL 0 [PRESSURE DATA]
TOTAL FM JAN 1 0 HIGHEST SLP 30.49 ON 17
DPTR FM NORMAL 0 LOWEST SLP 29.23 ON 5
[REMARKS]
#FINAL-02-21#