000
CXUS52 KMLB 010716
CF6FPR
PRELIMINARY LOCAL CLIMATOLOGICAL DATA (WS FORM: F-6)
STATION: FORT PIERCE
MONTH: DECEMBER
YEAR: 2021
LATITUDE: 27 30 N
LONGITUDE: 80 22 W
TEMPERATURE IN F: :PCPN: SNOW: WIND :SUNSHINE: SKY :PK WND
================================================================================
1 2 3 4 5 6A 6B 7 8 9 10 11 12 13 14 15 16 17 18
12Z AVG MX 2MIN
DY MAX MIN AVG DEP HDD CDD WTR SNW DPTH SPD SPD DIR MIN PSBL S-S WX SPD DR
================================================================================
1 76 52 64 -4 1 0 0.00 0.0 0 2.9 10 110 M M 1 12 15 130
2 75 47 61 -7 4 0 0.00 0.0 0 2.8 10 30 M M 0 1 16 20
3 75 45 60 -7 5 0 0.00 0.0 0 3.1 10 50 M M 1 12 17 10
4 77 50 64 -3 1 0 0.00 0.0 0 2.3 10 70 M M 2 14 80
5 77 54 66 -1 0 1 0.11 0.0 0 1.6 9 10 M M 5 128 14 10
6 76 57 67 0 0 2 0.09 0.0 0 1.8 9 280 M M 9 12 13 190
7 79 55 67 0 0 2 0.00 0.0 0 2.6 10 60 M M 1 12 16 70
8 84 56 70 3 0 5 0.00 0.0 0 4.4 14 220 M M 2 12 17 230
9 82 64 73 6 0 8 0.00 0.0 0 3.0 8 70 M M 4 12 11 280
10 81 60 71 5 0 6 0.00 0.0 0 2.4 12 110 M M 4 12 15 100
11 82 59 71 5 0 6 0.00 0.0 0 5.0 15 140 M M 5 12 18 120
12 84 62 73 7 0 8 0.00 0.0 0 3.4 9 70 M M 3 12 15 90
13 81 64 73 7 0 8 0.02 0.0 0 3.5 10 20 M M 2 12 16 40
14 78 68 73 7 0 8 0.03 0.0 0 4.9 17 90 M M 8 1 25 100
15 81 63 72 6 0 7 0.00 0.0 0 9.9 22 100 M M 2 26 100
16 81 70 76 10 0 11 0.01 0.0 0 11.4 20 120 M M 2 8 23 140
17 80 61 71 5 0 6 0.00 0.0 0 7.0 15 90 M M 1 19 100
18 81 66 74 9 0 9 0.94 0.0 0 7.9 18 120 M M 4 13 22 120
19 85 66 76 11 0 11 0.00 0.0 0 5.4 17 230 M M 2 1 22 240
20 81 64 73 8 0 8 0.00 0.0 0 5.0 14 90 M M 4 12 18 80
21 79 65 72 7 0 7 0.08 0.0 0 9.0 31 220 M M 6 12 42 220
22 66 48 57 -8 8 0 0.00 0.0 0 9.0 23 290 M M 3 29 300
23 73 47 60 -4 5 0 0.00 0.0 0 5.3 9 310 M M 0 12 30
24 77 50 64 0 1 0 0.00 0.0 0 2.8 13 100 M M 1 16 100
25 81 51 66 2 0 1 0.00 0.0 0 2.7 13 200 M M 0 1 18 200
26 80 52 66 2 0 1 0.00 0.0 0 2.5 14 280 M M 0 1 17 290
27 79 52 66 2 0 1 0.00 0.0 0 1.5 9 280 M M 1 12 12 260
28 80 52 66 2 0 1 0.00 0.0 0 2.1 13 230 M M 5 12 15 230
29 83 57 70 6 0 5 0.00 0.0 0 4.2 16 220 M M 4 20 220
30 84 58 71 8 0 6 0.00 0.0 0 3.4 12 220 M M 3 12 16 180
31 85 57 71 8 0 6 0.00 0.0 0 3.5 10 100 M M 3 12 12 210
================================================================================
SM 2463 1772 25 134 1.28 0.0 136.3 M 88
================================================================================
AV 79.5 57.2 4.4 FASTST M M 3 MAX(MPH)
MISC ----> 31 220 42 220
================================================================================
NOTES:
# LAST OF SEVERAL OCCURRENCES
COLUMN 17 PEAK WIND IN M.P.H.
PRELIMINARY LOCAL CLIMATOLOGICAL DATA (WS FORM: F-6) , PAGE 2
STATION: FORT PIERCE
MONTH: DECEMBER
YEAR: 2021
LATITUDE: 27 30 N
LONGITUDE: 80 22 W
[TEMPERATURE DATA] [PRECIPITATION DATA] SYMBOLS USED IN COLUMN 16
AVERAGE MONTHLY: 68.3 TOTAL FOR MONTH: 1.28 1 = FOG OR MIST
DPTR FM NORMAL: 2.8 DPTR FM NORMAL: -1.05 2 = FOG REDUCING VISIBILITY
HIGHEST: 85 ON 31,19 GRTST 24HR 0.94 ON 18-18 TO 1/4 MILE OR LESS
LOWEST: 45 ON 3 3 = THUNDER
SNOW, ICE PELLETS, HAIL 4 = ICE PELLETS
TOTAL MONTH: 0.0 INCH 5 = HAIL
GRTST 24HR 0.0 6 = FREEZING RAIN OR DRIZZLE
GRTST DEPTH: 0 7 = DUSTSTORM OR SANDSTORM:
VSBY 1/2 MILE OR LESS
8 = SMOKE OR HAZE
[NO. OF DAYS WITH] [WEATHER - DAYS WITH] 9 = BLOWING SNOW
X = TORNADO
MAX 32 OR BELOW: 0 0.01 INCH OR MORE: 7
MAX 90 OR ABOVE: 0 0.10 INCH OR MORE: 2
MIN 32 OR BELOW: 0 0.50 INCH OR MORE: 1
MIN 0 OR BELOW: 0 1.00 INCH OR MORE: 0
[HDD (BASE 65) ]
TOTAL THIS MO. 25 CLEAR (SCALE 0-3) 19
DPTR FM NORMAL -67 PTCLDY (SCALE 4-7) 11
TOTAL FM JUL 1 52 CLOUDY (SCALE 8-10) 1
DPTR FM NORMAL -70
[CDD (BASE 65) ]
TOTAL THIS MO. 134
DPTR FM NORMAL 25 [PRESSURE DATA]
TOTAL FM JAN 1 3658 HIGHEST SLP M ON M
DPTR FM NORMAL 268 LOWEST SLP 29.62 ON 21
[REMARKS]
#FINAL-12-21#