000
CXUS54 KTSA 011320
CF6FSM
PRELIMINARY LOCAL CLIMATOLOGICAL DATA (WS FORM: F-6)
STATION: FORT SMITH ARKANSAS
MONTH: MAY
YEAR: 2022
LATITUDE: 35 19 N
LONGITUDE: 94 22 W
TEMPERATURE IN F: :PCPN: SNOW: WIND :SUNSHINE: SKY :PK WND
================================================================================
1 2 3 4 5 6A 6B 7 8 9 10 11 12 13 14 15 16 17 18
12Z AVG MX 2MIN
DY MAX MIN AVG DEP HDD CDD WTR SNW DPTH SPD SPD DIR MIN PSBL S-S WX SPD DR
================================================================================
1 80 52 66 0 0 1 0.00 0.0 0 3.0 12 300 M M 0 8 15 280
2 71 58 65 -1 0 0 2.11 0.0 0 8.4 17 50 M M 8 13 35 20
3 65 53 59 -8 6 0 1.00 0.0 0 7.4 21 270 M M 9 1 28 290
4 71 58 65 -2 0 0 T 0.0 0 12.0 20 60 M M 6 3 25 90
5 66 59 63 -4 2 0 1.38 0.0 0 8.2 25 290 M M 9 13 38 300
6 73 56 65 -3 0 0 T 0.0 0 9.6 21 280 M M 7 29 270
7 82 52 67 -1 0 2 0.00 0.0 0 6.5 14 90 M M 1 12 20 70
8 87 62 75 7 0 10 0.00 0.0 0 10.7 20 120 M M 0 29 120
9 89 68 79 11 0 14 0.00 0.0 0 9.1 23 200 M M 5 18 33 180
10 91 72 82 13 0 17 0.00 0.0 0 6.6 17 210 M M 2 26 190
11 92 69 81 12 0 16 0.00 0.0 0 4.2 12 160 M M 0 1 18 130
12 93 68 81 12 0 16 0.00 0.0 0 4.3 10 220 M M 0 1 14 160
13 91 68 80 10 0 15 0.00 0.0 0 4.6 15 170 M M 0 1 22 170
14 89 66 78 8 0 13 0.88 0.0 0 5.5 24 230 M M 3 13 33 230
15 89 67 78 8 0 13 T 0.0 0 5.8 31 90 M M 2 13 39 80
16 86 66 76 6 0 11 0.00 0.0 0 3.3 10 60 M M 3 15 50
17 82 65 74 3 0 9 0.12 0.0 0 7.0 18 80 M M 0 138 26 70
18 89 67 78 7 0 13 0.00 0.0 0 5.2 21 350 M M 0 26 350
19 89 70 80 9 0 15 T 0.0 0 7.2 22 230 M M 0 31 210
20 90 70 80 8 0 15 0.00 0.0 0 7.1 17 210 M M 3 8 27 210
21 85 61 73 1 0 8 0.01 0.0 0 9.4 22 330 M M 8 8 28 300
22 64 59 62 -10 3 0 0.00 0.0 0 8.4 16 60 M M 10 22 30
23 70 59 65 -7 0 0 0.01 0.0 0 8.2 15 80 M M 8 13 20 70
24 71 63 67 -6 0 2 0.95 0.0 0 8.7 15 260 M M 10 13 21 80
25 73 58 66 -7 0 1 0.13 0.0 0 9.4 24 270 M M 9 1 32 280
26 67 54 61 -12 4 0 0.05 0.0 0 13.4 24 290 M M 8 1 34 260
27 84 52 68 -6 0 3 0.00 0.0 0 6.8 15 320 M M 0 21 310
28 88 58 73 -1 0 8 0.00 0.0 0 7.8 17 160 M M 0 30 180
29 92 66 79 5 0 14 0.00 0.0 0 10.1 18 150 M M 0 27 140
30 89 69 79 4 0 14 0.00 0.0 0 9.4 25 210 M M 4 35 210
31 91 73 82 7 0 17 0.00 0.0 0 7.2 18 190 M M 3 27 190
================================================================================
SM 2539 1938 15 247 6.64 0.0 234.5 M 118
================================================================================
AV 81.9 62.5 7.6 FASTST M M 4 MAX(MPH)
MISC ----> 31 90 39 80
================================================================================
NOTES:
# LAST OF SEVERAL OCCURRENCES
COLUMN 17 PEAK WIND IN M.P.H.
PRELIMINARY LOCAL CLIMATOLOGICAL DATA (WS FORM: F-6) , PAGE 2
STATION: FORT SMITH ARKANSAS
MONTH: MAY
YEAR: 2022
LATITUDE: 35 19 N
LONGITUDE: 94 22 W
[TEMPERATURE DATA] [PRECIPITATION DATA] SYMBOLS USED IN COLUMN 16
AVERAGE MONTHLY: 72.2 TOTAL FOR MONTH: 6.64 1 = FOG OR MIST
DPTR FM NORMAL: 1.8 DPTR FM NORMAL: 1.01 2 = FOG REDUCING VISIBILITY
HIGHEST: 93 ON 12 GRTST 24HR 2.11 ON 2- 2 TO 1/4 MILE OR LESS
LOWEST: 52 ON 27, 7 3 = THUNDER
SNOW, ICE PELLETS, HAIL 4 = ICE PELLETS
TOTAL MONTH: 0.0 INCH 5 = HAIL
GRTST 24HR 0.0 6 = FREEZING RAIN OR DRIZZLE
GRTST DEPTH: 0 7 = DUSTSTORM OR SANDSTORM:
VSBY 1/2 MILE OR LESS
8 = SMOKE OR HAZE
[NO. OF DAYS WITH] [WEATHER - DAYS WITH] 9 = BLOWING SNOW
X = TORNADO
MAX 32 OR BELOW: 0 0.01 INCH OR MORE: 10
MAX 90 OR ABOVE: 7 0.10 INCH OR MORE: 7
MIN 32 OR BELOW: 0 0.50 INCH OR MORE: 5
MIN 0 OR BELOW: 0 1.00 INCH OR MORE: 3
[HDD (BASE 65) ]
TOTAL THIS MO. 15 CLEAR (SCALE 0-3) 17
DPTR FM NORMAL -13 PTCLDY (SCALE 4-7) 8
TOTAL FM JUL 1 2767 CLOUDY (SCALE 8-10) 6
DPTR FM NORMAL -328
[CDD (BASE 65) ]
TOTAL THIS MO. 247
DPTR FM NORMAL 51 [PRESSURE DATA]
TOTAL FM JAN 1 307 HIGHEST SLP 30.29 ON 22
DPTR FM NORMAL 39 LOWEST SLP 29.50 ON 20
[REMARKS]
#FINAL-05-22#