000
CXUS56 KSGX 011045
CF6FUL
PRELIMINARY LOCAL CLIMATOLOGICAL DATA (WS FORM: F-6)
STATION: FULLERTON AIRPORT CA
MONTH: MAY
YEAR: 2021
LATITUDE: 33 52 N
LONGITUDE: 117 58 W
TEMPERATURE IN F: :PCPN: SNOW: WIND :SUNSHINE: SKY :PK WND
================================================================================
1 2 3 4 5 6A 6B 7 8 9 10 11 12 13 14 15 16 17 18
12Z AVG MX 2MIN
DY MAX MIN AVG DEP HDD CDD WTR SNW DPTH SPD SPD DIR MIN PSBL S-S WX SPD DR
================================================================================
1 75 60 68 2 0 3 0.00 M M 6.3 13 190 M M 6 18 170
2 71 60 66 0 0 1 0.00 M M 5.9 14 190 M M 7 19 200
3 82 61 72 6 0 7 0.00 M M 4.0 13 290 M M 3 18 220
4 82 61 72 6 0 7 0.00 M M 3.6 10 190 M M 3 14 200
5 83 62 73 7 0 8 0.00 M M 3.9 12 180 M M 5 18 15 190
6 75 62 69 3 0 4 0.00 M M 4.3 14 190 M M 6 20 190
7 75 62 69 3 0 4 0.00 M M 5.2 13 180 M M 7 17 190
8 75 61 68 2 0 3 0.00 M M 5.1 13 190 M M 5 16 230
9 73 60 67 1 0 2 0.00 M M 5.4 12 180 M M 7 15 210
10 72 60 66 0 0 1 0.00 M M 5.2 12 220 M M 8 14 220
11 78 60 69 3 0 4 0.00 M M 3.7 13 190 M M 7 17 180
12 79 62 71 4 0 6 0.00 M M 3.3 13 210 M M 6 17 210
13 74 61 68 1 0 3 0.00 M M 3.0 12 210 M M 7 8 15 230
14 77 62 70 3 0 5 0.00 M M 4.3 12 160 M M 6 19 190
15 73 61 67 0 0 2 0.00 M M 5.7 13 190 M M 9 18 180
16 67 57 62 -5 3 0 0.08 M M 5.4 13 190 M M 10 1 17 190
17 69 60 65 -2 0 0 0.01 M M 3.6 10 210 M M 10 1 14 210
18 76 61 69 2 0 4 0.00 M M 3.4 15 200 M M 5 21 210
19 76 60 68 1 0 3 0.00 M M 4.9 14 200 M M 5 17 210
20 74 60 67 0 0 2 0.00 M M 5.7 14 190 M M 8 19 200
21 76 57 67 0 0 2 0.00 M M 7.5 18 190 M M 3 27 200
22 71 54 63 -4 2 0 0.00 M M 4.8 14 210 M M 2 8 19 200
23 78 53 66 -1 0 1 0.00 M M 4.1 13 150 M M 0 8 19 190
24 93 55 74 6 0 9 0.00 M M 3.5 12 290 M M 0 18 290
25 85 60 73 5 0 8 0.00 M M 3.9 13 220 M M 2 16 200
26 77 62 70 2 0 5 0.00 M M 5.8 13 210 M M 2 18 180
27 75 61 68 0 0 3 0.00 M M 4.9 13 190 M M 4 17 190
28 76 61 69 1 0 4 0.00 M M 5.2 13 200 M M 3 17 190
29 73 61 67 -1 0 2 0.00 M M 4.4 10 180 M M 8 18 200
30 74 62 68 0 0 3 0.00 M M 4.7 13 180 M M 7 17 190
31 77 62 70 2 0 5 0.00 M M 3.6 13 190 M M 6 16 200
================================================================================
SM 2361 1861 5 111 0.09 M 144.3 M 167
================================================================================
AV 76.2 60.0 4.7 FASTST M M 5 MAX(MPH)
MISC ----> 18 190 27 200
================================================================================
NOTES:
# LAST OF SEVERAL OCCURRENCES
COLUMN 17 PEAK WIND IN M.P.H.
PRELIMINARY LOCAL CLIMATOLOGICAL DATA (WS FORM: F-6) , PAGE 2
STATION: FULLERTON AIRPORT CA
MONTH: MAY
YEAR: 2021
LATITUDE: 33 52 N
LONGITUDE: 117 58 W
[TEMPERATURE DATA] [PRECIPITATION DATA] SYMBOLS USED IN COLUMN 16
AVERAGE MONTHLY: 68.1 TOTAL FOR MONTH: 0.09 1 = FOG OR MIST
DPTR FM NORMAL: 1.2 DPTR FM NORMAL: -0.21 2 = FOG REDUCING VISIBILITY
HIGHEST: 93 ON 24 GRTST 24HR 0.08 ON 16-16 TO 1/4 MILE OR LESS
LOWEST: 53 ON 23 3 = THUNDER
SNOW, ICE PELLETS, HAIL 4 = ICE PELLETS
TOTAL MONTH: M 5 = HAIL
GRTST 24HR M ON M 6 = FREEZING RAIN OR DRIZZLE
GRTST DEPTH: M ON M 7 = DUSTSTORM OR SANDSTORM:
VSBY 1/2 MILE OR LESS
8 = SMOKE OR HAZE
[NO. OF DAYS WITH] [WEATHER - DAYS WITH] 9 = BLOWING SNOW
X = TORNADO
MAX 32 OR BELOW: 0 0.01 INCH OR MORE: 2
MAX 90 OR ABOVE: 1 0.10 INCH OR MORE: 0
MIN 32 OR BELOW: 0 0.50 INCH OR MORE: 0
MIN 0 OR BELOW: 0 1.00 INCH OR MORE: 0
[HDD (BASE 65) ]
TOTAL THIS MO. 5 CLEAR (SCALE 0-3) 7
DPTR FM NORMAL -22 PTCLDY (SCALE 4-7) 21
TOTAL FM JUL 1 815 CLOUDY (SCALE 8-10) 3
DPTR FM NORMAL -232
[CDD (BASE 65) ]
TOTAL THIS MO. 111
DPTR FM NORMAL 25 [PRESSURE DATA]
TOTAL FM JAN 1 207 HIGHEST SLP 30.11 ON 23
DPTR FM NORMAL 36 LOWEST SLP 29.79 ON 2
[REMARKS]
#FINAL-05-21#