000
CXUS54 KTSA 011204
CF6FYV
PRELIMINARY LOCAL CLIMATOLOGICAL DATA (WS FORM: F-6)
STATION: FAYETTEVILLE ARKANSAS
MONTH: FEBRUARY
YEAR: 2022
LATITUDE: 36 0 N
LONGITUDE: 94 10 W
TEMPERATURE IN F: :PCPN: SNOW: WIND :SUNSHINE: SKY :PK WND
================================================================================
1 2 3 4 5 6A 6B 7 8 9 10 11 12 13 14 15 16 17 18
12Z AVG MX 2MIN
DY MAX MIN AVG DEP HDD CDD WTR SNW DPTH SPD SPD DIR MIN PSBL S-S WX SPD DR
================================================================================
1 65 50 58 20 7 0 0.02 0.0 0 7.4 21 190 M M 7 1 28 170
2 57 23 40 2 25 0 0.18 T 0 8.3 17 50 M M 10 16 29 20
3 23 16 20 -18 45 0 0.50 7.8 4 8.3 14 40 M M 10 18 25 20
4 31 9 20 -18 45 0 0.10 1.6 8 4.7 12 320 M M 4 1 15 320
5 41 4 23 -15 42 0 0.00 0.0 3 4.4 16 180 M M 0 1 21 170
6 49 18 34 -4 31 0 0.00 0.0 0 4.2 16 200 M M 0 23 180
7 49 19 34 -5 31 0 0.00 0.0 0 2.1 10 320 M M 0 15 330
8 62 31 47 8 18 0 0.00 0.0 0 9.7 21 200 M M 0 32 200
9 63 26 45 6 20 0 0.00 0.0 0 6.9 21 310 M M 0 28 300
10 60 24 42 3 23 0 0.00 0.0 0 3.3 13 280 M M 0 18 250
11 70 32 51 12 14 0 0.00 0.0 0 9.6 20 310 M M 2 31 230
12 45 19 32 -8 33 0 0.00 0.0 0 8.1 18 350 M M 1 30 350
13 49 17 33 -7 32 0 0.00 0.0 0 6.8 17 300 M M 2 28 250
14 69 24 47 7 18 0 0.00 0.0 0 6.9 21 260 M M 0 30 230
15 67 27 47 7 18 0 0.00 0.0 0 12.2 28 170 M M 0 37 160
16 67 57 62 22 3 0 1.13 0.0 0 15.2 31 190 M M 8 13 43 180
17 63 21 42 1 23 0 0.84 0.0 0 10.9 25 330 M M 10 13 35 340
18 47 14 31 -10 34 0 0.00 0.0 0 3.6 14 240 M M 0 19 240
19 63 24 44 3 21 0 0.00 0.0 0 3.7 13 190 M M 0 15 200
20 68 33 51 9 14 0 0.00 0.0 0 12.3 29 190 M M 0 37 200
21 73 50 62 20 3 0 0.12 0.0 0 15.6 26 180 M M 3 13 36 180
22 65 21 43 1 22 0 0.73 0.0 0 10.6 24 300 M M 10 138 31 310
23 24 19 22 -20 43 0 0.39 0.6 0 6.9 14 350 M M 10 1268 24 360
24 30 21 26 -16 39 0 0.46 0.6 1 6.5 16 320 M M 10 136 22 340
25 32 15 24 -19 41 0 T T 1 5.7 16 330 M M 2 18 23 320
26 44 25 35 -8 30 0 0.00 0.0 1 2.1 8 60 M M 5 10 50
27 52 20 36 -7 29 0 0.00 0.0 0 3.2 12 330 M M 0 18 17 330
28 65 22 44 0 21 0 0.00 0.0 0 5.6 16 210 M M 0 23 210
================================================================================
SM 1493 681 725 0 4.47 10.6 204.8 M 94
================================================================================
AV 53.3 24.3 7.3 FASTST M M 3 MAX(MPH)
MISC ----> 31 190 43 180
================================================================================
NOTES:
# LAST OF SEVERAL OCCURRENCES
COLUMN 17 PEAK WIND IN M.P.H.
PRELIMINARY LOCAL CLIMATOLOGICAL DATA (WS FORM: F-6) , PAGE 2
STATION: FAYETTEVILLE ARKANSAS
MONTH: FEBRUARY
YEAR: 2022
LATITUDE: 36 0 N
LONGITUDE: 94 10 W
[TEMPERATURE DATA] [PRECIPITATION DATA] SYMBOLS USED IN COLUMN 16
AVERAGE MONTHLY: 38.8 TOTAL FOR MONTH: 4.47 1 = FOG OR MIST
DPTR FM NORMAL: -1.6 DPTR FM NORMAL: 1.91 2 = FOG REDUCING VISIBILITY
HIGHEST: 73 ON 21 GRTST 24HR 1.97 ON 16-17 TO 1/4 MILE OR LESS
LOWEST: 4 ON 5 3 = THUNDER
SNOW, ICE PELLETS, HAIL 4 = ICE PELLETS
TOTAL MONTH: 10.6 INCHES 5 = HAIL
GRTST 24HR 7.8 ON 3- 3 6 = FREEZING RAIN OR DRIZZLE
GRTST DEPTH: 8 ON 4 7 = DUSTSTORM OR SANDSTORM:
VSBY 1/2 MILE OR LESS
8 = SMOKE OR HAZE
[NO. OF DAYS WITH] [WEATHER - DAYS WITH] 9 = BLOWING SNOW
X = TORNADO
MAX 32 OR BELOW: 5 0.01 INCH OR MORE: 10
MAX 90 OR ABOVE: 0 0.10 INCH OR MORE: 9
MIN 32 OR BELOW: 24 0.50 INCH OR MORE: 4
MIN 0 OR BELOW: 0 1.00 INCH OR MORE: 1
[HDD (BASE 65) ]
TOTAL THIS MO. 725 CLEAR (SCALE 0-3) 18
DPTR FM NORMAL 34 PTCLDY (SCALE 4-7) 4
TOTAL FM JUL 1 2720 CLOUDY (SCALE 8-10) 6
DPTR FM NORMAL -487
[CDD (BASE 65) ]
TOTAL THIS MO. 0
DPTR FM NORMAL -1 [PRESSURE DATA]
TOTAL FM JAN 1 0 HIGHEST SLP 30.61 ON 25
DPTR FM NORMAL 0 LOWEST SLP 29.64 ON 17
[REMARKS]
#FINAL-02-22#