822
CXUS54 KTSA 011209
CF6FYV
PRELIMINARY LOCAL CLIMATOLOGICAL DATA (WS FORM: F-6)
STATION: FAYETTEVILLE ARKANSAS
MONTH: DECEMBER
YEAR: 2020
LATITUDE: 36 0 N
LONGITUDE: 94 10 W
TEMPERATURE IN F: :PCPN: SNOW: WIND :SUNSHINE: SKY :PK WND
================================================================================
1 2 3 4 5 6A 6B 7 8 9 10 11 12 13 14 15 16 17 18
12Z AVG MX 2MIN
DY MAX MIN AVG DEP HDD CDD WTR SNW DPTH SPD SPD DIR MIN PSBL S-S WX SPD DR
================================================================================
1 55 17 36 -5 29 0 0.00 0.0 0 4.7 20 200 M M 0 26 200
2 46 28 37 -4 28 0 0.63 0.0 0 4.7 16 90 M M 7 1 26 100
3 43 38 41 1 24 0 T 0.0 0 4.6 14 130 M M 10 1 20 110
4 50 30 40 0 25 0 0.00 0.0 0 5.4 14 260 M M 4 1 19 250
5 60 25 43 3 22 0 0.00 0.0 0 2.6 12 290 M M 0 15 250
6 51 25 38 -1 27 0 0.00 0.0 0 2.4 10 290 M M 0 1 15 310
7 54 24 39 0 26 0 0.00 0.0 0 3.0 14 280 M M 0 1 20 260
8 61 25 43 4 22 0 0.00 0.0 0 2.1 10 300 M M 0 14 300
9 73 30 52 14 13 0 0.00 0.0 0 3.4 13 240 M M 0 17 220
10 75 28 52 14 13 0 0.00 0.0 0 4.2 18 190 M M 0 26 200
11 59 37 48 10 17 0 0.28 0.0 0 10.2 18 190 M M 7 1 27 180
12 40 35 38 0 27 0 0.00 0.0 0 6.8 14 260 M M 9 22 270
13 37 32 35 -3 30 0 0.64 2.8 0 5.2 18 340 M M 10 1 25 330
14 38 23 31 -6 34 0 0.00 0.0 2 4.2 12 340 M M 4 1 18 350
15 33 21 27 -10 38 0 0.00 0.0 1 3.2 12 70 M M 6 16 60
16 34 27 31 -6 34 0 0.00 0.0 T 6.3 15 310 M M 10 1 21 320
17 51 21 36 -1 29 0 0.00 0.0 0 4.2 12 220 M M 1 1 17 230
18 53 25 39 2 26 0 0.00 0.0 0 9.0 26 170 M M 2 41 220
19 55 27 41 5 24 0 0.00 0.0 0 5.5 15 200 M M 5 1 20 200
20 54 23 39 3 26 0 0.00 0.0 0 4.3 16 270 M M 0 1 22 260
21 64 29 47 11 18 0 0.00 0.0 0 4.5 14 270 M M 0 21 290
22 63 26 45 9 20 0 0.00 0.0 0 8.9 26 170 M M 0 37 170
23 62 26 44 8 21 0 T 0.0 0 17.3 32 300 M M 6 43 300
24 36 21 29 -7 36 0 0.00 0.0 0 11.1 22 300 M M 3 36 290
25 41 13 27 -9 38 0 0.00 0.0 0 4.8 16 330 M M 0 20 340
26 65 33 49 13 16 0 0.00 0.0 0 9.4 13 190 M M 0 22 230
27 63 39 51 15 14 0 0.00 0.0 0 13.3 30 210 M M 0 45 190
28 52 27 40 4 25 0 0.00 0.0 0 4.1 12 60 M M 0 17 60
29 53 37 45 9 20 0 0.09 0.0 0 13.6 28 180 M M 8 1 37 170
30 53 33 43 7 22 0 0.62 0.0 0 7.0 22 180 M M 9 1 32 180
31 38 30 34 -2 31 0 0.63 0.0 0 9.0 22 60 M M 4 1 34 50
================================================================================
SM 1612 855 775 0 2.89 2.8 199.0 M 105
================================================================================
AV 52.0 27.6 6.4 FASTST M M 3 MAX(MPH)
MISC ----> 32 300 45 190
================================================================================
NOTES:
# LAST OF SEVERAL OCCURRENCES
COLUMN 17 PEAK WIND IN M.P.H.
PRELIMINARY LOCAL CLIMATOLOGICAL DATA (WS FORM: F-6) , PAGE 2
STATION: FAYETTEVILLE ARKANSAS
MONTH: DECEMBER
YEAR: 2020
LATITUDE: 36 0 N
LONGITUDE: 94 10 W
[TEMPERATURE DATA] [PRECIPITATION DATA] SYMBOLS USED IN COLUMN 16
AVERAGE MONTHLY: 39.8 TOTAL FOR MONTH: 2.89 1 = FOG OR MIST
DPTR FM NORMAL: 2.3 DPTR FM NORMAL: -0.35 2 = FOG REDUCING VISIBILITY
HIGHEST: 75 ON 10 GRTST 24HR 0.64 ON 13-13 TO 1/4 MILE OR LESS
LOWEST: 13 ON 25 3 = THUNDER
SNOW, ICE PELLETS, HAIL 4 = ICE PELLETS
TOTAL MONTH: 2.8 INCHES 5 = HAIL
GRTST 24HR 2.8 ON 13-13 6 = FREEZING RAIN OR DRIZZLE
GRTST DEPTH: 2 ON 14 7 = DUSTSTORM OR SANDSTORM:
VSBY 1/2 MILE OR LESS
8 = SMOKE OR HAZE
[NO. OF DAYS WITH] [WEATHER - DAYS WITH] 9 = BLOWING SNOW
X = TORNADO
MAX 32 OR BELOW: 0 0.01 INCH OR MORE: 6
MAX 90 OR ABOVE: 0 0.10 INCH OR MORE: 5
MIN 32 OR BELOW: 24 0.50 INCH OR MORE: 4
MIN 0 OR BELOW: 0 1.00 INCH OR MORE: 0
[HDD (BASE 65) ]
TOTAL THIS MO. 775 CLEAR (SCALE 0-3) 17
DPTR FM NORMAL -79 PTCLDY (SCALE 4-7) 9
TOTAL FM JUL 1 1485 CLOUDY (SCALE 8-10) 5
DPTR FM NORMAL -197
[CDD (BASE 65) ]
TOTAL THIS MO. 0
DPTR FM NORMAL 0 [PRESSURE DATA]
TOTAL FM JAN 1 1461 HIGHEST SLP 30.39 ON 28
DPTR FM NORMAL 153 LOWEST SLP 29.68 ON 23
[REMARKS]
#FINAL-12-20#