000
CXUS54 KTSA 011200
CLMFYV
CLIMATE REPORT
NATIONAL WEATHER SERVICE TULSA OK
600 AM CST THU FEB 01 2024
...................................
...THE FAYETTEVILLE ARKANSAS CLIMATE SUMMARY FOR THE MONTH OF JANUARY 2024...
CLIMATE NORMAL PERIOD 1991 TO 2020
CLIMATE RECORD PERIOD 1905 TO 2024
WEATHER OBSERVED NORMAL DEPART LAST YEAR`S
VALUE DATE(S) VALUE FROM VALUE DATE(S)
NORMAL
................................................................
TEMPERATURE (F)
RECORD
HIGH 77 01/25/1950
LOW -15 01/09/1970
HIGHEST 69 01/31 44 25 76 01/02
LOWEST -10 01/16 24 -34 19 01/14
AVG. MAXIMUM 44.7 47.7 -3.0 53.5
AVG. MINIMUM 22.4 25.1 -2.7 29.9
MEAN 33.6 36.4 -2.8 41.7
DAYS MAX >= 90 0 0.0 0.0 0
DAYS MAX <= 32 6 3.1 2.9 2
DAYS MIN <= 32 24 23.4 0.6 20
DAYS MIN <= 0 4 0.3 3.7 0
PRECIPITATION (INCHES)
RECORD
MAXIMUM 9.17 1998
MINIMUM 0.10 1986
TOTALS 2.97 2.75 0.22 3.40
DAILY AVG. 0.10 0.09 0.01 0.11
DAYS >= .01 11 8.3 2.7 9
DAYS >= .10 7 4.4 2.6 7
DAYS >= .50 2 1.8 0.2 3
DAYS >= 1.00 0 0.7 -0.7 1
GREATEST
24 HR. TOTAL 1.04 01/08 TO 01/08
SNOWFALL (INCHES)
RECORDS
TOTAL 14.0 1977
TOTALS 6.2 1.5 4.7 9.0
SINCE 7/1 6.2 2.8 3.4 MM
SNOWDEPTH AVG. 0 0
DAYS >= TRACE 6 0.9 5.1 4
DAYS >= 1.0 2 0.4 1.6 1
GREATEST
SNOW DEPTH 3 01/15 8 01/25
24 HR TOTAL 3.2 01/14
DEGREE DAYS
HEATING TOTAL 966 887 79 712
SINCE 7/1 2241 2519 -278 MM
COOLING TOTAL 0 0 0 0
SINCE 1/1 0 0 0 MM
................................................................
WIND (MPH)
AVERAGE WIND SPEED 5.6
HIGHEST WIND SPEED/DIRECTION 32/150 DATE 01/08
HIGHEST GUST SPEED/DIRECTION 56/150 DATE 01/08
SKY COVER
POSSIBLE SUNSHINE (PERCENT) MM
AVERAGE SKY COVER 0.44
NUMBER OF DAYS FAIR 14
NUMBER OF DAYS PC 7
NUMBER OF DAYS CLOUDY 10
AVERAGE RH (PERCENT) 68
WEATHER CONDITIONS. NUMBER OF DAYS WITH
THUNDERSTORM 2 MIXED PRECIP 0
HEAVY RAIN 4 RAIN 4
LIGHT RAIN 11 FREEZING RAIN 0
LT FREEZING RAIN 0 HAIL 0
HEAVY SNOW 1 SNOW 2
LIGHT SNOW 5 SLEET 0
FOG 16 FOG W/VIS <= 1/4 MILE 3
HAZE 7
- INDICATES NEGATIVE NUMBERS.
R INDICATES RECORD WAS SET OR TIED.
MM INDICATES DATA IS MISSING.
T INDICATES TRACE AMOUNT.
$$