000
CXUS54 KOUN 010810
CF6GAG
PRELIMINARY LOCAL CLIMATOLOGICAL DATA (WS FORM: F-6)
STATION: GAGE
MONTH: APRIL
YEAR: 2021
LATITUDE: 36 17 N
LONGITUDE: 99 46 W
TEMPERATURE IN F: :PCPN: SNOW: WIND :SUNSHINE: SKY :PK WND
================================================================================
1 2 3 4 5 6A 6B 7 8 9 10 11 12 13 14 15 16 17 18
12Z AVG MX 2MIN
DY MAX MIN AVG DEP HDD CDD WTR SNW DPTH SPD SPD DIR MIN PSBL S-S WX SPD DR
================================================================================
1 70 30 50 -2 15 0 0.00 M M 12.4 25 190 M M 0 33 200
2 71 45 58 6 7 0 0.00 M M 23.5 35 190 M M 0 44 180
3 80 47 64 11 1 0 0.00 M M 16.9 24 200 M M 0 33 190
4 81 48 65 12 0 0 0.00 M M 15.1 24 170 M M 0 32 170
5 81 56 69 16 0 4 0.00 M M 24.3 33 190 M M 0 44 170
6 87 50 69 15 0 4 0.00 M M 24.2 39 330 M M 0 52 330
7 63 39 51 -3 14 0 0.00 M M 17.5 33 310 M M 4 43 320
8 83 36 60 6 5 0 0.00 M M 10.9 28 240 M M 0 34 240
9 79 41 60 5 5 0 0.00 M M 14.1 39 350 M M 0 8 47 330
10 69 34 52 -3 13 0 0.00 M M 10.3 22 320 M M 0 26 310
11 82 40 61 6 4 0 0.00 M M 10.8 24 200 M M 0 29 200
12 60 38 49 -7 16 0 0.00 M M 13.2 22 40 M M 0 29 50
13 65 30 48 -8 17 0 0.00 M M 8.8 21 40 M M 1 25 60
14 62 30 46 -10 19 0 0.00 M M 9.5 21 60 M M 6 27 70
15 50 43 47 -9 18 0 T M M 10.1 16 70 M M 10 1 20 60
16 47 37 42 -15 23 0 0.12 M M 10.0 21 350 M M 9 1 27 350
17 53 35 44 -13 21 0 0.00 M M 11.5 20 350 M M 7 27 20
18 66 29 48 -10 17 0 0.00 M M 9.4 23 340 M M 1 8 29 350
19 77 33 55 -3 10 0 0.00 M M 11.1 29 40 M M 1 36 20
20 51 27 39 -19 26 0 0.00 M M 15.2 30 20 M M 5 39 10
21 59 26 43 -15 22 0 0.00 M M 5.8 14 90 M M 1 19 100
22 58 41 50 -9 15 0 0.00 M M 18.6 31 180 M M 7 1 38 180
23 58 46 52 -7 13 0 0.03 M M 9.4 21 20 M M 10 1 25 10
24 72 41 57 -3 8 0 0.00 M M 9.9 18 150 M M 2 1 23 160
25 90 51 71 11 0 6 0.00 M M 24.5 38 190 M M 1 47 200
26 86 63 75 15 0 10 0.00 0.0 M 24.4 32 170 M M 0 41 180
27 85 55 70 10 0 5 0.00 M M 10.8 23 180 M M 1 27 200
28 73 54 64 3 1 0 0.00 0.0 M 12.4 26 330 M M 4 18 33 320
29 80 45 63 2 2 0 0.00 M M 13.5 28 40 M M 1 36 50
30 82 39 61 -1 4 0 0.00 M M 6.9 17 150 M M 0 21 160
================================================================================
SM 2120 1229 296 29 0.15 0.0 415.0 M 71
================================================================================
AV 70.7 41.0 13.8 FASTST M M 2 MAX(MPH)
MISC ----> # 39 330 52 330
================================================================================
NOTES:
# LAST OF SEVERAL OCCURRENCES
COLUMN 17 PEAK WIND IN M.P.H.
PRELIMINARY LOCAL CLIMATOLOGICAL DATA (WS FORM: F-6) , PAGE 2
STATION: GAGE
MONTH: APRIL
YEAR: 2021
LATITUDE: 36 17 N
LONGITUDE: 99 46 W
[TEMPERATURE DATA] [PRECIPITATION DATA] SYMBOLS USED IN COLUMN 16
AVERAGE MONTHLY: 55.8 TOTAL FOR MONTH: 0.15 1 = FOG OR MIST
DPTR FM NORMAL: -1.0 DPTR FM NORMAL: -1.59 2 = FOG REDUCING VISIBILITY
HIGHEST: 90 ON 25 GRTST 24HR 0.12 ON 16-16 TO 1/4 MILE OR LESS
LOWEST: 26 ON 21 3 = THUNDER
SNOW, ICE PELLETS, HAIL 4 = ICE PELLETS
TOTAL MONTH: 0.0 INCH 5 = HAIL
GRTST 24HR 0.0 6 = FREEZING RAIN OR DRIZZLE
GRTST DEPTH: M ON M 7 = DUSTSTORM OR SANDSTORM:
VSBY 1/2 MILE OR LESS
8 = SMOKE OR HAZE
[NO. OF DAYS WITH] [WEATHER - DAYS WITH] 9 = BLOWING SNOW
X = TORNADO
MAX 32 OR BELOW: 0 0.01 INCH OR MORE: 2
MAX 90 OR ABOVE: 1 0.10 INCH OR MORE: 1
MIN 32 OR BELOW: 6 0.50 INCH OR MORE: 0
MIN 0 OR BELOW: 0 1.00 INCH OR MORE: 0
[HDD (BASE 65) ]
TOTAL THIS MO. 296 CLEAR (SCALE 0-3) 21
DPTR FM NORMAL 17 PTCLDY (SCALE 4-7) 6
TOTAL FM JUL 1 4194 CLOUDY (SCALE 8-10) 3
DPTR FM NORMAL -109
[CDD (BASE 65) ]
TOTAL THIS MO. 29
DPTR FM NORMAL -2 [PRESSURE DATA]
TOTAL FM JAN 1 33 HIGHEST SLP M ON M
DPTR FM NORMAL -3 LOWEST SLP 29.38 ON 6
[REMARKS]
#FINAL-04-21#