000
CXUS53 KUNR 011030
CF6GCC
PRELIMINARY LOCAL CLIMATOLOGICAL DATA (WS FORM: F-6)
STATION: GILLETTE AIRPORT WY
MONTH: JANUARY
YEAR: 2024
LATITUDE: 44 20 N
LONGITUDE: 105 32 W
TEMPERATURE IN F: :PCPN: SNOW: WIND :SUNSHINE: SKY :PK WND
================================================================================
1 2 3 4 5 6A 6B 7 8 9 10 11 12 13 14 15 16 17 18
12Z AVG MX 2MIN
DY MAX MIN AVG DEP HDD CDD WTR SNW DPTH SPD SPD DIR MIN PSBL S-S WX SPD DR
================================================================================
1 47 14 31 6 34 0 0.00 M M 6.2 16 350 M M 0 20 350
2 46 12 29 4 36 0 0.00 M M 3.4 9 260 M M 0 10 270
3 43 9 26 1 39 0 0.00 M M 7.3 17 170 M M 0 22 150
4 38 10 24 -1 41 0 0.00 M M 6.2 18 170 M M 1 22 180
5 39 17 28 3 37 0 T M M 13.4 25 330 M M 8 1 34 320
6 37 14 26 1 39 0 0.00 M M 11.2 20 230 M M 0 27 230
7 35 16 26 1 39 0 0.11 M M 11.5 23 330 M M 7 1 32 330
8 21 6 14 -11 51 0 0.02 M M 9.5 18 330 M M 5 1 23 320
9 33 6 20 -6 45 0 0.02 M M 17.5 31 220 M M 4 1 39 230
10 35 6 21 -5 44 0 0.04 M M 9.2 20 360 M M 7 1 26 10
11 6 -5 1 -25 64 0 0.01 M M 6.7 14 340 M M 6 18 17 10
12 -1 -28 -14 -40 79 0 0.04 M M 12.5 18 350 M M 10 18 23 340
13 -14 -40 -27 -53 92 0 0.00 M M 8.3 20 320 M M 2 8 25 320
14 -1 -37 -19 -45 84 0 0.01 M M 5.3 14 360 M M 5 8 17 10
15 -6 -25 -15 -41 80 0 0.02 M M 11.1 20 350 M M 3 8 26 350
16 24 -14 5 -20 60 0 0.00 M M 8.8 17 240 M M 3 22 290
17 29 4 17 -8 48 0 0.00 M M 3.0 12 330 M M 5 13 320
18 20 -13 4 -21 61 0 0.01 M M 14.6 36 330 M M 6 18 46 330
19 15 -14 1 -24 64 0 0.00 M M 5.9 29 170 M M 2 33 170
20 42 9 26 1 39 0 0.00 M M 16.6 35 170 M M 1 8 44 180
21 48 26 37 12 28 0 0.00 M M 7.4 26 230 M M 3 35 230
22 49 21 35 10 30 0 0.00 M M 5.1 15 160 M M 1 19 170
23 50 25 38 13 27 0 0.00 M M 10.0 22 190 M M 0 28 180
24 49 22 36 11 29 0 0.00 M M 3.5 12 260 M M 8 13 270
25 49 18 34 9 31 0 0.00 M M 3.4 13 360 M M 1 16 350
26 45 22 34 9 31 0 0.00 M M 6.0 16 330 M M 1 20 320
27 50 17 34 9 31 0 0.00 M M 6.5 14 240 M M 0 17 220
28 59 31 45 20 20 0 0.00 M M 6.3 13 240 M M 1 18 290
29 57 34 46 21 19 0 0.00 M M 9.2 15 310 M M 2 21 320
30 63 33 48 23 17 0 0.00 M M 8.8 18 220 M M 0 24 220
31 63 23 43 18 22 0 0.00 M M 4.4 16 230 M M 0 20 210
================================================================================
SM 1070 219 1361 0 0.28 M 258.8 M 92
================================================================================
AV 34.5 7.1 8.3 FASTST M M 3 MAX(MPH)
MISC ----> 36 330 46 330
================================================================================
NOTES:
# LAST OF SEVERAL OCCURRENCES
COLUMN 17 PEAK WIND IN M.P.H.
PRELIMINARY LOCAL CLIMATOLOGICAL DATA (WS FORM: F-6) , PAGE 2
STATION: GILLETTE AIRPORT WY
MONTH: JANUARY
YEAR: 2024
LATITUDE: 44 20 N
LONGITUDE: 105 32 W
[TEMPERATURE DATA] [PRECIPITATION DATA] SYMBOLS USED IN COLUMN 16
AVERAGE MONTHLY: 20.8 TOTAL FOR MONTH: 0.28 1 = FOG OR MIST
DPTR FM NORMAL: -4.4 DPTR FM NORMAL: -0.05 2 = FOG REDUCING VISIBILITY
HIGHEST: 63 ON 31,30 GRTST 24HR 0.11 ON 7- 7 TO 1/4 MILE OR LESS
LOWEST: -40 ON 13 3 = THUNDER
SNOW, ICE PELLETS, HAIL 4 = ICE PELLETS
TOTAL MONTH: M 5 = HAIL
GRTST 24HR M ON M 6 = FREEZING RAIN OR DRIZZLE
GRTST DEPTH: M ON M 7 = DUSTSTORM OR SANDSTORM:
VSBY 1/2 MILE OR LESS
8 = SMOKE OR HAZE
[NO. OF DAYS WITH] [WEATHER - DAYS WITH] 9 = BLOWING SNOW
X = TORNADO
MAX 32 OR BELOW: 10 0.01 INCH OR MORE: 9
MAX 90 OR ABOVE: 0 0.10 INCH OR MORE: 1
MIN 32 OR BELOW: 29 0.50 INCH OR MORE: 0
MIN 0 OR BELOW: 8 1.00 INCH OR MORE: 0
[HDD (BASE 65) ]
TOTAL THIS MO. 1361 CLEAR (SCALE 0-3) 19
DPTR FM NORMAL 127 PTCLDY (SCALE 4-7) 11
TOTAL FM JUL 1 3721 CLOUDY (SCALE 8-10) 1
DPTR FM NORMAL -564
[CDD (BASE 65) ]
TOTAL THIS MO. 0
DPTR FM NORMAL 0 [PRESSURE DATA]
TOTAL FM JAN 1 0 HIGHEST SLP 30.75 ON 18
DPTR FM NORMAL 0 LOWEST SLP 29.38 ON 10
[REMARKS]
#FINAL-01-24#