000
CXUS53 KDDC 011547
CLMGCK
CLIMATE REPORT
NATIONAL WEATHER SERVICE DODGE CITY, KANSAS
1047 AM CDT MON MAY 01 2023
...................................
...THE GARDEN CITY REGIONAL ARPT KS CLIMATE SUMMARY FOR THE MONTH OF APRIL 2023...
CLIMATE NORMAL PERIOD 1991 TO 2020
CLIMATE RECORD PERIOD 1948 TO 2023
WEATHER OBSERVED NORMAL DEPART LAST YEAR`S
VALUE DATE(S) VALUE FROM VALUE DATE(S)
NORMAL
................................................................
TEMPERATURE (F)
RECORD
HIGH 100 04/22/1989
LOW 10 04/12/1997
HIGHEST 90 04/13 MM MM 88 04/12
04/18
04/22
LOWEST 23 04/06 MM MM 17 04/14
AVG. MAXIMUM 68.9 67.6 1.3 70.5
AVG. MINIMUM 36.7 37.8 -1.1 38.0
MEAN 52.8 52.7 0.1 54.3
DAYS MAX >= 90 2 0.9 1.1 0
DAYS MAX <= 32 0 0.1 -0.1 0
DAYS MIN <= 32 11 7.1 3.9 8
DAYS MIN <= 0 0 0.0 0.0 0
PRECIPITATION (INCHES)
RECORD
MAXIMUM 4.77 1984
MINIMUM T 1963
TOTALS 2.33 1.46 0.87 0.12
DAYS >= .01 3 7.0 -4.0 2
DAYS >= .10 3 3.4 -0.4 1
DAYS >= .50 1 0.9 0.1 0
DAYS >= 1.00 1 0.2 0.8 0
GREATEST
24 HR. TOTAL 1.81 04/26 TO 04/26 0.12 04/22 TO 04/23
DEGREE DAYS
HEATING TOTAL 373 379 -6 337
SINCE 7/1 5172 5025 147 4663
COOLING TOTAL 16 10 6 23
SINCE 1/1 16 11 5 23
................................................................
WIND (MPH)
AVERAGE WIND SPEED 13.9
RESULTANT WIND SPEED/DIRECTION 1/150
HIGHEST WIND SPEED/DIRECTION 52/350 DATE 04/19
HIGHEST GUST SPEED/DIRECTION 66/350 DATE 04/19
SKY COVER
POSSIBLE SUNSHINE (PERCENT) MM
AVERAGE SKY COVER 0.21
NUMBER OF DAYS FAIR 23
NUMBER OF DAYS PC 4
NUMBER OF DAYS CLOUDY 3
AVERAGE RH (PERCENT) 49
WEATHER CONDITIONS. NUMBER OF DAYS WITH
THUNDERSTORM 1 MIXED PRECIP 0
HEAVY RAIN 3 RAIN 3
LIGHT RAIN 4 FREEZING RAIN 0
LT FREEZING RAIN 0 HAIL 0
HEAVY SNOW 0 SNOW 0
LIGHT SNOW 0 SLEET 0
FOG 3 FOG W/VIS <= 1/4 MILE 1
HAZE 7
- INDICATES NEGATIVE NUMBERS.
R INDICATES RECORD WAS SET OR TIED.
MM INDICATES DATA IS MISSING.
T INDICATES TRACE AMOUNT.
$$