000
CXUS56 KFGZ 010910
CF6GCN
PRELIMINARY LOCAL CLIMATOLOGICAL DATA (WS FORM: F-6)
STATION: GRAND CANYON AZ AIRPORT
MONTH: FEBRUARY
YEAR: 2024
LATITUDE: 35 57 N
LONGITUDE: 112 9 W
TEMPERATURE IN F: :PCPN: SNOW: WIND :SUNSHINE: SKY :PK WND
================================================================================
1 2 3 4 5 6A 6B 7 8 9 10 11 12 13 14 15 16 17 18
12Z AVG MX 2MIN
DY MAX MIN AVG DEP HDD CDD WTR SNW DPTH SPD SPD DIR MIN PSBL S-S WX SPD DR
================================================================================
1 51 33 42 11 23 0 0.11 M M 9.2 29 220 M M 8 1 44 220
2 34 30 32 1 33 0 0.47 M M 10.2 18 240 M M 10 12 28 230
3 38 19 29 -2 36 0 T M M 6.6 14 230 M M 7 23 250
4 40 15 28 -3 37 0 0.00 M M 2.3 13 220 M M 4 15 190
5 49 24 37 6 28 0 0.00 M M 6.8 20 180 M M 0 28 190
6 48 31 40 9 25 0 0.39 M M 13.9 26 170 M M 7 1 48 170
7 33 29 31 0 34 0 0.03 M M 16.2 28 220 M M 10 18 39 220
8 30 16 23 -8 42 0 0.41 M M 9.0 18 180 M M 10 12 31 220
9 31 15 23 -8 42 0 T M M 4.1 14 220 M M 9 17 230
10 34 1 18 -13 47 0 0.02 M M 2.8 13 330 M M 6 18 20 350
11 38 -9 15 -16 50 0 0.00 M M 2.5 10 220 M M 0 14 230
12 47 3 25 -6 40 0 0.00 M M 1.7 8 50 M M 0 11 240
13 46 14 30 -2 35 0 0.00 M M 6.0 16 230 M M 0 24 220
14 46 16 31 -1 34 0 0.00 M M 4.9 17 240 M M 0 23 230
15 46 23 35 3 30 0 0.00 M M 6.0 21 220 M M 3 26 220
16 49 19 34 2 31 0 0.00 M M 3.2 14 300 M M 0 21 310
17 52 23 38 6 27 0 0.00 M M 5.3 14 50 M M 2 19 50
18 55 27 41 9 24 0 0.00 M M 4.2 20 230 M M 3 31 260
19 56 20 38 6 27 0 0.00 M M 7.3 26 220 M M 1 35 210
20 54 32 43 10 22 0 0.00 M M 7.9 22 220 M M 2 31 210
21 46 22 34 1 31 0 0.09 M M 4.0 20 230 M M 3 18 28 220
22 49 20 35 2 30 0 0.00 M M 2.0 12 270 M M 1 20 250
23 50 18 34 1 31 0 0.00 M M 6.5 22 60 M M 0 30 60
24 59 22 41 7 24 0 0.00 M M 3.7 17 220 M M 0 23 220
25 60 22 41 7 24 0 0.00 M M 7.3 23 220 M M 3 32 230
26 54 34 44 10 21 0 0.00 M M 14.1 30 220 M M 5 43 230
27 51 22 37 3 28 0 T M M 9.9 21 260 M M 5 34 240
28 52 17 35 1 30 0 0.00 M M 5.1 16 50 M M 0 22 340
29 56 17 37 2 28 0 0.00 M M 8.8 22 230 M M 0 34 240
================================================================================
SM 1354 575 914 0 1.52 M 191.5 M 99
================================================================================
AV 46.7 19.8 6.6 FASTST M M 3 MAX(MPH)
MISC ----> 30 220 48 170
================================================================================
NOTES:
# LAST OF SEVERAL OCCURRENCES
COLUMN 17 PEAK WIND IN M.P.H.
PRELIMINARY LOCAL CLIMATOLOGICAL DATA (WS FORM: F-6) , PAGE 2
STATION: GRAND CANYON AZ AIRPORT
MONTH: FEBRUARY
YEAR: 2024
LATITUDE: 35 57 N
LONGITUDE: 112 9 W
[TEMPERATURE DATA] [PRECIPITATION DATA] SYMBOLS USED IN COLUMN 16
AVERAGE MONTHLY: 33.3 TOTAL FOR MONTH: 1.52 1 = FOG OR MIST
DPTR FM NORMAL: 1.2 DPTR FM NORMAL: 0.31 2 = FOG REDUCING VISIBILITY
HIGHEST: 60 ON 25 GRTST 24HR 0.56 ON 1- 2 TO 1/4 MILE OR LESS
LOWEST: -9 ON 11 3 = THUNDER
SNOW, ICE PELLETS, HAIL 4 = ICE PELLETS
TOTAL MONTH: M 5 = HAIL
GRTST 24HR M ON M 6 = FREEZING RAIN OR DRIZZLE
GRTST DEPTH: M ON M 7 = DUSTSTORM OR SANDSTORM:
VSBY 1/2 MILE OR LESS
8 = SMOKE OR HAZE
[NO. OF DAYS WITH] [WEATHER - DAYS WITH] 9 = BLOWING SNOW
X = TORNADO
MAX 32 OR BELOW: 2 0.01 INCH OR MORE: 7
MAX 90 OR ABOVE: 0 0.10 INCH OR MORE: 4
MIN 32 OR BELOW: 27 0.50 INCH OR MORE: 0
MIN 0 OR BELOW: 1 1.00 INCH OR MORE: 0
[HDD (BASE 65) ]
TOTAL THIS MO. 914 CLEAR (SCALE 0-3) 18
DPTR FM NORMAL -8 PTCLDY (SCALE 4-7) 7
TOTAL FM JUL 1 4355 CLOUDY (SCALE 8-10) 4
DPTR FM NORMAL -436
[CDD (BASE 65) ]
TOTAL THIS MO. 0
DPTR FM NORMAL 0 [PRESSURE DATA]
TOTAL FM JAN 1 0 HIGHEST SLP M ON M
DPTR FM NORMAL 0 LOWEST SLP 29.54 ON 2
[REMARKS]
#FINAL-02-24#