000
CXUS56 KFGZ 010910
CF6GCN
PRELIMINARY LOCAL CLIMATOLOGICAL DATA (WS FORM: F-6)
STATION: GRAND CANYON AZ AIRPORT
MONTH: DECEMBER
YEAR: 2021
LATITUDE: 35 57 N
LONGITUDE: 112 9 W
TEMPERATURE IN F: :PCPN: SNOW: WIND :SUNSHINE: SKY :PK WND
================================================================================
1 2 3 4 5 6A 6B 7 8 9 10 11 12 13 14 15 16 17 18
12Z AVG MX 2MIN
DY MAX MIN AVG DEP HDD CDD WTR SNW DPTH SPD SPD DIR MIN PSBL S-S WX SPD DR
================================================================================
1 62 12 37 5 28 0 0.00 M M 5.6 18 60 M M 0 8 24 60
2 61 18 40 9 25 0 0.00 M M 2.4 13 210 M M 0 8 16 210
3 60 20 40 9 25 0 0.00 M M 1.6 14 230 M M 0 8 17 220
4 58 18 38 7 27 0 0.00 M M 1.9 12 50 M M 0 8 14 30
5 59 16 38 8 27 0 0.00 M M 3.0 12 40 M M 0 8 16 320
6 59 16 38 8 27 0 0.00 M M 5.5 17 210 M M 0 23 210
7 42 32 37 7 28 0 0.20 M M 4.7 16 220 M M 9 1 22 220
8 48 36 42 12 23 0 T M M 7.7 24 210 M M 10 31 210
9 41 32 37 7 28 0 0.59 M M 14.2 29 230 M M 9 1 40 230
10 32 11 22 -7 43 0 0.02 M M 5.8 15 260 M M 3 1 26 260
11 42 6 24 -5 41 0 0.00 M M 2.8 8 210 M M 0 10 230
12 47 11 29 0 36 0 0.00 M M 4.6 15 220 M M 0 19 230
13 49 18 34 5 31 0 0.00 M M 8.1 21 200 M M 0 28 200
14 49 26 38 9 27 0 0.17 M M 17.2 38 200 M M 5 12 55 210
15 29 7 18 -11 47 0 T M M 8.5 25 230 M M 6 12 38 240
16 39 5 22 -7 43 0 0.00 M M 4.1 17 210 M M 0 22 220
17 40 6 23 -5 42 0 0.00 M M 2.0 8 30 M M 0 12 360
18 38 11 25 -3 40 0 0.00 M M 7.4 25 50 M M 0 31 50
19 47 10 29 1 36 0 0.00 M M 3.3 10 40 M M 0 12 210
20 49 13 31 3 34 0 0.00 M M 1.9 10 220 M M 0 12 210
21 48 21 35 7 30 0 0.00 M M 1.2 8 50 M M 1 9 50
22 54 18 36 8 29 0 0.00 M M 2.7 15 200 M M 2 19 220
23 49 35 42 14 23 0 0.15 M M 13.6 31 210 M M 10 1 38 220
24 41 34 38 10 27 0 1.14 M M 16.1 32 220 M M 10 1 46 210
25 41 28 35 7 30 0 T M M 11.6 24 220 M M 7 36 210
26 38 30 34 6 31 0 0.01 M M 19.6 33 210 M M 9 1 43 210
27 33 26 30 2 35 0 T M M 16.1 30 220 M M 7 8 36 210
28 28 25 27 -1 38 0 0.28 M M 15.0 24 210 M M 10 12 32 200
29 28 20 24 -4 41 0 0.03 M M 11.1 21 220 M M 10 16 28 220
30 32 19 26 -3 39 0 T M M 10.4 20 210 M M 10 1 26 210
31 37 26 32 3 33 0 0.13 M M 11.0 21 220 M M 10 126 26 220
================================================================================
SM 1380 606 1014 0 2.72 M 240.7 M 128
================================================================================
AV 44.5 19.5 7.8 FASTST M M 4 MAX(MPH)
MISC ----> 38 200 55 210
================================================================================
NOTES:
# LAST OF SEVERAL OCCURRENCES
COLUMN 17 PEAK WIND IN M.P.H.
PRELIMINARY LOCAL CLIMATOLOGICAL DATA (WS FORM: F-6) , PAGE 2
STATION: GRAND CANYON AZ AIRPORT
MONTH: DECEMBER
YEAR: 2021
LATITUDE: 35 57 N
LONGITUDE: 112 9 W
[TEMPERATURE DATA] [PRECIPITATION DATA] SYMBOLS USED IN COLUMN 16
AVERAGE MONTHLY: 32.0 TOTAL FOR MONTH: 2.72 1 = FOG OR MIST
DPTR FM NORMAL: 2.8 DPTR FM NORMAL: 1.90 2 = FOG REDUCING VISIBILITY
HIGHEST: 62 ON 1 GRTST 24HR 1.27 ON 23-24 TO 1/4 MILE OR LESS
LOWEST: 5 ON 16 3 = THUNDER
SNOW, ICE PELLETS, HAIL 4 = ICE PELLETS
TOTAL MONTH: 0.0 INCH 5 = HAIL
GRTST 24HR M ON M 6 = FREEZING RAIN OR DRIZZLE
GRTST DEPTH: 0 7 = DUSTSTORM OR SANDSTORM:
VSBY 1/2 MILE OR LESS
8 = SMOKE OR HAZE
[NO. OF DAYS WITH] [WEATHER - DAYS WITH] 9 = BLOWING SNOW
X = TORNADO
MAX 32 OR BELOW: 5 0.01 INCH OR MORE: 10
MAX 90 OR ABOVE: 0 0.10 INCH OR MORE: 7
MIN 32 OR BELOW: 28 0.50 INCH OR MORE: 2
MIN 0 OR BELOW: 0 1.00 INCH OR MORE: 1
[HDD (BASE 65) ]
TOTAL THIS MO. 1014 CLEAR (SCALE 0-3) 16
DPTR FM NORMAL -97 PTCLDY (SCALE 4-7) 5
TOTAL FM JUL 1 2465 CLOUDY (SCALE 8-10) 10
DPTR FM NORMAL -256
[CDD (BASE 65) ]
TOTAL THIS MO. 0
DPTR FM NORMAL 0 [PRESSURE DATA]
TOTAL FM JAN 1 329 HIGHEST SLP M ON M
DPTR FM NORMAL 168 LOWEST SLP 29.46 ON 31
[REMARKS]
#FINAL-12-21#