000
CXUS56 KFGZ 010910
CF6GCN
PRELIMINARY LOCAL CLIMATOLOGICAL DATA (WS FORM: F-6)
STATION: GRAND CANYON AZ AIRPORT
MONTH: OCTOBER
YEAR: 2021
LATITUDE: 35 57 N
LONGITUDE: 112 9 W
TEMPERATURE IN F: :PCPN: SNOW: WIND :SUNSHINE: SKY :PK WND
================================================================================
1 2 3 4 5 6A 6B 7 8 9 10 11 12 13 14 15 16 17 18
12Z AVG MX 2MIN
DY MAX MIN AVG DEP HDD CDD WTR SNW DPTH SPD SPD DIR MIN PSBL S-S WX SPD DR
================================================================================
1 66 30 48 -5 17 0 0.00 M M 2.7 14 220 M M 1 8 19 320
2 71 32 52 -1 13 0 0.00 M M 3.1 15 40 M M 1 20 30
3 70 35 53 1 12 0 0.00 M M 4.1 14 40 M M 3 20 50
4 74 35 55 3 10 0 0.00 M M 4.8 16 210 M M 2 24 180
5 63 44 54 2 11 0 0.66 M M 5.4 17 240 M M 7 13 25 250
6 66 38 52 1 13 0 0.09 M M 3.9 18 170 M M 2 13 25 170
7 66 37 52 1 13 0 0.00 M M 4.4 18 210 M M 0 24 210
8 60 47 54 4 11 0 0.01 M M 9.0 26 210 M M 8 37 210
9 60 34 47 -3 18 0 0.00 M M 5.5 18 220 M M 3 26 220
10 61 26 44 -6 21 0 0.00 M M 2.3 12 250 M M 0 16 220
11 60 24 42 -7 23 0 0.14 M M 12.8 35 210 M M 3 13 45 210
12 36 27 32 -17 33 0 0.22 M M 12.4 28 220 M M 10 12 39 210
13 49 17 33 -16 32 0 0.00 M M 2.0 12 230 M M 0 1 17 250
14 52 23 38 -10 27 0 0.00 M M 3.1 16 270 M M 0 22 280
15 51 23 37 -11 28 0 0.00 M M 10.4 25 50 M M 0 36 60
16 60 34 47 -1 18 0 0.00 M M 11.8 22 50 M M 0 29 50
17 67 29 48 1 17 0 0.00 M M 6.9 24 210 M M 0 33 210
18 58 27 43 -4 22 0 0.00 M M 14.5 37 210 M M 3 48 210
19 57 20 39 -8 26 0 0.00 M M 2.6 12 210 M M 0 15 250
20 64 22 43 -3 22 0 0.00 M M 3.0 12 80 M M 0 15 110
21 68 27 48 2 17 0 0.00 M M 2.9 12 40 M M 0 8 15 230
22 68 26 47 1 18 0 0.00 M M 5.7 22 210 M M 0 29 230
23 64 30 47 2 18 0 0.00 M M 11.1 30 210 M M 2 38 210
24 61 28 45 0 20 0 0.00 M M 8.2 22 210 M M 0 29 210
25 65 30 48 3 17 0 0.31 M M 15.0 39 220 M M 1 18 52 220
26 46 28 37 -7 28 0 0.11 M M 9.3 24 250 M M 4 1 35 250
27 57 23 40 -4 25 0 0.00 M M 3.3 12 320 M M 0 17 330
28 61 26 44 0 21 0 0.00 M M 7.8 22 50 M M 0 27 50
29 68 33 51 7 14 0 0.00 M M 5.0 15 80 M M 0 20 80
30 67 28 48 5 17 0 0.00 M M 3.7 16 220 M M 0 25 230
31 64 31 48 5 17 0 0.00 M M 5.9 22 210 M M 0 30 210
================================================================================
SM 1900 914 599 0 1.54 M 202.6 M 50
================================================================================
AV 61.3 29.5 6.5 FASTST M M 2 MAX(MPH)
MISC ----> 39 220 52 220
================================================================================
NOTES:
# LAST OF SEVERAL OCCURRENCES
COLUMN 17 PEAK WIND IN M.P.H.
PRELIMINARY LOCAL CLIMATOLOGICAL DATA (WS FORM: F-6) , PAGE 2
STATION: GRAND CANYON AZ AIRPORT
MONTH: OCTOBER
YEAR: 2021
LATITUDE: 35 57 N
LONGITUDE: 112 9 W
[TEMPERATURE DATA] [PRECIPITATION DATA] SYMBOLS USED IN COLUMN 16
AVERAGE MONTHLY: 45.4 TOTAL FOR MONTH: 1.54 1 = FOG OR MIST
DPTR FM NORMAL: -2.4 DPTR FM NORMAL: 0.20 2 = FOG REDUCING VISIBILITY
HIGHEST: 74 ON 4 GRTST 24HR 0.75 ON 5- 6 TO 1/4 MILE OR LESS
LOWEST: 17 ON 13 3 = THUNDER
SNOW, ICE PELLETS, HAIL 4 = ICE PELLETS
TOTAL MONTH: M 5 = HAIL
GRTST 24HR M ON M 6 = FREEZING RAIN OR DRIZZLE
GRTST DEPTH: M ON M 7 = DUSTSTORM OR SANDSTORM:
VSBY 1/2 MILE OR LESS
8 = SMOKE OR HAZE
[NO. OF DAYS WITH] [WEATHER - DAYS WITH] 9 = BLOWING SNOW
X = TORNADO
MAX 32 OR BELOW: 0 0.01 INCH OR MORE: 7
MAX 90 OR ABOVE: 0 0.10 INCH OR MORE: 5
MIN 32 OR BELOW: 22 0.50 INCH OR MORE: 1
MIN 0 OR BELOW: 0 1.00 INCH OR MORE: 0
[HDD (BASE 65) ]
TOTAL THIS MO. 599 CLEAR (SCALE 0-3) 25
DPTR FM NORMAL 66 PTCLDY (SCALE 4-7) 5
TOTAL FM JUL 1 732 CLOUDY (SCALE 8-10) 1
DPTR FM NORMAL -46
[CDD (BASE 65) ]
TOTAL THIS MO. 0
DPTR FM NORMAL 0 [PRESSURE DATA]
TOTAL FM JAN 1 329 HIGHEST SLP M ON M
DPTR FM NORMAL 168 LOWEST SLP 29.30 ON 12
[REMARKS]
#FINAL-10-21#