128
CXUS56 KFGZ 010910
CF6GCN
PRELIMINARY LOCAL CLIMATOLOGICAL DATA (WS FORM: F-6)
STATION: GRAND CANYON AZ AIRPORT
MONTH: FEBRUARY
YEAR: 2021
LATITUDE: 35 57 N
LONGITUDE: 112 9 W
TEMPERATURE IN F: :PCPN: SNOW: WIND :SUNSHINE: SKY :PK WND
================================================================================
1 2 3 4 5 6A 6B 7 8 9 10 11 12 13 14 15 16 17 18
12Z AVG MX 2MIN
DY MAX MIN AVG DEP HDD CDD WTR SNW DPTH SPD SPD DIR MIN PSBL S-S WX SPD DR
================================================================================
1 48 32 40 11 25 0 0.02 M M 4.7 12 60 M M 7 15 50
2 49 31 40 11 25 0 0.01 M M 5.4 15 220 M M 8 12 19 230
3 54 26 40 11 25 0 0.00 M M 8.9 31 230 M M 3 45 220
4 43 18 31 1 34 0 0.00 M M 4.5 13 260 M M 0 18 230
5 48 14 31 1 34 0 0.00 M M 3.5 16 290 M M 0 23 270
6 51 11 31 1 34 0 0.00 M M 2.7 13 260 M M 0 19 250
7 53 13 33 3 32 0 0.00 M M 3.3 15 250 M M 0 21 290
8 56 11 34 4 31 0 0.00 M M 5.7 22 220 M M 0 31 220
9 52 18 35 5 30 0 0.00 M M 6.8 24 220 M M 2 29 230
10 50 21 36 6 29 0 0.00 M M 2.9 15 240 M M 4 23 240
11 54 16 35 4 30 0 0.00 M M 3.8 15 260 M M 0 22 220
12 45 21 33 2 32 0 0.02 M M 6.6 20 220 M M 6 1 26 210
13 41 17 29 -2 36 0 0.15 M M 6.9 29 220 M M 6 12 40 220
14 40 20 30 -1 35 0 T M M 5.4 13 290 M M 3 1 19 300
15 45 16 31 0 34 0 0.01 M M 7.0 20 210 M M 7 26 240
16 38 18 28 -3 37 0 0.12 M M 5.9 15 280 M M 6 1 25 310
17 33 11 22 -10 43 0 T M M 5.1 16 360 M M 3 8 27 340
18 41 9 25 -7 40 0 0.00 M M 4.4 13 50 M M 0 16 320
19 52 11 32 0 33 0 0.00 M M 2.7 13 220 M M 0 18 220
20 50 13 32 0 33 0 0.00 M M 9.2 37 230 M M 2 52 220
21 47 16 32 0 33 0 0.00 M M 4.3 14 240 M M 0 17 240
22 56 12 34 1 31 0 0.00 M M 4.2 14 30 M M 0 16 60
23 58 18 38 5 27 0 0.00 M M 4.5 14 260 M M 0 20 210
24 55 14 35 2 30 0 0.00 M M 5.4 25 220 M M 0 35 220
25 43 9 26 -7 39 0 0.00 M M 4.8 17 40 M M 0 21 30
26 52 2 27 -6 38 0 0.00 M M 5.3 17 230 M M 0 28 220
27 42 12 27 -7 38 0 0.00 M M 7.9 18 280 M M 0 29 260
28 37 2 20 -14 45 0 0.00 M M 6.7 26 40 M M 0 33 30
================================================================================
SM 1333 432 933 0 0.33 M 148.5 M 57
================================================================================
AV 47.6 15.4 5.3 FASTST M M 2 MAX(MPH)
MISC ----> 37 230 52 220
================================================================================
NOTES:
# LAST OF SEVERAL OCCURRENCES
COLUMN 17 PEAK WIND IN M.P.H.
PRELIMINARY LOCAL CLIMATOLOGICAL DATA (WS FORM: F-6) , PAGE 2
STATION: GRAND CANYON AZ AIRPORT
MONTH: FEBRUARY
YEAR: 2021
LATITUDE: 35 57 N
LONGITUDE: 112 9 W
[TEMPERATURE DATA] [PRECIPITATION DATA] SYMBOLS USED IN COLUMN 16
AVERAGE MONTHLY: 31.5 TOTAL FOR MONTH: 0.33 1 = FOG OR MIST
DPTR FM NORMAL: 0.3 DPTR FM NORMAL: -0.86 2 = FOG REDUCING VISIBILITY
HIGHEST: 58 ON 23 GRTST 24HR 0.15 ON 13-13 TO 1/4 MILE OR LESS
LOWEST: 2 ON 28,26 3 = THUNDER
SNOW, ICE PELLETS, HAIL 4 = ICE PELLETS
TOTAL MONTH: M 5 = HAIL
GRTST 24HR M ON M 6 = FREEZING RAIN OR DRIZZLE
GRTST DEPTH: M ON M 7 = DUSTSTORM OR SANDSTORM:
VSBY 1/2 MILE OR LESS
8 = SMOKE OR HAZE
[NO. OF DAYS WITH] [WEATHER - DAYS WITH] 9 = BLOWING SNOW
X = TORNADO
MAX 32 OR BELOW: 0 0.01 INCH OR MORE: 6
MAX 90 OR ABOVE: 0 0.10 INCH OR MORE: 2
MIN 32 OR BELOW: 28 0.50 INCH OR MORE: 0
MIN 0 OR BELOW: 0 1.00 INCH OR MORE: 0
[HDD (BASE 65) ]
TOTAL THIS MO. 933 CLEAR (SCALE 0-3) 21
DPTR FM NORMAL -14 PTCLDY (SCALE 4-7) 7
TOTAL FM JUL 1 4725 CLOUDY (SCALE 8-10) 0
DPTR FM NORMAL -289
[CDD (BASE 65) ]
TOTAL THIS MO. 0
DPTR FM NORMAL 0 [PRESSURE DATA]
TOTAL FM JAN 1 0 HIGHEST SLP M ON M
DPTR FM NORMAL 0 LOWEST SLP 29.50 ON 13
[REMARKS]
#FINAL-02-21#