000
CXUS56 KFGZ 010910
CF6GCN
PRELIMINARY LOCAL CLIMATOLOGICAL DATA (WS FORM: F-6)
STATION: GRAND CANYON AZ AIRPORT
MONTH: DECEMBER
YEAR: 2023
LATITUDE: 35 57 N
LONGITUDE: 112 9 W
TEMPERATURE IN F: :PCPN: SNOW: WIND :SUNSHINE: SKY :PK WND
================================================================================
1 2 3 4 5 6A 6B 7 8 9 10 11 12 13 14 15 16 17 18
12Z AVG MX 2MIN
DY MAX MIN AVG DEP HDD CDD WTR SNW DPTH SPD SPD DIR MIN PSBL S-S WX SPD DR
================================================================================
1 41 25 33 1 32 0 0.01 M M 6.3 20 230 M M 8 18 29 230
2 44 15 30 -1 35 0 0.00 M M 4.8 17 260 M M 1 27 300
3 49 19 34 3 31 0 0.00 M M 2.2 13 270 M M 0 17 260
4 54 25 40 9 25 0 0.00 M M 5.6 17 60 M M 1 23 60
5 58 26 42 12 23 0 0.00 M M 9.4 23 60 M M 0 32 60
6 60 23 42 12 23 0 0.00 M M 3.5 14 220 M M 0 19 260
7 52 21 37 7 28 0 0.00 M M 5.6 18 220 M M 1 26 230
8 44 13 29 -1 36 0 0.00 M M 4.8 18 260 M M 0 30 240
9 35 5 20 -10 45 0 0.00 M M 7.8 21 50 M M 0 28 40
10 57 16 37 8 28 0 0.00 M M 2.6 10 220 M M 0 16 70
11 59 16 38 9 27 0 0.00 M M 2.3 10 220 M M 0 13 210
12 54 16 35 6 30 0 0.00 M M 4.1 15 210 M M 0 20 220
13 48 10 29 0 36 0 0.00 M M 3.0 12 60 M M 1 18 40
14 49 13 31 2 34 0 0.00 M M 2.0 12 350 M M 0 18 340
15 51 14 33 4 32 0 0.00 M M 6.9 18 40 M M 0 24 50
16 61 22 42 13 23 0 0.00 M M 6.6 14 60 M M 0 20 80
17 62 16 39 11 26 0 0.00 M M 4.9 13 40 M M 0 16 80
18 60 23 42 14 23 0 0.00 M M 5.1 13 230 M M 3 19 210
19 53 21 37 9 28 0 0.04 M M 4.0 15 230 M M 6 23 220
20 52 29 41 13 24 0 0.01 M M 4.2 13 50 M M 5 18 90
21 48 36 42 14 23 0 0.00 M M 8.8 17 50 M M 4 25 60
22 40 35 38 10 27 0 0.21 M M 6.5 17 60 M M 7 1 23 60
23 44 26 35 7 30 0 0.05 M M 4.1 13 220 M M 7 12 23 330
24 41 15 28 0 37 0 0.00 M M 3.5 12 280 M M 1 1 17 300
25 44 12 28 0 37 0 0.00 M M 2.1 10 270 M M 0 17 280
26 47 6 27 -1 38 0 0.00 M M 2.5 10 290 M M 0 16 290
27 50 13 32 4 33 0 0.00 M M 2.1 13 230 M M 0 16 240
28 51 19 35 7 30 0 0.00 M M 4.4 14 40 M M 3 18 50
29 53 16 35 7 30 0 0.00 M M 5.5 20 60 M M 0 26 50
30 54 16 35 6 30 0 0.00 M M 3.5 16 220 M M 0 22 200
31 44 13 29 0 36 0 0.00 M M 3.5 15 210 M M 3 21 220
================================================================================
SM 1559 575 940 0 0.32 M 142.2 M 51
================================================================================
AV 50.3 18.5 4.6 FASTST M M 2 MAX(MPH)
MISC ----> 23 60 32 60
================================================================================
NOTES:
# LAST OF SEVERAL OCCURRENCES
COLUMN 17 PEAK WIND IN M.P.H.
PRELIMINARY LOCAL CLIMATOLOGICAL DATA (WS FORM: F-6) , PAGE 2
STATION: GRAND CANYON AZ AIRPORT
MONTH: DECEMBER
YEAR: 2023
LATITUDE: 35 57 N
LONGITUDE: 112 9 W
[TEMPERATURE DATA] [PRECIPITATION DATA] SYMBOLS USED IN COLUMN 16
AVERAGE MONTHLY: 34.4 TOTAL FOR MONTH: 0.32 1 = FOG OR MIST
DPTR FM NORMAL: 5.2 DPTR FM NORMAL: -0.50 2 = FOG REDUCING VISIBILITY
HIGHEST: 62 ON 17 GRTST 24HR 0.26 ON 22-23 TO 1/4 MILE OR LESS
LOWEST: 5 ON 9 3 = THUNDER
SNOW, ICE PELLETS, HAIL 4 = ICE PELLETS
TOTAL MONTH: M 5 = HAIL
GRTST 24HR M ON M 6 = FREEZING RAIN OR DRIZZLE
GRTST DEPTH: M ON M 7 = DUSTSTORM OR SANDSTORM:
VSBY 1/2 MILE OR LESS
8 = SMOKE OR HAZE
[NO. OF DAYS WITH] [WEATHER - DAYS WITH] 9 = BLOWING SNOW
X = TORNADO
MAX 32 OR BELOW: 0 0.01 INCH OR MORE: 5
MAX 90 OR ABOVE: 0 0.10 INCH OR MORE: 1
MIN 32 OR BELOW: 29 0.50 INCH OR MORE: 0
MIN 0 OR BELOW: 0 1.00 INCH OR MORE: 0
[HDD (BASE 65) ]
TOTAL THIS MO. 940 CLEAR (SCALE 0-3) 25
DPTR FM NORMAL -171 PTCLDY (SCALE 4-7) 6
TOTAL FM JUL 1 2321 CLOUDY (SCALE 8-10) 0
DPTR FM NORMAL -400
[CDD (BASE 65) ]
TOTAL THIS MO. 0
DPTR FM NORMAL 0 [PRESSURE DATA]
TOTAL FM JAN 1 313 HIGHEST SLP M ON M
DPTR FM NORMAL 152 LOWEST SLP 29.81 ON 1
[REMARKS]
#FINAL-12-23#