793
CXUS56 KFGZ 010900
CF6GCN
PRELIMINARY LOCAL CLIMATOLOGICAL DATA (WS FORM: F-6)
STATION: GRAND CANYON AZ AIRPORT
MONTH: JUNE
YEAR: 2020
LATITUDE: 35 57 N
LONGITUDE: 112 9 W
TEMPERATURE IN F: :PCPN: SNOW: WIND :SUNSHINE: SKY :PK WND
================================================================================
1 2 3 4 5 6A 6B 7 8 9 10 11 12 13 14 15 16 17 18
12Z AVG MX 2MIN
DY MAX MIN AVG DEP HDD CDD WTR SNW DPTH SPD SPD DIR MIN PSBL S-S WX SPD DR
================================================================================
1 84 39 62 7 3 0 0.00 M M 7.6 25 230 M M 0 35 230
2 87 40 64 9 1 0 0.00 M M 4.3 14 310 M M 0 20 330
3 88 44 66 10 0 1 0.00 M M 4.5 21 220 M M 1 24 210
4 89 41 65 9 0 0 0.00 M M 4.7 24 210 M M 0 33 210
5 83 45 64 8 1 0 0.00 M M 8.5 26 170 M M 5 37 180
6 73 40 57 1 8 0 T M M 17.0 43 200 M M 1 62 210
7 72 33 53 -4 12 0 0.00 M M 15.5 35 210 M M 0 49 210
8 56 26 41 -16 24 0 0.00 M M 8.3 24 250 M M 1 35 280
9 72 20 46 -11 19 0 0.00 M M 4.4 17 40 M M 0 8 21 50
10 80 28 54 -3 11 0 0.00 M M 5.1 20 60 M M 0 28 50
11 86 36 61 3 4 0 0.00 M M 7.0 24 210 M M 0 33 210
12 86 37 62 4 3 0 0.00 M M 10.6 28 210 M M 0 38 210
13 82 33 58 0 7 0 0.00 M M 13.4 36 220 M M 0 48 210
14 81 30 56 -3 9 0 0.00 M M 9.0 25 220 M M 0 36 230
15 83 32 58 -1 7 0 0.00 M M 9.4 26 220 M M 0 32 220
16 81 35 58 -1 7 0 0.00 M M 15.3 31 210 M M 0 43 200
17 80 45 63 4 2 0 0.00 M M 12.2 28 210 M M 0 37 210
18 80 37 59 -1 6 0 0.00 M M 5.0 20 230 M M 2 27 220
19 80 36 58 -2 7 0 0.00 M M 3.9 20 230 M M 0 30 230
20 85 36 61 1 4 0 0.00 M M 4.3 20 220 M M 0 27 210
21 88 40 64 3 1 0 0.00 M M 5.5 20 210 M M 0 26 230
22 90 40 65 4 0 0 0.00 M M 5.0 20 220 M M 0 26 220
23 93 43 68 7 0 3 0.00 M M 5.6 20 220 M M 0 26 240
24 91 43 67 6 0 2 0.00 M M 6.3 23 210 M M 0 30 210
25 87 43 65 3 0 0 0.00 M M 6.4 25 210 M M 0 34 220
26 88 43 66 4 0 1 0.00 M M 5.8 21 210 M M 0 27 210
27 88 43 66 4 0 1 0.00 M M 5.6 23 210 M M 0 29 210
28 83 49 66 4 0 1 0.00 M M 18.3 33 210 M M 0 49 200
29 74 38 56 -7 9 0 0.00 M M 19.5 38 220 M M 2 50 220
30 78 26 52 -11 13 0 0.00 M M 4.6 22 220 M M 0 28 220
================================================================================
SM 2468 1121 158 9 T M 252.6 M 12
================================================================================
AV 82.3 37.4 8.4 FASTST M M 0 MAX(MPH)
MISC ----> # 43 200 # 62 210
================================================================================
NOTES:
# LAST OF SEVERAL OCCURRENCES
COLUMN 17 PEAK WIND IN M.P.H.
PRELIMINARY LOCAL CLIMATOLOGICAL DATA (WS FORM: F-6) , PAGE 2
STATION: GRAND CANYON AZ AIRPORT
MONTH: JUNE
YEAR: 2020
LATITUDE: 35 57 N
LONGITUDE: 112 9 W
[TEMPERATURE DATA] [PRECIPITATION DATA] SYMBOLS USED IN COLUMN 16
AVERAGE MONTHLY: 59.8 TOTAL FOR MONTH: T 1 = FOG OR MIST
DPTR FM NORMAL: 0.8 DPTR FM NORMAL: -0.31 2 = FOG REDUCING VISIBILITY
HIGHEST: 93 ON 23 GRTST 24HR T ON 6- 6 TO 1/4 MILE OR LESS
LOWEST: 20 ON 9 3 = THUNDER
SNOW, ICE PELLETS, HAIL 4 = ICE PELLETS
TOTAL MONTH: M 5 = HAIL
GRTST 24HR M ON M 6 = FREEZING RAIN OR DRIZZLE
GRTST DEPTH: M ON M 7 = DUSTSTORM OR SANDSTORM:
VSBY 1/2 MILE OR LESS
8 = SMOKE OR HAZE
[NO. OF DAYS WITH] [WEATHER - DAYS WITH] 9 = BLOWING SNOW
X = TORNADO
MAX 32 OR BELOW: 0 0.01 INCH OR MORE: 0
MAX 90 OR ABOVE: 3 0.10 INCH OR MORE: 0
MIN 32 OR BELOW: 6 0.50 INCH OR MORE: 0
MIN 0 OR BELOW: 0 1.00 INCH OR MORE: 0
[HDD (BASE 65) ]
TOTAL THIS MO. 158 CLEAR (SCALE 0-3) 29
DPTR FM NORMAL -27 PTCLDY (SCALE 4-7) 1
TOTAL FM JUL 1 6634 CLOUDY (SCALE 8-10) 0
DPTR FM NORMAL -573
[CDD (BASE 65) ]
TOTAL THIS MO. 9
DPTR FM NORMAL 7 [PRESSURE DATA]
TOTAL FM JAN 1 9 HIGHEST SLP M ON M
DPTR FM NORMAL 7 LOWEST SLP 29.58 ON M
[REMARKS]
#FINAL-06-20#