000
CXUS56 KFGZ 010900
CF6GCN
PRELIMINARY LOCAL CLIMATOLOGICAL DATA (WS FORM: F-6)
STATION: GRAND CANYON AZ AIRPORT
MONTH: MAY
YEAR: 2020
LATITUDE: 35 57 N
LONGITUDE: 112 9 W
TEMPERATURE IN F: :PCPN: SNOW: WIND :SUNSHINE: SKY :PK WND
================================================================================
1 2 3 4 5 6A 6B 7 8 9 10 11 12 13 14 15 16 17 18
12Z AVG MX 2MIN
DY MAX MIN AVG DEP HDD CDD WTR SNW DPTH SPD SPD DIR MIN PSBL S-S WX SPD DR
================================================================================
1 78 30 54 8 11 0 0.00 M M 10.0 30 210 M M 0 41 230
2 76 28 52 6 13 0 0.00 M M 9.7 26 220 M M 0 36 230
3 74 26 50 3 15 0 0.00 M M 11.1 29 220 M M 0 39 200
4 72 28 50 3 15 0 0.00 M M 3.8 17 270 M M 0 25 270
5 78 28 53 6 12 0 0.00 0.0 0 6.5 18 80 M M 0 25 70
6 83 31 57 9 8 0 0.00 0.0 0 5.6 24 220 M M 0 33 210
7 77 32 55 7 10 0 0.00 M M 4.3 15 270 M M 0 21 270
8 77 27 52 4 13 0 0.00 M M 3.7 17 230 M M 0 8 25 290
9 79 32 56 8 9 0 0.00 M M 4.5 18 250 M M 0 26 230
10 75 34 55 6 10 0 0.51 M M 6.2 31 240 M M 4 13 42 280
11 70 44 57 8 8 0 0.13 M M 10.0 29 220 M M 3 13 42 210
12 70 33 52 3 13 0 0.00 M M 12.7 32 200 M M 0 42 200
13 69 36 53 3 12 0 0.00 M M 12.9 29 210 M M 0 37 200
14 70 30 50 0 15 0 0.00 M M 6.3 23 220 M M 0 32 220
15 72 31 52 2 13 0 0.00 M M 4.2 16 230 M M 1 25 230
16 77 33 55 5 10 0 0.00 M M 3.9 20 210 M M 1 25 210
17 76 34 55 4 10 0 0.00 M M 10.2 31 210 M M 0 39 210
18 75 32 54 3 11 0 0.00 M M 12.7 31 220 M M 0 43 220
19 69 33 51 0 14 0 0.00 M M 16.1 37 210 M M 1 48 220
20 64 21 43 -9 22 0 0.00 M M 7.1 20 240 M M 0 32 210
21 68 23 46 -6 19 0 0.00 M M 2.6 16 230 M M 0 21 210
22 71 26 49 -3 16 0 0.00 M M 10.1 30 210 M M 0 40 220
23 70 31 51 -2 14 0 0.00 M M 7.6 23 220 M M 2 35 210
24 67 23 45 -8 20 0 0.00 M M 4.8 16 240 M M 0 23 220
25 71 26 49 -4 16 0 0.00 M M 5.8 18 30 M M 0 24 20
26 82 30 56 3 9 0 0.00 M M 3.4 15 250 M M 0 21 250
27 87 37 62 8 3 0 0.00 M M 3.7 14 290 M M 1 20 330
28 86 41 64 10 1 0 0.00 M M 2.8 14 210 M M 1 18 210
29 89 41 65 11 0 0 0.00 M M 5.9 21 220 M M 1 27 230
30 87 43 65 11 0 0 0.00 M M 9.7 31 210 M M 1 39 220
31 84 43 64 9 1 0 0.00 0.0 0 9.6 32 220 M M 0 41 220
================================================================================
SM 2343 987 343 0 0.64 0.0 227.5 M 16
================================================================================
AV 75.6 31.8 7.3 FASTST M M 1 MAX(MPH)
MISC ----> # 37 210 # 48 220
================================================================================
NOTES:
# LAST OF SEVERAL OCCURRENCES
COLUMN 17 PEAK WIND IN M.P.H.
PRELIMINARY LOCAL CLIMATOLOGICAL DATA (WS FORM: F-6) , PAGE 2
STATION: GRAND CANYON AZ AIRPORT
MONTH: MAY
YEAR: 2020
LATITUDE: 35 57 N
LONGITUDE: 112 9 W
[TEMPERATURE DATA] [PRECIPITATION DATA] SYMBOLS USED IN COLUMN 16
AVERAGE MONTHLY: 53.7 TOTAL FOR MONTH: 0.64 1 = FOG OR MIST
DPTR FM NORMAL: 3.3 DPTR FM NORMAL: 0.15 2 = FOG REDUCING VISIBILITY
HIGHEST: 89 ON 29 GRTST 24HR 0.51 ON 10-10 TO 1/4 MILE OR LESS
LOWEST: 21 ON 20 3 = THUNDER
SNOW, ICE PELLETS, HAIL 4 = ICE PELLETS
TOTAL MONTH: 0.0 INCH 5 = HAIL
GRTST 24HR 0.0 6 = FREEZING RAIN OR DRIZZLE
GRTST DEPTH: 0 7 = DUSTSTORM OR SANDSTORM:
VSBY 1/2 MILE OR LESS
8 = SMOKE OR HAZE
[NO. OF DAYS WITH] [WEATHER - DAYS WITH] 9 = BLOWING SNOW
X = TORNADO
MAX 32 OR BELOW: 0 0.01 INCH OR MORE: 2
MAX 90 OR ABOVE: 0 0.10 INCH OR MORE: 2
MIN 32 OR BELOW: 19 0.50 INCH OR MORE: 1
MIN 0 OR BELOW: 0 1.00 INCH OR MORE: 0
[HDD (BASE 65) ]
TOTAL THIS MO. 343 CLEAR (SCALE 0-3) 30
DPTR FM NORMAL -110 PTCLDY (SCALE 4-7) 1
TOTAL FM JUL 1 6476 CLOUDY (SCALE 8-10) 0
DPTR FM NORMAL -546
[CDD (BASE 65) ]
TOTAL THIS MO. 0
DPTR FM NORMAL 0 [PRESSURE DATA]
TOTAL FM JAN 1 0 HIGHEST SLP M ON M
DPTR FM NORMAL 0 LOWEST SLP 29.72 ON M
[REMARKS]
#FINAL-05-20#