000
CXUS56 KFGZ 010910
CF6GCN
PRELIMINARY LOCAL CLIMATOLOGICAL DATA (WS FORM: F-6)
STATION: GRAND CANYON AZ AIRPORT
MONTH: AUGUST
YEAR: 2023
LATITUDE: 35 57 N
LONGITUDE: 112 9 W
TEMPERATURE IN F: :PCPN: SNOW: WIND :SUNSHINE: SKY :PK WND
================================================================================
1 2 3 4 5 6A 6B 7 8 9 10 11 12 13 14 15 16 17 18
12Z AVG MX 2MIN
DY MAX MIN AVG DEP HDD CDD WTR SNW DPTH SPD SPD DIR MIN PSBL S-S WX SPD DR
================================================================================
1 83 52 68 0 0 3 T M M 4.5 20 240 M M 3 24 230
2 82 51 67 -1 0 2 0.55 M M 4.9 22 220 M M 2 13 33 230
3 85 48 67 -1 0 2 0.00 M M 3.3 17 230 M M 2 21 220
4 88 46 67 -1 0 2 0.00 M M 5.2 20 210 M M 0 28 230
5 93 45 69 1 0 4 0.00 M M 7.3 25 210 M M 0 35 250
6 92 40 66 -2 0 1 0.00 M M 7.3 26 230 M M 0 34 210
7 91 49 70 2 0 5 0.00 M M 9.2 28 220 M M 1 37 240
8 87 50 69 2 0 4 0.00 M M 10.6 28 240 M M 1 41 230
9 84 47 66 -1 0 1 0.01 M M 4.8 20 230 M M 3 3 27 250
10 83 54 69 2 0 4 0.34 M M 6.1 21 230 M M 6 13 26 220
11 84 52 68 1 0 3 T M M 6.2 20 110 M M 2 13 31 100
12 80 52 66 -1 0 1 T M M 3.9 23 220 M M 1 28 230
13 83 46 65 -2 0 0 0.00 M M 3.5 18 260 M M 1 26 230
14 83 48 66 -1 0 1 0.01 M M 4.9 20 40 M M 4 23 60
15 79 62 71 5 0 6 0.30 M M 4.3 16 50 M M 4 3 23 20
16 86 59 73 7 0 8 T M M 4.6 16 160 M M 5 3 22 170
17 85 54 70 4 0 5 0.10 M M 2.1 15 170 M M 2 38 19 180
18 82 60 71 5 0 6 0.35 M M 4.4 26 210 M M 6 13 34 210
19 79 56 68 2 0 3 0.34 M M 5.4 21 220 M M 5 13 26 220
20 80 59 70 4 0 5 0.31 M M 7.7 23 150 M M 6 13 32 150
21 68 59 64 -2 1 0 0.59 M M 4.6 13 230 M M 8 1 17 190
22 77 57 67 2 0 2 0.14 M M 5.6 15 70 M M 4 3 20 150
23 79 58 69 4 0 4 0.45 M M 6.4 21 200 M M 5 13 29 190
24 77 57 67 2 0 2 0.02 M M 3.7 12 100 M M 6 16 100
25 82 52 67 2 0 2 0.02 M M 2.1 18 100 M M 2 3 23 120
26 85 53 69 5 0 4 0.00 M M 2.8 14 230 M M 1 19 270
27 86 52 69 5 0 4 0.00 M M 3.2 14 50 M M 2 17 40
28 90 53 72 8 0 7 0.00 M M 3.8 13 50 M M 2 18 20
29 92 51 72 8 0 7 0.00 M M 5.2 16 220 M M 1 22 220
30 90 47 69 5 0 4 0.00 M M 3.9 20 230 M M 1 28 240
31 88 50 69 6 0 4 T M M 6.0 21 230 M M 2 30 250
================================================================================
SM 2603 1619 1 106 3.53 M 157.5 M 88
================================================================================
AV 84.0 52.2 5.1 FASTST M M 3 MAX(MPH)
MISC ----> # 28 220 41 230
================================================================================
NOTES:
# LAST OF SEVERAL OCCURRENCES
COLUMN 17 PEAK WIND IN M.P.H.
PRELIMINARY LOCAL CLIMATOLOGICAL DATA (WS FORM: F-6) , PAGE 2
STATION: GRAND CANYON AZ AIRPORT
MONTH: AUGUST
YEAR: 2023
LATITUDE: 35 57 N
LONGITUDE: 112 9 W
[TEMPERATURE DATA] [PRECIPITATION DATA] SYMBOLS USED IN COLUMN 16
AVERAGE MONTHLY: 68.1 TOTAL FOR MONTH: 3.53 1 = FOG OR MIST
DPTR FM NORMAL: 2.0 DPTR FM NORMAL: 1.47 2 = FOG REDUCING VISIBILITY
HIGHEST: 93 ON 5 GRTST 24HR 0.90 ON 20-21 TO 1/4 MILE OR LESS
LOWEST: 40 ON 6 3 = THUNDER
SNOW, ICE PELLETS, HAIL 4 = ICE PELLETS
TOTAL MONTH: M 5 = HAIL
GRTST 24HR M ON M 6 = FREEZING RAIN OR DRIZZLE
GRTST DEPTH: M ON M 7 = DUSTSTORM OR SANDSTORM:
VSBY 1/2 MILE OR LESS
8 = SMOKE OR HAZE
[NO. OF DAYS WITH] [WEATHER - DAYS WITH] 9 = BLOWING SNOW
X = TORNADO
MAX 32 OR BELOW: 0 0.01 INCH OR MORE: 14
MAX 90 OR ABOVE: 6 0.10 INCH OR MORE: 10
MIN 32 OR BELOW: 0 0.50 INCH OR MORE: 2
MIN 0 OR BELOW: 0 1.00 INCH OR MORE: 0
[HDD (BASE 65) ]
TOTAL THIS MO. 1 CLEAR (SCALE 0-3) 19
DPTR FM NORMAL -27 PTCLDY (SCALE 4-7) 12
TOTAL FM JUL 1 1 CLOUDY (SCALE 8-10) 0
DPTR FM NORMAL -46
[CDD (BASE 65) ]
TOTAL THIS MO. 106
DPTR FM NORMAL 44 [PRESSURE DATA]
TOTAL FM JAN 1 308 HIGHEST SLP M ON M
DPTR FM NORMAL 151 LOWEST SLP 29.81 ON 20
[REMARKS]
#FINAL-08-23#