000
CXUS54 KFWD 010730
CF6GDJ
PRELIMINARY LOCAL CLIMATOLOGICAL DATA (WS FORM: F-6)
STATION: GRANBURY
MONTH: OCTOBER
YEAR: 2020
LATITUDE: 32 26 N
LONGITUDE: 97 48 W
TEMPERATURE IN F: :PCPN: SNOW: WIND :SUNSHINE: SKY :PK WND
================================================================================
1 2 3 4 5 6A 6B 7 8 9 10 11 12 13 14 15 16 17 18
12Z AVG MX 2MIN
DY MAX MIN AVG DEP HDD CDD WTR SNW DPTH SPD SPD DIR MIN PSBL S-S WX SPD DR
================================================================================
1 83 53 68 -2 0 3 0.00 0.0 0 6.4 15 40 M M 0 8 18 40
2 79 50 65 -5 0 0 0.00 0.0 0 5.4 9 140 M M 0 M M
3 86 58 72 3 0 7 0.00 0.0 0 8.0 15 170 M M 0 20 170
4 80 54 67 -2 0 2 0.00 0.0 0 5.7 14 50 M M 1 21 40
5 81 48 65 -3 0 0 0.00 0.0 0 5.6 12 110 M M 0 16 140
6 90 60 75 7 0 10 0.00 0.0 0 5.4 9 120 M M 0 9 160
7 89 61 75 7 0 10 0.00 0.0 0 4.4 12 110 M M 0 M M
8 88 56 72 4 0 7 0.00 0.0 0 4.2 9 120 M M 0 M M
9 89 67 78 11 0 13 0.00 0.0 0 4.9 9 100 M M 5 1 M M
10 90 61 76 9 0 11 0.00 0.0 0 4.2 9 120 M M 2 12 M M
11 100 69 85 18 0 20 0.00 0.0 0 8.6 14 170 M M 0 M M
12 83 50 67 1 0 2 0.00 0.0 0 8.5 17 330 M M 1 8 24 330
13 84 44 64 -2 1 0 0.00 0.0 0 2.9 8 130 M M 0 M M
14 94 56 75 9 0 10 0.00 0.0 0 8.7 23 190 M M 0 24 190
15 80 66 73 7 0 8 0.00 0.0 0 12.3 21 20 M M 6 32 10
16 73 48 61 -4 4 0 0.00 0.0 0 6.6 14 30 M M 0 23 30
17 81 51 66 1 0 1 0.00 0.0 0 10.7 22 180 M M 2 29 190
18 90 54 72 7 0 7 0.00 0.0 0 12.2 20 320 M M 3 27 320
19 65 52 59 -6 6 0 0.00 0.0 0 5.4 10 330 M M 7 M M
20 90 58 74 10 0 9 0.00 0.0 0 8.2 17 170 M M 6 23 170
21 86 68 77 13 0 12 0.00 0.0 0 9.4 17 150 M M 3 20 150
22 88 67 78 14 0 13 0.00 0.0 0 9.4 17 150 M M 3 22 160
23 75 49 62 -2 3 0 1.86 0.0 0 12.7 20 330 M M 8 13 43 50
24 59 44 52 -11 13 0 0.00 0.0 0 4.8 12 350 M M 5 M M
25 69 51 60 -3 5 0 0.01 0.0 0 8.5 14 60 M M 7 21 60
26 57 38 48 -15 17 0 0.15 0.0 0 12.9 18 320 M M 10 13 25 340
27 40 36 38 -24 27 0 0.01 M 0 10.6 15 350 M M 10 1 18 10
28 53 37 45 -17 20 0 0.18 M 0 10.7 15 290 M M 7 3 24 290
29 61 39 50 -12 15 0 0.00 0.0 0 12.2 22 280 M M 6 30 280
30 69 34 52 -10 13 0 0.00 0.0 0 1.9 6 350 M M 0 3 M M
31 75 39 57 -4 8 0 0.00 0.0 0 4.2 13 170 M M 0 3 16 180
================================================================================
SM 2427 1618 132 145 2.21 0.0 235.6 M 92
================================================================================
AV 78.3 52.2 7.6 FASTST M M 3 MAX(MPH)
MISC ----> # 23 190 # 43 50
================================================================================
NOTES:
# LAST OF SEVERAL OCCURRENCES
COLUMN 17 PEAK WIND IN M.P.H.
PRELIMINARY LOCAL CLIMATOLOGICAL DATA (WS FORM: F-6) , PAGE 2
STATION: GRANBURY
MONTH: OCTOBER
YEAR: 2020
LATITUDE: 32 26 N
LONGITUDE: 97 48 W
[TEMPERATURE DATA] [PRECIPITATION DATA] SYMBOLS USED IN COLUMN 16
AVERAGE MONTHLY: 65.2 TOTAL FOR MONTH: 2.21 1 = FOG OR MIST
DPTR FM NORMAL: -0.3 DPTR FM NORMAL: M 2 = FOG REDUCING VISIBILITY
HIGHEST: 100 ON 11 GRTST 24HR 1.86 ON 23-23 TO 1/4 MILE OR LESS
LOWEST: 34 ON 30 3 = THUNDER
SNOW, ICE PELLETS, HAIL 4 = ICE PELLETS
TOTAL MONTH: 0.0 INCH 5 = HAIL
GRTST 24HR 0.0 6 = FREEZING RAIN OR DRIZZLE
GRTST DEPTH: 0 7 = DUSTSTORM OR SANDSTORM:
VSBY 1/2 MILE OR LESS
8 = SMOKE OR HAZE
[NO. OF DAYS WITH] [WEATHER - DAYS WITH] 9 = BLOWING SNOW
X = TORNADO
MAX 32 OR BELOW: 0 0.01 INCH OR MORE: 5
MAX 90 OR ABOVE: 6 0.10 INCH OR MORE: 3
MIN 32 OR BELOW: 0 0.50 INCH OR MORE: 1
MIN 0 OR BELOW: 0 1.00 INCH OR MORE: 1
[HDD (BASE 65) ]
TOTAL THIS MO. 132 CLEAR (SCALE 0-3) 20
DPTR FM NORMAL 42 PTCLDY (SCALE 4-7) 9
TOTAL FM JUL 1 133 CLOUDY (SCALE 8-10) 2
DPTR FM NORMAL 37
[CDD (BASE 65) ]
TOTAL THIS MO. 145
DPTR FM NORMAL 41 [PRESSURE DATA]
TOTAL FM JAN 1 2901 HIGHEST SLP M ON M
DPTR FM NORMAL 524 LOWEST SLP M ON M
[REMARKS]
#FINAL-10-20#