000
CXUS51 KPHI 010815
CF6GED
PRELIMINARY LOCAL CLIMATOLOGICAL DATA (WS FORM: F-6)
STATION: GEORGETOWN DE
MONTH: JUNE
YEAR: 2021
LATITUDE: 38 41 N
LONGITUDE: 75 22 W
TEMPERATURE IN F: :PCPN: SNOW: WIND :SUNSHINE: SKY :PK WND
================================================================================
1 2 3 4 5 6A 6B 7 8 9 10 11 12 13 14 15 16 17 18
12Z AVG MX 2MIN
DY MAX MIN AVG DEP HDD CDD WTR SNW DPTH SPD SPD DIR MIN PSBL S-S WX SPD DR
================================================================================
1 80 53 67 -2 0 2 0.00 M M 5.5 17 160 M M 1 20 160
2 81 59 70 1 0 5 0.00 M M 9.7 14 160 M M 0 23 160
3 85 65 75 5 0 10 0.29 M M 11.7 22 220 M M 8 13 30 200
4 82 69 76 6 0 11 T M M 8.2 15 210 M M 5 21 240
5 92 67 80 10 0 15 0.00 M M 6.1 17 230 M M 0 1 21 240
6 95 69 82 11 0 17 0.00 M M 7.5 16 160 M M 0 21 170
7 94 73 84 13 0 19 0.00 M M 7.2 15 210 M M 0 21 200
8 92 75 84 13 0 19 0.00 M M 7.4 17 230 M M 1 3 22 230
9 90 71 81 9 0 16 2.09 M M 4.8 30 100 M M 2 123 38 90
10 88 69 79 7 0 14 0.00 M M 5.7 17 50 M M 6 13 20 70
11 70 65 68 -4 0 3 0.09 M M 9.7 16 110 M M 10 1 21 100
12 77 64 71 -2 0 6 0.03 M M 9.2 17 60 M M 8 1 21 40
13 81 61 71 -2 0 6 0.00 M M 5.2 16 120 M M 3 21 130
14 87 65 76 3 0 11 0.01 M M 8.2 16 230 M M 3 3 24 310
15 84 67 76 2 0 11 0.05 M M 4.1 14 300 M M 5 13 20 310
16 81 63 72 -2 0 7 T M M 4.3 13 260 M M 3 19 270
17 80 58 69 -5 0 4 0.00 M M 5.7 15 50 M M 1 20 30
18 86 59 73 -1 0 8 0.00 M M 8.1 17 210 M M 0 23 220
19 91 73 82 7 0 17 T M M 6.8 14 270 M M 3 3 21 280
20 93 70 82 7 0 17 0.00 M M 6.7 17 210 M M 1 1 22 210
21 92 74 83 8 0 18 0.00 M M 7.4 15 240 M M 4 20 360
22 84 62 73 -3 0 8 0.24 M M 4.7 14 340 M M 6 1 27 310
23 77 55 66 -10 0 1 0.00 M M 3.7 15 50 M M 0 19 30
24 77 52 65 -11 0 0 0.00 M M 5.9 18 90 M M 1 24 70
25 82 56 69 -7 0 4 0.00 M M 4.5 14 110 M M 5 1 18 140
26 86 71 79 3 0 14 0.59 M M 8.7 16 200 M M 6 1 23 170
27 90 75 83 6 0 18 0.00 M M 9.2 16 230 M M 3 21 220
28 93 74 84 7 0 19 0.00 M M 8.6 16 180 M M 1 19 200
29 94 74 84 7 0 19 0.00 M M 7.7 17 200 M M 2 1 22 210
30 95 76 86 9 0 21 0.00 M M 9.4 18 220 M M 0 23 220
================================================================================
SM 2579 1984 0 340 3.39 M 211.6 M 88
================================================================================
AV 86.0 66.1 7.1 FASTST M M 3 MAX(MPH)
MISC ----> 30 100 38 90
================================================================================
NOTES:
# LAST OF SEVERAL OCCURRENCES
COLUMN 17 PEAK WIND IN M.P.H.
PRELIMINARY LOCAL CLIMATOLOGICAL DATA (WS FORM: F-6) , PAGE 2
STATION: GEORGETOWN DE
MONTH: JUNE
YEAR: 2021
LATITUDE: 38 41 N
LONGITUDE: 75 22 W
[TEMPERATURE DATA] [PRECIPITATION DATA] SYMBOLS USED IN COLUMN 16
AVERAGE MONTHLY: 76.1 TOTAL FOR MONTH: 3.39 1 = FOG OR MIST
DPTR FM NORMAL: 2.5 DPTR FM NORMAL: -0.68 2 = FOG REDUCING VISIBILITY
HIGHEST: 95 ON 30, 6 GRTST 24HR 2.09 ON 9- 9 TO 1/4 MILE OR LESS
LOWEST: 52 ON 24 3 = THUNDER
SNOW, ICE PELLETS, HAIL 4 = ICE PELLETS
TOTAL MONTH: M 5 = HAIL
GRTST 24HR M ON M 6 = FREEZING RAIN OR DRIZZLE
GRTST DEPTH: M ON M 7 = DUSTSTORM OR SANDSTORM:
VSBY 1/2 MILE OR LESS
8 = SMOKE OR HAZE
[NO. OF DAYS WITH] [WEATHER - DAYS WITH] 9 = BLOWING SNOW
X = TORNADO
MAX 32 OR BELOW: 0 0.01 INCH OR MORE: 8
MAX 90 OR ABOVE: 12 0.10 INCH OR MORE: 4
MIN 32 OR BELOW: 0 0.50 INCH OR MORE: 2
MIN 0 OR BELOW: 0 1.00 INCH OR MORE: 1
[HDD (BASE 65) ]
TOTAL THIS MO. 0 CLEAR (SCALE 0-3) 18
DPTR FM NORMAL -10 PTCLDY (SCALE 4-7) 11
TOTAL FM JUL 1 3614 CLOUDY (SCALE 8-10) 1
DPTR FM NORMAL -453
[CDD (BASE 65) ]
TOTAL THIS MO. 340
DPTR FM NORMAL 74 [PRESSURE DATA]
TOTAL FM JAN 1 497 HIGHEST SLP 30.38 ON 24
DPTR FM NORMAL 112 LOWEST SLP 29.63 ON 21
[REMARKS]
#FINAL-06-21#