000
CXUS51 KPHI 020243
CLMGED
CLIMATE REPORT
NATIONAL WEATHER SERVICE MOUNT HOLLY NJ
1043 PM EDT SAT JUL 01 2023
...................................
...THE GEORGETOWN DE CLIMATE SUMMARY FOR THE MONTH OF JUNE 2023...
CLIMATE NORMAL PERIOD: 1991 TO 2020
CLIMATE RECORD PERIOD: 1948 TO 2023
WEATHER OBSERVED NORMAL DEPART LAST YEAR`S
VALUE DATE(S) VALUE FROM VALUE
NORMAL
..............................................................
TEMPERATURE (F)
RECORD
HIGH 101 06/29/2012
06/30/1959
07/09/1936
LOW 39 06/01/1967
HIGHEST 93 MM MM 94
LOWEST 51 MM MM 50
AVG. MAXIMUM 82.5 83.1 -0.6 84.2
AVG. MINIMUM 61.7 64.0 -2.3 61.8
MEAN 72.1 73.6 -1.5 73.0
DAYS MAX >= 90 3 6.0 -3.0 7
DAYS MAX <= 32 0 0.0 0.0 0
DAYS MIN <= 32 0 0.0 0.0 0
DAYS MIN <= 0 0 0.0 0.0 0
PRECIPITATION (INCHES)
RECORD
MAXIMUM 14.08 2006
MINIMUM 0.42 1988
TOTALS 3.21 4.07 -0.86 3.05
DAILY AVG. 0.11 0.14 -0.03 0.10
DAYS >= .01 9 13.1 -4.1 9
DAYS >= .10 4 7.0 -3.0 4
DAYS >= .50 3 2.4 0.6 2
DAYS >= 1.00 1 1.0 0.0 2
GREATEST
24 HR. TOTAL 1.03 06/08 TO 06/08 1.13
DEGREE DAYS
HEATING TOTAL 1 10 -9 0
SINCE 7/1 3391 4067 -676 MM
COOLING TOTAL 222 266 -44 247
SINCE 1/1 315 385 -70 MM
..............................................................
WIND (MPH)
AVERAGE WIND SPEED 7.0
HIGHEST WIND SPEED/DIRECTION 28/060 DATE 06/21
HIGHEST GUST SPEED/DIRECTION 43/070 DATE 06/21
SKY COVER
POSSIBLE SUNSHINE (PERCENT) MM
AVERAGE SKY COVER 0.35
NUMBER OF DAYS FAIR 17
NUMBER OF DAYS PC 11
NUMBER OF DAYS CLOUDY 2
AVERAGE RH (PERCENT) 66
WEATHER CONDITIONS. NUMBER OF DAYS WITH
THUNDERSTORM 6 MIXED PRECIP 0
HEAVY RAIN 3 RAIN 4
LIGHT RAIN 11 FREEZING RAIN 0
LT FREEZING RAIN 0 HEAVY SNOW 0
SNOW 0 LIGHT SNOW 0
SLEET 0 FOG 15
FOG W/VIS <= 1/4 MILE 1 HAZE 17
- INDICATES NEGATIVE NUMBERS.
R INDICATES RECORD WAS SET OR TIED.
MM INDICATES DATA IS MISSING.
T INDICATES TRACE AMOUNT.
$$