000
CXUS56 KOTX 010910
CF6GEG
PRELIMINARY LOCAL CLIMATOLOGICAL DATA (WS FORM: F-6)
STATION: SPOKANE WA AIRPORT
MONTH: MARCH
YEAR: 2022
LATITUDE: 47 37 N
LONGITUDE: 117 32 W
TEMPERATURE IN F: :PCPN: SNOW: WIND :SUNSHINE: SKY :PK WND
================================================================================
1 2 3 4 5 6A 6B 7 8 9 10 11 12 13 14 15 16 17 18
12Z AVG MX 2MIN
DY MAX MIN AVG DEP HDD CDD WTR SNW DPTH SPD SPD DIR MIN PSBL S-S WX SPD DR
================================================================================
1 57 45 51 15 14 0 T 0.0 0 15.4 26 220 M M 9 32 230
2 48 41 45 9 20 0 0.22 0.0 0 5.1 12 220 M M 10 12 13 220
3 44 35 40 4 25 0 0.42 T 0 8.9 24 250 M M 10 12 31 220
4 41 29 35 -2 30 0 0.00 0.0 0 4.8 14 220 M M 6 12 18 210
5 48 26 37 0 28 0 0.00 0.0 0 5.2 14 320 M M 5 12 17 330
6 46 30 38 1 27 0 0.00 0.0 0 8.9 17 20 M M 3 21 20
7 53 31 42 4 23 0 0.00 0.0 0 8.6 18 270 M M 8 25 250
8 44 29 37 -1 28 0 0.00 0.0 0 12.3 22 350 M M 6 27 350
9 33 21 27 -11 38 0 0.00 0.0 0 10.9 20 60 M M 4 23 80
10 38 22 30 -9 35 0 0.00 0.0 0 9.4 17 240 M M 6 21 230
11 41 27 34 -5 31 0 T T 0 5.7 14 210 M M 9 19 210
12 57 36 47 8 18 0 0.00 0.0 0 6.0 18 230 M M 8 25 240
13 48 37 43 4 22 0 0.10 0.0 0 12.8 25 220 M M 10 1 31 210
14 48 39 44 4 21 0 0.17 0.0 0 12.1 22 230 M M 10 1 28 200
15 54 36 45 5 20 0 0.11 0.0 0 17.7 35 240 M M 7 1 41 220
16 51 34 43 3 22 0 0.00 0.0 0 11.4 20 230 M M 4 25 230
17 52 32 42 2 23 0 T 0.0 0 9.5 18 220 M M 7 22 220
18 51 38 45 4 20 0 0.00 0.0 0 7.7 18 240 M M 8 22 240
19 49 32 41 0 24 0 0.02 0.0 0 9.5 20 250 M M 7 1 25 210
20 46 28 37 -4 28 0 0.00 0.0 0 12.2 22 240 M M 5 30 250
21 43 34 39 -3 26 0 0.12 T 0 7.4 14 220 M M 10 1 18 220
22 49 39 44 2 21 0 T 0.0 0 5.9 10 50 M M 10 1 12 160
23 59 38 49 7 16 0 0.10 0.0 0 9.7 22 240 M M 6 123 27 220
24 54 32 43 1 22 0 0.00 0.0 0 4.7 16 220 M M 7 19 230
25 58 37 48 6 17 0 0.00 0.0 0 5.2 10 210 M M 9 16 250
26 61 40 51 8 14 0 0.00 0.0 0 5.5 15 200 M M 9 20 230
27 68 44 56 13 9 0 0.00 0.0 0 6.4 14 60 M M 8 17 60
28 65 44 55 12 10 0 0.00 0.0 0 7.5 18 260 M M 6 28 270
29 61 42 52 9 13 0 0.00 0.0 0 6.6 17 350 M M 4 21 340
30 57 36 47 4 18 0 0.00 0.0 0 16.9 30 240 M M 5 36 220
31 52 28 40 -4 25 0 0.00 0.0 0 12.1 21 250 M M 5 24 240
================================================================================
SM 1576 1062 688 0 1.26 T 282.0 M 221
================================================================================
AV 50.8 34.3 9.1 FASTST M M 7 MAX(MPH)
MISC ----> 35 240 41 220
================================================================================
NOTES:
# LAST OF SEVERAL OCCURRENCES
COLUMN 17 PEAK WIND IN M.P.H.
PRELIMINARY LOCAL CLIMATOLOGICAL DATA (WS FORM: F-6) , PAGE 2
STATION: SPOKANE WA AIRPORT
MONTH: MARCH
YEAR: 2022
LATITUDE: 47 37 N
LONGITUDE: 117 32 W
[TEMPERATURE DATA] [PRECIPITATION DATA] SYMBOLS USED IN COLUMN 16
AVERAGE MONTHLY: 42.5 TOTAL FOR MONTH: 1.26 1 = FOG OR MIST
DPTR FM NORMAL: 2.5 DPTR FM NORMAL: -0.57 2 = FOG REDUCING VISIBILITY
HIGHEST: 68 ON 27 GRTST 24HR 0.53 ON 2- 3 TO 1/4 MILE OR LESS
LOWEST: 21 ON 9 3 = THUNDER
SNOW, ICE PELLETS, HAIL 4 = ICE PELLETS
TOTAL MONTH: T 5 = HAIL
GRTST 24HR T ON 3- 3 6 = FREEZING RAIN OR DRIZZLE
GRTST DEPTH: 1 ON M 7 = DUSTSTORM OR SANDSTORM:
VSBY 1/2 MILE OR LESS
8 = SMOKE OR HAZE
[NO. OF DAYS WITH] [WEATHER - DAYS WITH] 9 = BLOWING SNOW
X = TORNADO
MAX 32 OR BELOW: 0 0.01 INCH OR MORE: 8
MAX 90 OR ABOVE: 0 0.10 INCH OR MORE: 7
MIN 32 OR BELOW: 13 0.50 INCH OR MORE: 0
MIN 0 OR BELOW: 0 1.00 INCH OR MORE: 0
[HDD (BASE 65) ]
TOTAL THIS MO. 688 CLEAR (SCALE 0-3) 1
DPTR FM NORMAL -86 PTCLDY (SCALE 4-7) 18
TOTAL FM JUL 1 5260 CLOUDY (SCALE 8-10) 12
DPTR FM NORMAL -232
[CDD (BASE 65) ]
TOTAL THIS MO. 0
DPTR FM NORMAL 0 [PRESSURE DATA]
TOTAL FM JAN 1 0 HIGHEST SLP M ON M
DPTR FM NORMAL 0 LOWEST SLP 29.59 ON 27
[REMARKS]
#FINAL-03-22#