000
CXUS56 KOTX 010910
CF6GEG
PRELIMINARY LOCAL CLIMATOLOGICAL DATA (WS FORM: F-6)
STATION: SPOKANE WA AIRPORT
MONTH: MARCH
YEAR: 2021
LATITUDE: 47 37 N
LONGITUDE: 117 32 W
TEMPERATURE IN F: :PCPN: SNOW: WIND :SUNSHINE: SKY :PK WND
================================================================================
1 2 3 4 5 6A 6B 7 8 9 10 11 12 13 14 15 16 17 18
12Z AVG MX 2MIN
DY MAX MIN AVG DEP HDD CDD WTR SNW DPTH SPD SPD DIR MIN PSBL S-S WX SPD DR
================================================================================
1 50 34 42 6 23 0 0.00 0.0 0 9.5 16 170 M M 7 22 140
2 52 36 44 8 21 0 0.00 0.0 0 10.7 23 230 M M 6 29 240
3 57 30 44 8 21 0 0.00 0.0 0 4.4 10 70 M M 2 8 14 140
4 59 35 47 10 18 0 0.00 0.0 0 6.6 15 70 M M 3 18 80
5 60 33 47 10 18 0 0.00 0.0 0 8.4 18 170 M M 7 23 170
6 48 33 41 4 24 0 T 0.0 0 12.1 24 200 M M 7 29 210
7 48 32 40 2 25 0 T T 0 11.3 31 230 M M 7 36 240
8 47 27 37 -1 28 0 0.00 0.0 0 5.9 15 20 M M 7 20 20
9 47 29 38 0 27 0 T 0.0 0 4.4 14 170 M M 6 19 150
10 48 27 38 -1 27 0 T 0.0 0 2.6 14 340 M M 4 17 300
11 50 26 38 -1 27 0 0.00 0.0 0 5.7 17 290 M M 2 21 300
12 53 27 40 1 25 0 0.00 0.0 0 4.4 12 250 M M 3 15 250
13 56 31 44 4 21 0 0.00 0.0 0 2.7 12 70 M M 4 13 50
14 60 32 46 6 19 0 0.00 0.0 0 4.7 13 280 M M 8 15 280
15 48 34 41 1 24 0 0.00 0.0 0 8.7 17 220 M M 8 19 210
16 53 31 42 2 23 0 0.00 0.0 0 4.2 9 230 M M 4 10 230
17 59 30 45 4 20 0 0.00 0.0 0 3.1 14 70 M M 4 17 60
18 63 36 50 9 15 0 T 0.0 0 8.7 30 190 M M 7 38 190
19 52 36 44 3 21 0 T 0.0 0 12.2 24 230 M M 6 29 220
20 50 34 42 0 23 0 T 0.0 0 13.8 25 220 M M 6 35 240
21 45 31 38 -4 27 0 T T 0 14.8 25 220 M M 9 30 230
22 44 30 37 -5 28 0 0.13 T 0 10.5 22 220 M M 8 13 27 220
23 51 26 39 -3 26 0 0.00 0.0 0 6.9 17 200 M M 3 1 23 200
24 42 33 38 -5 27 0 0.13 0.0 0 10.9 23 210 M M 10 18 29 210
25 49 34 42 -1 23 0 T 0.0 0 5.8 20 330 M M 8 12 24 330
26 53 32 43 0 22 0 0.00 0.0 0 11.8 24 230 M M 7 18 30 260
27 56 32 44 1 21 0 0.00 0.0 0 8.6 17 230 M M 6 23 210
28 58 32 45 2 20 0 T 0.0 0 22.1 46 230 M M 9 7 56 230
29 45 27 36 -8 29 0 T T 0 20.3 37 250 M M 5 5 44 250
30 49 24 37 -7 28 0 0.00 0.0 0 10.7 20 290 M M 2 26 310
31 57 29 43 -1 22 0 0.00 0.0 0 5.3 13 190 M M 2 18 140
================================================================================
SM 1609 963 723 0 0.26 T 271.8 M 177
================================================================================
AV 51.9 31.1 8.8 FASTST M M 6 MAX(MPH)
MISC ----> 46 230 56 230
================================================================================
NOTES:
# LAST OF SEVERAL OCCURRENCES
COLUMN 17 PEAK WIND IN M.P.H.
PRELIMINARY LOCAL CLIMATOLOGICAL DATA (WS FORM: F-6) , PAGE 2
STATION: SPOKANE WA AIRPORT
MONTH: MARCH
YEAR: 2021
LATITUDE: 47 37 N
LONGITUDE: 117 32 W
[TEMPERATURE DATA] [PRECIPITATION DATA] SYMBOLS USED IN COLUMN 16
AVERAGE MONTHLY: 41.5 TOTAL FOR MONTH: 0.26 1 = FOG OR MIST
DPTR FM NORMAL: 1.3 DPTR FM NORMAL: -1.35 2 = FOG REDUCING VISIBILITY
HIGHEST: 63 ON 18 GRTST 24HR 0.13 ON 21-22 TO 1/4 MILE OR LESS
LOWEST: 24 ON 30 3 = THUNDER
SNOW, ICE PELLETS, HAIL 4 = ICE PELLETS
TOTAL MONTH: T 5 = HAIL
GRTST 24HR T ON 7- 7 6 = FREEZING RAIN OR DRIZZLE
GRTST DEPTH: 0 7 = DUSTSTORM OR SANDSTORM:
VSBY 1/2 MILE OR LESS
8 = SMOKE OR HAZE
[NO. OF DAYS WITH] [WEATHER - DAYS WITH] 9 = BLOWING SNOW
X = TORNADO
MAX 32 OR BELOW: 0 0.01 INCH OR MORE: 2
MAX 90 OR ABOVE: 0 0.10 INCH OR MORE: 2
MIN 32 OR BELOW: 20 0.50 INCH OR MORE: 0
MIN 0 OR BELOW: 0 1.00 INCH OR MORE: 0
[HDD (BASE 65) ]
TOTAL THIS MO. 723 CLEAR (SCALE 0-3) 6
DPTR FM NORMAL -44 PTCLDY (SCALE 4-7) 20
TOTAL FM JUL 1 5183 CLOUDY (SCALE 8-10) 5
DPTR FM NORMAL -413
[CDD (BASE 65) ]
TOTAL THIS MO. 0
DPTR FM NORMAL 0 [PRESSURE DATA]
TOTAL FM JAN 1 0 HIGHEST SLP M ON M
DPTR FM NORMAL 0 LOWEST SLP 29.57 ON 28
[REMARKS]
#FINAL-03-21#