000
CXUS53 KIND 010600
CF6GEZ
PRELIMINARY LOCAL CLIMATOLOGICAL DATA (WS FORM: F-6)
STATION: SHELBYVILLE IN
MONTH: JUNE
YEAR: 2022
LATITUDE: 39 35 N
LONGITUDE: 85 48 W
TEMPERATURE IN F: :PCPN: SNOW: WIND :SUNSHINE: SKY :PK WND
================================================================================
1 2 3 4 5 6A 6B 7 8 9 10 11 12 13 14 15 16 17 18
12Z AVG MX 2MIN
DY MAX MIN AVG DEP HDD CDD WTR SNW DPTH SPD SPD DIR MIN PSBL S-S WX SPD DR
================================================================================
1 91 70 81 11 0 16 0.25 M M 8.9 32 310 M M 3 138 47 320
2 79 64 72 2 0 7 0.02 M M 7.0 14 300 M M 5 1 19 60
3 84 55 70 -1 0 5 0.00 M M 5.6 17 270 M M 1 23 290
4 86 56 71 0 0 6 0.00 M M 4.6 14 110 M M 0 17 110
5 86 61 74 3 0 9 0.00 M M 6.9 15 180 M M 0 23 180
6 88 64 76 5 0 11 0.15 M M 11.7 24 230 M M 4 13 35 220
7 82 66 74 2 0 9 0.01 M M 7.9 16 260 M M 7 21 230
8 82 60 71 -1 0 6 0.32 M M 8.9 30 290 M M 3 138 40 290
9 80 59 70 -2 0 5 0.00 M M 7.1 15 300 M M 4 1 22 300
10 77 57 67 -5 0 2 0.13 M M 4.9 20 190 M M 5 1 25 200
11 82 60 71 -2 0 6 0.39 M M 5.6 17 180 M M 8 1 22 190
12 85 68 77 4 0 12 0.13 M M 6.4 14 160 M M 5 13 17 160
13 93 71 82 9 0 17 0.16 M M 7.0 25 40 M M 3 138 36 50
14 98 77 88 15 0 23 0.00 M M 8.9 15 210 M M 0 23 250
15 96 77 87 14 0 22 0.00 M M 9.7 21 180 M M 0 27 180
16 94 76 85 11 0 20 0.00 M M 11.1 21 230 M M 1 29 230
17 92 73 83 9 0 18 T M M 9.7 20 310 M M 1 1 27 350
18 83 62 73 -1 0 8 0.00 M M 8.8 20 50 M M 0 28 30
19 83 55 69 -5 0 4 0.00 M M 4.7 12 110 M M 0 17 130
20 90 57 74 0 0 9 0.00 M M 5.6 14 220 M M 0 18 220
21 97 61 79 5 0 14 0.00 M M 8.1 17 250 M M 0 27 220
22 97 71 84 10 0 19 0.00 M M 8.0 18 330 M M 1 27 330
23 90 63 77 2 0 12 0.00 M M 6.3 16 50 M M 0 22 50
24 91 60 76 1 0 11 0.00 M M 2.9 9 180 M M 0 12 170
25 89 60 75 0 0 10 0.00 M M 5.0 12 140 M M 1 15 130
26 86 67 77 2 0 12 0.03 M M 6.8 17 290 M M 4 23 290
27 83 59 71 -4 0 6 0.00 M M 7.8 17 320 M M 0 25 330
28 84 52 68 -7 0 3 0.00 M M 3.1 10 40 M M 0 14 60
29 89 53 71 -4 0 6 0.00 M M 4.1 12 190 M M 0 17 170
30 94 59 77 2 0 12 0.00 M M 6.6 16 210 M M 0 25 220
================================================================================
SM 2631 1893 0 320 1.59 M 209.7 M 56
================================================================================
AV 87.7 63.1 7.0 FASTST M M 2 MAX(MPH)
MISC ----> 32 310 47 320
================================================================================
NOTES:
# LAST OF SEVERAL OCCURRENCES
COLUMN 17 PEAK WIND IN M.P.H.
PRELIMINARY LOCAL CLIMATOLOGICAL DATA (WS FORM: F-6) , PAGE 2
STATION: SHELBYVILLE IN
MONTH: JUNE
YEAR: 2022
LATITUDE: 39 35 N
LONGITUDE: 85 48 W
[TEMPERATURE DATA] [PRECIPITATION DATA] SYMBOLS USED IN COLUMN 16
AVERAGE MONTHLY: 75.4 TOTAL FOR MONTH: 1.59 1 = FOG OR MIST
DPTR FM NORMAL: 2.2 DPTR FM NORMAL: -3.57 2 = FOG REDUCING VISIBILITY
HIGHEST: 98 ON 14 GRTST 24HR 0.52 ON 11-12 TO 1/4 MILE OR LESS
LOWEST: 52 ON 28 3 = THUNDER
SNOW, ICE PELLETS, HAIL 4 = ICE PELLETS
TOTAL MONTH: M 5 = HAIL
GRTST 24HR M ON M 6 = FREEZING RAIN OR DRIZZLE
GRTST DEPTH: M ON M 7 = DUSTSTORM OR SANDSTORM:
VSBY 1/2 MILE OR LESS
8 = SMOKE OR HAZE
[NO. OF DAYS WITH] [WEATHER - DAYS WITH] 9 = BLOWING SNOW
X = TORNADO
MAX 32 OR BELOW: 0 0.01 INCH OR MORE: 10
MAX 90 OR ABOVE: 12 0.10 INCH OR MORE: 7
MIN 32 OR BELOW: 0 0.50 INCH OR MORE: 0
MIN 0 OR BELOW: 0 1.00 INCH OR MORE: 0
[HDD (BASE 65) ]
TOTAL THIS MO. 0 CLEAR (SCALE 0-3) 22
DPTR FM NORMAL -9 PTCLDY (SCALE 4-7) 8
TOTAL FM JUL 1 4482 CLOUDY (SCALE 8-10) 0
DPTR FM NORMAL -555
[CDD (BASE 65) ]
TOTAL THIS MO. 320
DPTR FM NORMAL 65 [PRESSURE DATA]
TOTAL FM JAN 1 515 HIGHEST SLP M ON M
DPTR FM NORMAL 129 LOWEST SLP 29.67 ON 8
[REMARKS]
#FINAL-06-22#