000
CXUS55 KALY 010710
CF6GFL
PRELIMINARY LOCAL CLIMATOLOGICAL DATA (WS FORM: F-6)
STATION: GLENS FALLS NY
MONTH: MAY
YEAR: 2022
LATITUDE: 43 20 N
LONGITUDE: 73 37 W
TEMPERATURE IN F: :PCPN: SNOW: WIND :SUNSHINE: SKY :PK WND
================================================================================
1 2 3 4 5 6A 6B 7 8 9 10 11 12 13 14 15 16 17 18
12Z AVG MX 2MIN
DY MAX MIN AVG DEP HDD CDD WTR SNW DPTH SPD SPD DIR MIN PSBL S-S WX SPD DR
================================================================================
1 68 29 49 -3 16 0 0.00 M M 2.3 9 180 M M 0 13 90
2 56 36 46 -6 19 0 0.04 M M 2.0 16 150 M M 9 1 27 130
3 64 46 55 3 10 0 0.02 M M 5.6 16 160 M M 8 1 20 160
4 54 43 49 -4 16 0 0.23 M M 3.5 12 220 M M 10 12 17 190
5 63 42 53 0 12 0 0.00 M M 6.4 14 20 M M 2 12 16 20
6 65 39 52 -1 13 0 0.00 M M 4.9 14 50 M M 0 19 50
7 59 38 49 -5 16 0 0.00 M M 9.5 17 20 M M 0 23 30
8 65 30 48 -6 17 0 0.00 M M 6.5 18 80 M M 0 24 60
9 73 30 52 -2 13 0 0.00 M M 4.9 17 60 M M 0 23 40
10 76 31 54 -1 11 0 0.00 M M 4.5 15 50 M M 0 20 40
11 81 33 57 2 8 0 0.00 M M 2.7 12 30 M M 0 17 30
12 87 38 63 8 2 0 0.00 M M 1.4 7 210 M M 0 1 9 150
13 83 51 67 11 0 2 0.00 M M 7.4 15 190 M M 1 21 180
14 84 65 75 19 0 10 0.00 M M 8.2 17 210 M M 2 22 210
15 77 58 68 12 0 3 0.72 M M 5.1 18 330 M M 8 123 25 310
16 81 56 69 12 0 4 0.46 M M 7.4 20 180 M M 8 13 29 180
17 66 50 58 1 7 0 T M M 10.7 23 260 M M 7 36 270
18 68 43 56 -1 9 0 T M M 5.1 18 330 M M 1 26 350
19 59 46 53 -5 12 0 0.23 M M 3.1 10 170 M M 8 12 13 160
20 79 41 60 2 5 0 0.00 M M 8.1 21 190 M M 6 12 27 170
21 88 64 76 18 0 11 0.00 M M 6.1 17 200 M M 4 1 23 200
22 90 58 74 16 0 9 0.02 M M 8.1 26 290 M M 3 128 33 290
23 64 50 57 -2 8 0 0.00 M M 9.2 22 320 M M 2 30 330
24 70 43 57 -2 8 0 0.00 M M 3.7 13 30 M M 4 16 90
25 74 42 58 -1 7 0 0.00 M M 2.4 10 170 M M 1 1 13 190
26 73 57 65 5 0 0 0.00 M M 12.4 22 200 M M 3 31 210
27 77 63 70 10 0 5 T M M 10.4 18 190 M M 8 25 210
28 79 48 64 4 1 0 0.01 M M 6.1 20 340 M M 4 1 27 330
29 M 48 M M M M 0.00 M M M M M M M 0 1 M M
30 87 47 67 6 0 2 0.00 M M 4.9 15 230 M M 0 12 20 220
31 87 58 73 12 0 8 0.00 M M 5.4 15 60 M M 3 19 60
================================================================================
SM 2197 1423 210 54 1.73 M 178.0 M 102
================================================================================
AV 73.2 45.9 5.9 FASTST M M 3 MAX(MPH)
MISC ----> 26 290 36 270
================================================================================
NOTES:
# LAST OF SEVERAL OCCURRENCES
COLUMN 17 PEAK WIND IN M.P.H.
PRELIMINARY LOCAL CLIMATOLOGICAL DATA (WS FORM: F-6) , PAGE 2
STATION: GLENS FALLS NY
MONTH: MAY
YEAR: 2022
LATITUDE: 43 20 N
LONGITUDE: 73 37 W
[TEMPERATURE DATA] [PRECIPITATION DATA] SYMBOLS USED IN COLUMN 16
AVERAGE MONTHLY: 59.6 TOTAL FOR MONTH: 1.73 1 = FOG OR MIST
DPTR FM NORMAL: 3.1 DPTR FM NORMAL: -1.62 2 = FOG REDUCING VISIBILITY
HIGHEST: 90 ON 22 GRTST 24HR 0.72 ON 15-15 TO 1/4 MILE OR LESS
LOWEST: 29 ON 1 3 = THUNDER
SNOW, ICE PELLETS, HAIL 4 = ICE PELLETS
TOTAL MONTH: M 5 = HAIL
GRTST 24HR M ON M 6 = FREEZING RAIN OR DRIZZLE
GRTST DEPTH: M ON M 7 = DUSTSTORM OR SANDSTORM:
VSBY 1/2 MILE OR LESS
8 = SMOKE OR HAZE
[NO. OF DAYS WITH] [WEATHER - DAYS WITH] 9 = BLOWING SNOW
X = TORNADO
MAX 32 OR BELOW: 0 0.01 INCH OR MORE: 8
MAX 90 OR ABOVE: 1 0.10 INCH OR MORE: 4
MIN 32 OR BELOW: 4 0.50 INCH OR MORE: 1
MIN 0 OR BELOW: 0 1.00 INCH OR MORE: 0
[HDD (BASE 65) ]
TOTAL THIS MO. 210 CLEAR (SCALE 0-3) 18
DPTR FM NORMAL -73 PTCLDY (SCALE 4-7) 9
TOTAL FM JUL 1 6907 CLOUDY (SCALE 8-10) 4
DPTR FM NORMAL -426
[CDD (BASE 65) ]
TOTAL THIS MO. 54
DPTR FM NORMAL 36 [PRESSURE DATA]
TOTAL FM JAN 1 54 HIGHEST SLP M ON M
DPTR FM NORMAL 35 LOWEST SLP 29.43 ON 16
[REMARKS]
#FINAL-05-22#