987
CXUS55 KGGW 010910
CF6GGW
PRELIMINARY LOCAL CLIMATOLOGICAL DATA (WS FORM: F-6)
STATION: GLASGOW MT
MONTH: OCTOBER
YEAR: 2020
LATITUDE: 48 13 N
LONGITUDE: 106 37 W
TEMPERATURE IN F: :PCPN: SNOW: WIND :SUNSHINE: SKY :PK WND
================================================================================
1 2 3 4 5 6A 6B 7 8 9 10 11 12 13 14 15 16 17 18
12Z AVG MX 2MIN
DY MAX MIN AVG DEP HDD CDD WTR SNW DPTH SPD SPD DIR MIN PSBL S-S WX SPD DR
================================================================================
1 58 27 43 -8 22 0 0.00 0.0 0 7.2 13 110 M M 0 15 140
2 70 39 55 4 10 0 T 0.0 0 11.3 33 340 M M 3 43 330
3 67 37 52 2 13 0 0.00 0.0 0 7.0 13 90 M M 0 16 340
4 83 40 62 12 3 0 0.00 0.0 0 10.3 22 270 M M 0 29 280
5 74 52 63 13 2 0 0.03 0.0 0 9.8 21 300 M M 3 27 300
6 77 48 63 14 2 0 0.00 0.0 0 7.3 24 40 M M 1 33 40
7 69 48 59 10 6 0 0.00 0.0 0 8.6 22 100 M M 5 8 28 90
8 75 44 60 12 5 0 0.00 0.0 0 9.9 21 110 M M 0 27 110
9 66 44 55 7 10 0 0.00 0.0 0 7.8 16 110 M M 0 19 100
10 84 43 64 17 1 0 0.00 0.0 0 15.2 28 290 M M 0 39 240
11 66 41 54 7 11 0 0.00 0.0 0 19.9 33 280 M M 4 47 290
12 56 31 44 -3 21 0 0.02 0.0 0 8.2 24 310 M M 5 31 310
13 55 32 44 -2 21 0 0.13 0.0 0 8.2 24 300 M M 4 1 38 300
14 51 34 43 -3 22 0 0.00 0.0 0 13.0 24 300 M M 6 33 300
15 47 29 38 -7 27 0 0.01 T 0 12.3 38 310 M M 5 1 50 300
16 40 30 35 -10 30 0 0.32 T 0 11.1 25 40 M M 9 1 34 50
17 33 22 28 -16 37 0 0.00 0.0 0 14.1 22 320 M M 3 32 310
18 29 21 25 -19 40 0 T T 0 8.5 15 300 M M 9 19 350
19 32 17 25 -19 40 0 0.14 1.4 1 11.9 17 130 M M 9 1 23 130
20 36 16 26 -17 39 0 0.07 0.7 2 11.3 23 310 M M 6 1 33 310
21 32 16 24 -19 41 0 0.47 6.0 T 17.9 29 50 M M 7 129 43 40
22 25 0 13 -29 52 0 0.03 0.5 6 11.5 24 40 M M 5 128 30 40
23 20 -4 8 -34 57 0 T T 6 10.4 21 80 M M 8 128 25 80
24 20 13 17 -24 48 0 0.00 0.0 5 11.7 21 80 M M 6 26 80
25 20 4 12 -29 53 0 T T 5 7.9 18 270 M M 7 1 23 280
26 26 -2 12 -28 53 0 0.00 0.0 5 3.6 12 260 M M 2 1 14 260
27 47 14 31 -9 34 0 T 0.0 5 6.8 15 270 M M 4 20 290
28 44 32 38 -1 27 0 0.00 0.0 2 6.4 12 100 M M 8 15 300
29 55 33 44 5 21 0 T 0.0 T 8.9 18 320 M M 4 24 330
30 65 31 48 10 17 0 T 0.0 0 14.7 49 300 M M 2 74 300
31 48 31 40 2 25 0 T 0.0 0 16.9 35 310 M M 2 48 300
================================================================================
SM 1570 863 790 0 1.22 8.6 329.6 M 127
================================================================================
AV 50.6 27.8 10.6 FASTST M M 4 MAX(MPH)
MISC ----> 49 300 74 300
================================================================================
NOTES:
# LAST OF SEVERAL OCCURRENCES
COLUMN 17 PEAK WIND IN M.P.H.
PRELIMINARY LOCAL CLIMATOLOGICAL DATA (WS FORM: F-6) , PAGE 2
STATION: GLASGOW MT
MONTH: OCTOBER
YEAR: 2020
LATITUDE: 48 13 N
LONGITUDE: 106 37 W
[TEMPERATURE DATA] [PRECIPITATION DATA] SYMBOLS USED IN COLUMN 16
AVERAGE MONTHLY: 39.2 TOTAL FOR MONTH: 1.22 1 = FOG OR MIST
DPTR FM NORMAL: -5.5 DPTR FM NORMAL: 0.47 2 = FOG REDUCING VISIBILITY
HIGHEST: 84 ON 10 GRTST 24HR 0.47 ON 21-21 TO 1/4 MILE OR LESS
LOWEST: -4 ON 23 3 = THUNDER
SNOW, ICE PELLETS, HAIL 4 = ICE PELLETS
TOTAL MONTH: 8.6 INCHES 5 = HAIL
GRTST 24HR 6.0 ON 21-21 6 = FREEZING RAIN OR DRIZZLE
GRTST DEPTH: 6 ON 23,22 7 = DUSTSTORM OR SANDSTORM:
VSBY 1/2 MILE OR LESS
8 = SMOKE OR HAZE
[NO. OF DAYS WITH] [WEATHER - DAYS WITH] 9 = BLOWING SNOW
X = TORNADO
MAX 32 OR BELOW: 8 0.01 INCH OR MORE: 9
MAX 90 OR ABOVE: 0 0.10 INCH OR MORE: 4
MIN 32 OR BELOW: 19 0.50 INCH OR MORE: 0
MIN 0 OR BELOW: 3 1.00 INCH OR MORE: 0
[HDD (BASE 65) ]
TOTAL THIS MO. 790 CLEAR (SCALE 0-3) 11
DPTR FM NORMAL 160 PTCLDY (SCALE 4-7) 16
TOTAL FM JUL 1 969 CLOUDY (SCALE 8-10) 4
DPTR FM NORMAL 45
[CDD (BASE 65) ]
TOTAL THIS MO. 0
DPTR FM NORMAL -1 [PRESSURE DATA]
TOTAL FM JAN 1 627 HIGHEST SLP M ON M
DPTR FM NORMAL 94 LOWEST SLP 29.25 ON 10
[REMARKS]
#FINAL-10-20#