000
CXUS55 KGJT 010910
CF6GJT
PRELIMINARY LOCAL CLIMATOLOGICAL DATA (WS FORM: F-6)
STATION: GRAND JUNCTION CO
MONTH: MAY
YEAR: 2023
LATITUDE: 39 7 N
LONGITUDE: 108 32 W
TEMPERATURE IN F: :PCPN: SNOW: WIND :SUNSHINE: SKY :PK WND
================================================================================
1 2 3 4 5 6A 6B 7 8 9 10 11 12 13 14 15 16 17 18
12Z AVG MX 2MIN
DY MAX MIN AVG DEP HDD CDD WTR SNW DPTH SPD SPD DIR MIN PSBL S-S WX SPD DR
================================================================================
1 82 52 67 11 0 2 0.00 0.0 0 8.5 18 110 M M 0 22 130
2 77 53 65 8 0 0 0.00 0.0 0 10.8 24 190 M M 1 8 32 180
3 81 49 65 8 0 0 0.00 0.0 0 8.2 38 130 M M 0 57 140
4 76 55 66 9 0 1 T 0.0 0 11.1 24 210 M M 4 34 170
5 67 50 59 1 6 0 0.00 0.0 0 7.7 21 190 M M 3 8 27 200
6 68 42 55 -3 10 0 T 0.0 0 6.2 20 240 M M 4 27 250
7 68 48 58 0 7 0 0.01 0.0 0 7.1 18 110 M M 6 23 110
8 77 43 60 1 5 0 0.00 0.0 0 7.4 28 190 M M 1 37 170
9 79 45 62 3 3 0 0.00 0.0 0 6.7 16 300 M M 0 22 290
10 73 50 62 2 3 0 T 0.0 0 10.6 33 250 M M 2 8 47 240
11 70 50 60 0 5 0 T 0.0 0 7.3 20 50 M M 7 26 60
12 75 49 62 2 3 0 0.00 0.0 0 8.7 25 40 M M 2 8 32 40
13 76 50 63 2 2 0 T 0.0 0 8.2 23 130 M M 1 31 110
14 75 56 66 5 0 1 0.00 0.0 0 8.6 18 280 M M 4 3 26 290
15 81 48 65 3 0 0 0.00 0.0 0 3.1 16 160 M M 1 22 160
16 83 53 68 6 0 3 0.00 0.0 0 9.2 29 300 M M 0 8 37 290
17 82 49 66 4 0 1 0.00 0.0 0 6.6 33 340 M M 0 8 45 340
18 81 55 68 5 0 3 T 0.0 0 8.3 29 50 M M 3 40 50
19 81 50 66 3 0 1 T 0.0 0 7.3 22 110 M M 1 29 50
20 81 55 68 4 0 3 T 0.0 0 8.0 18 20 M M 1 26 290
21 82 52 67 3 0 2 0.13 0.0 0 7.4 21 10 M M 1 3 27 10
22 82 55 69 5 0 4 0.00 0.0 0 10.5 33 10 M M 2 3 41 20
23 82 52 67 2 0 2 0.00 0.0 0 9.2 20 130 M M 1 26 130
24 86 57 72 7 0 7 0.01 0.0 0 8.3 21 140 M M 2 29 290
25 87 54 71 6 0 6 0.00 0.0 0 10.3 20 220 M M 0 28 170
26 86 56 71 5 0 6 0.00 0.0 0 13.1 25 140 M M 0 8 36 160
27 78 48 63 -3 2 0 0.03 0.0 0 6.6 28 250 M M 1 3 36 250
28 85 49 67 1 0 2 0.00 0.0 0 6.2 15 120 M M 0 21 120
29 88 53 71 4 0 6 0.00 0.0 0 7.0 20 290 M M 0 29 300
30 85 53 69 2 0 4 0.00 0.0 0 7.1 20 80 M M 0 25 90
31 83 56 70 2 0 5 T 0.0 0 10.2 40 140 M M 2 38 61 160
================================================================================
SM 2457 1587 46 59 0.18 0.0 255.5 M 50
================================================================================
AV 79.3 51.2 8.2 FASTST M M 2 MAX(MPH)
MISC ----> 40 140 61 160
================================================================================
NOTES:
# LAST OF SEVERAL OCCURRENCES
COLUMN 17 PEAK WIND IN M.P.H.
PRELIMINARY LOCAL CLIMATOLOGICAL DATA (WS FORM: F-6) , PAGE 2
STATION: GRAND JUNCTION CO
MONTH: MAY
YEAR: 2023
LATITUDE: 39 7 N
LONGITUDE: 108 32 W
[TEMPERATURE DATA] [PRECIPITATION DATA] SYMBOLS USED IN COLUMN 16
AVERAGE MONTHLY: 65.2 TOTAL FOR MONTH: 0.18 1 = FOG OR MIST
DPTR FM NORMAL: 3.2 DPTR FM NORMAL: -0.65 2 = FOG REDUCING VISIBILITY
HIGHEST: 88 ON 29 GRTST 24HR 0.13 ON 20-21 TO 1/4 MILE OR LESS
LOWEST: 42 ON 6 3 = THUNDER
SNOW, ICE PELLETS, HAIL 4 = ICE PELLETS
TOTAL MONTH: 0.0 INCH 5 = HAIL
GRTST 24HR 0.0 6 = FREEZING RAIN OR DRIZZLE
GRTST DEPTH: 0 7 = DUSTSTORM OR SANDSTORM:
VSBY 1/2 MILE OR LESS
8 = SMOKE OR HAZE
[NO. OF DAYS WITH] [WEATHER - DAYS WITH] 9 = BLOWING SNOW
X = TORNADO
MAX 32 OR BELOW: 0 0.01 INCH OR MORE: 4
MAX 90 OR ABOVE: 0 0.10 INCH OR MORE: 1
MIN 32 OR BELOW: 0 0.50 INCH OR MORE: 0
MIN 0 OR BELOW: 0 1.00 INCH OR MORE: 0
[HDD (BASE 65) ]
TOTAL THIS MO. 46 CLEAR (SCALE 0-3) 26
DPTR FM NORMAL -104 PTCLDY (SCALE 4-7) 5
TOTAL FM JUL 1 5473 CLOUDY (SCALE 8-10) 0
DPTR FM NORMAL -5
[CDD (BASE 65) ]
TOTAL THIS MO. 59
DPTR FM NORMAL 3 [PRESSURE DATA]
TOTAL FM JAN 1 59 HIGHEST SLP M ON M
DPTR FM NORMAL 0 LOWEST SLP 29.52 ON 1
[REMARKS]
#FINAL-05-23#