000
CXUS55 KGJT 010910
CF6GJT
PRELIMINARY LOCAL CLIMATOLOGICAL DATA (WS FORM: F-6)
STATION: GRAND JUNCTION CO
MONTH: JUNE
YEAR: 2022
LATITUDE: 39 7 N
LONGITUDE: 108 32 W
TEMPERATURE IN F: :PCPN: SNOW: WIND :SUNSHINE: SKY :PK WND
================================================================================
1 2 3 4 5 6A 6B 7 8 9 10 11 12 13 14 15 16 17 18
12Z AVG MX 2MIN
DY MAX MIN AVG DEP HDD CDD WTR SNW DPTH SPD SPD DIR MIN PSBL S-S WX SPD DR
================================================================================
1 79 49 64 -4 1 0 0.00 0.0 0 7.2 18 60 M M 0 26 50
2 86 45 66 -2 0 1 0.00 0.0 0 7.0 20 310 M M 0 25 300
3 87 55 71 2 0 6 0.00 0.0 0 8.7 23 270 M M 0 32 270
4 89 56 73 4 0 8 0.00 0.0 0 7.8 18 240 M M 0 24 240
5 88 60 74 4 0 9 0.00 0.0 0 7.3 20 260 M M 0 28 260
6 92 64 78 8 0 13 T 0.0 0 8.1 37 320 M M 1 49 320
7 92 58 75 5 0 10 0.00 0.0 0 7.6 24 240 M M 0 31 210
8 94 50 72 1 0 7 0.00 0.0 0 5.6 18 310 M M 0 24 300
9 98 62 80 9 0 15 0.00 0.0 0 7.0 17 250 M M 0 24 250
10 100 63 82 11 0 17 0.00 0.0 0 8.2 22 270 M M 0 30 320
11 102 62 82 10 0 17 0.00 0.0 0 8.0 25 270 M M 0 36 270
12 101 70 86 14 0 21 0.00 0.0 0 12.0 26 220 M M 0 39 210
13 97 62 80 8 0 15 0.00 0.0 0 16.5 33 180 M M 0 45 170
14 80 52 66 -7 0 1 0.00 0.0 0 11.0 29 250 M M 0 40 250
15 85 45 65 -8 0 0 0.00 0.0 0 6.0 16 270 M M 0 23 280
16 97 51 74 1 0 9 0.00 0.0 0 8.0 16 300 M M 0 22 320
17 98 66 82 8 0 17 0.00 0.0 0 15.3 33 140 M M 1 49 130
18 90 62 76 2 0 11 0.07 0.0 0 18.9 39 180 M M 4 51 180
19 86 63 75 1 0 10 T 0.0 0 14.7 38 130 M M 3 53 130
20 81 46 64 -11 1 0 0.00 0.0 0 9.8 26 290 M M 0 38 270
21 90 46 68 -7 0 3 0.00 0.0 0 6.1 20 40 M M 0 24 40
22 92 61 77 2 0 12 0.00 0.0 0 10.1 30 150 M M 0 38 180
23 85 61 73 -3 0 8 0.07 0.0 0 6.9 37 300 M M 3 3 46 300
24 90 55 73 -3 0 8 0.00 0.0 0 5.3 21 260 M M 1 29 250
25 93 58 76 0 0 11 0.00 0.0 0 9.4 25 360 M M 0 33 10
26 88 63 76 0 0 11 0.00 0.0 0 14.1 38 150 M M 0 49 140
27 91 56 74 -3 0 9 0.00 0.0 0 8.2 16 100 M M 0 21 90
28 93 62 78 1 0 13 0.00 0.0 0 9.0 21 130 M M 0 24 130
29 94 68 81 4 0 16 0.01 0.0 0 10.9 39 280 M M 1 3 51 280
30 87 65 76 -1 0 11 0.04 0.0 0 10.5 32 70 M M 4 3 50 60
================================================================================
SM 2725 1736 2 289 0.19 0.0 285.2 M 18
================================================================================
AV 90.8 57.9 9.5 FASTST M M 1 MAX(MPH)
MISC ----> # 39 180 53 130
================================================================================
NOTES:
# LAST OF SEVERAL OCCURRENCES
COLUMN 17 PEAK WIND IN M.P.H.
PRELIMINARY LOCAL CLIMATOLOGICAL DATA (WS FORM: F-6) , PAGE 2
STATION: GRAND JUNCTION CO
MONTH: JUNE
YEAR: 2022
LATITUDE: 39 7 N
LONGITUDE: 108 32 W
[TEMPERATURE DATA] [PRECIPITATION DATA] SYMBOLS USED IN COLUMN 16
AVERAGE MONTHLY: 74.4 TOTAL FOR MONTH: 0.19 1 = FOG OR MIST
DPTR FM NORMAL: 1.3 DPTR FM NORMAL: -0.22 2 = FOG REDUCING VISIBILITY
HIGHEST: 102 ON 11 GRTST 24HR 0.07 ON 18-18 TO 1/4 MILE OR LESS
LOWEST: 45 ON 15, 2 3 = THUNDER
SNOW, ICE PELLETS, HAIL 4 = ICE PELLETS
TOTAL MONTH: 0.0 INCH 5 = HAIL
GRTST 24HR 0.0 6 = FREEZING RAIN OR DRIZZLE
GRTST DEPTH: 0 7 = DUSTSTORM OR SANDSTORM:
VSBY 1/2 MILE OR LESS
8 = SMOKE OR HAZE
[NO. OF DAYS WITH] [WEATHER - DAYS WITH] 9 = BLOWING SNOW
X = TORNADO
MAX 32 OR BELOW: 0 0.01 INCH OR MORE: 4
MAX 90 OR ABOVE: 18 0.10 INCH OR MORE: 0
MIN 32 OR BELOW: 0 0.50 INCH OR MORE: 0
MIN 0 OR BELOW: 0 1.00 INCH OR MORE: 0
[HDD (BASE 65) ]
TOTAL THIS MO. 2 CLEAR (SCALE 0-3) 28
DPTR FM NORMAL -16 PTCLDY (SCALE 4-7) 2
TOTAL FM JUL 1 5393 CLOUDY (SCALE 8-10) 0
DPTR FM NORMAL -99
[CDD (BASE 65) ]
TOTAL THIS MO. 289
DPTR FM NORMAL 32 [PRESSURE DATA]
TOTAL FM JAN 1 359 HIGHEST SLP M ON M
DPTR FM NORMAL 43 LOWEST SLP 29.31 ON 13
[REMARKS]
#FINAL-06-22#