000
CXUS54 KFWD 010730
CF6GKY
PRELIMINARY LOCAL CLIMATOLOGICAL DATA (WS FORM: F-6)
STATION: ARLINGTON
MONTH: MARCH
YEAR: 2020
LATITUDE: 32 39 N
LONGITUDE: 97 6 W
TEMPERATURE IN F: :PCPN: SNOW: WIND :SUNSHINE: SKY :PK WND
================================================================================
1 2 3 4 5 6A 6B 7 8 9 10 11 12 13 14 15 16 17 18
12Z AVG MX 2MIN
DY MAX MIN AVG DEP HDD CDD WTR SNW DPTH SPD SPD DIR MIN PSBL S-S WX SPD DR
================================================================================
1 74 58 66 12 0 1 0.00 0.0 0 14.1 23 170 M M 3 35 170
2 72 57 65 11 0 0 0.00 0.0 0 6.1 16 160 M M 2 21 160
3 71 56 64 10 1 0 T 0.0 0 5.6 14 10 M M 4 16 30
4 62 51 57 2 8 0 0.93 0.0 0 12.6 25 50 M M 10 13 33 50
5 74 44 59 4 6 0 0.01 0.0 0 7.7 18 320 M M 0 1 23 360
6 69 37 53 -2 12 0 0.00 0.0 0 5.7 15 350 M M 0 19 50
7 63 41 52 -4 13 0 0.00 0.0 0 9.0 22 130 M M 0 27 150
8 70 48 59 3 6 0 0.00 0.0 0 13.6 24 150 M M 6 34 160
9 76 61 69 13 0 4 0.03 0.0 0 12.7 25 150 M M 7 1 33 160
10 80 51 66 10 0 1 0.00 0.0 0 7.1 17 170 M M 1 1 24 160
11 87 66 77 20 0 12 0.00 0.0 0 9.6 17 160 M M 1 28 210
12 85 68 77 20 0 12 T 0.0 0 9.8 18 180 M M 2 30 200
13 74 62 68 11 0 3 0.44 0.0 0 8.0 18 90 M M 9 13 24 90
14 74 56 65 7 0 0 0.07 0.0 0 9.9 18 150 M M 9 18 29 150
15 60 52 56 -2 9 0 1.56 0.0 0 10.0 15 350 M M 9 13 20 350
16 72 54 63 5 2 0 0.63 0.0 0 6.9 17 130 M M 6 13 23 130
17 74 60 67 9 0 2 0.33 0.0 0 7.2 18 140 M M 9 138 27 130
18 80 65 73 14 0 8 1.74 0.0 0 11.7 22 150 M M 7 13 31 150
19 83 64 74 15 0 9 1.17 0.0 0 13.7 25 290 M M 8 13 42 260
20 68 46 57 -2 8 0 0.18 0.0 0 11.5 23 320 M M 9 13 30 320
21 61 44 53 -7 12 0 0.30 0.0 0 9.0 23 110 M M 6 1 32 100
22 63 55 59 -1 6 0 0.07 0.0 0 4.4 9 150 M M 10 1 12 150
23 71 60 66 6 0 1 T 0.0 0 5.8 13 100 M M 10 1 16 90
24 86 56 71 11 0 6 0.00 0.0 0 8.7 20 250 M M 4 30 260
25 88 51 70 9 0 5 0.00 0.0 0 7.6 23 150 M M 0 30 170
26 83 67 75 14 0 10 T 0.0 0 11.8 22 150 M M 0 30 160
27 84 69 77 16 0 12 0.00 0.0 0 12.4 24 170 M M 3 36 170
28 77 51 64 3 1 0 0.57 0.0 0 7.5 38 290 M M 2 13 53 290
29 72 47 60 -2 5 0 0.01 0.0 0 4.3 18 340 M M 2 3 25 340
30 65 57 61 -1 4 0 0.37 0.0 0 8.8 25 120 M M 10 138 34 110
31 69 50 60 -2 5 0 T 0.0 0 8.2 21 350 M M 6 27 340
================================================================================
SM 2287 1704 98 86 8.41 0.0 281.0 M 155
================================================================================
AV 73.8 55.0 9.1 FASTST M M 5 MAX(MPH)
MISC ----> # 38 290 # 53 290
================================================================================
NOTES:
# LAST OF SEVERAL OCCURRENCES
COLUMN 17 PEAK WIND IN M.P.H.
PRELIMINARY LOCAL CLIMATOLOGICAL DATA (WS FORM: F-6) , PAGE 2
STATION: ARLINGTON
MONTH: MARCH
YEAR: 2020
LATITUDE: 32 39 N
LONGITUDE: 97 6 W
[TEMPERATURE DATA] [PRECIPITATION DATA] SYMBOLS USED IN COLUMN 16
AVERAGE MONTHLY: 64.4 TOTAL FOR MONTH: 8.41 1 = FOG OR MIST
DPTR FM NORMAL: 6.3 DPTR FM NORMAL: 4.76 2 = FOG REDUCING VISIBILITY
HIGHEST: 88 ON 25 GRTST 24HR 1.74 ON 18-18 TO 1/4 MILE OR LESS
LOWEST: 37 ON 6 3 = THUNDER
SNOW, ICE PELLETS, HAIL 4 = ICE PELLETS
TOTAL MONTH: 0.0 INCH 5 = HAIL
GRTST 24HR 0.0 6 = FREEZING RAIN OR DRIZZLE
GRTST DEPTH: 0 7 = DUSTSTORM OR SANDSTORM:
VSBY 1/2 MILE OR LESS
8 = SMOKE OR HAZE
[NO. OF DAYS WITH] [WEATHER - DAYS WITH] 9 = BLOWING SNOW
X = TORNADO
MAX 32 OR BELOW: 0 0.01 INCH OR MORE: 16
MAX 90 OR ABOVE: 0 0.10 INCH OR MORE: 11
MIN 32 OR BELOW: 0 0.50 INCH OR MORE: 6
MIN 0 OR BELOW: 0 1.00 INCH OR MORE: 3
[HDD (BASE 65) ]
TOTAL THIS MO. 98 CLEAR (SCALE 0-3) 12
DPTR FM NORMAL -150 PTCLDY (SCALE 4-7) 10
TOTAL FM JUL 1 1889 CLOUDY (SCALE 8-10) 9
DPTR FM NORMAL -252
[CDD (BASE 65) ]
TOTAL THIS MO. 86
DPTR FM NORMAL 52 [PRESSURE DATA]
TOTAL FM JAN 1 101 HIGHEST SLP M ON M
DPTR FM NORMAL 58 LOWEST SLP 29.61 ON 27
[REMARKS]
#FINAL-03-20#