000
CXUS54 KJAN 011003
CLMGLH
CLIMATE REPORT
NATIONAL WEATHER SERVICE JACKSON MS
503 AM CDT SAT JUL 01 2023
...................................
...THE GREENVILLE CLIMATE SUMMARY FOR THE MONTH OF JUNE 2023...
CLIMATE NORMAL PERIOD: 1991 TO 2020
CLIMATE RECORD PERIOD: 1903 TO 2023
WEATHER OBSERVED NORMAL DEPART LAST YEAR`S
VALUE DATE(S) VALUE FROM VALUE DATE(S)
NORMAL
................................................................
TEMPERATURE (F)
RECORD
HIGH 105 06/20/1936
LOW 49 06/03/1956
HIGHEST 97 06/29 MM MM 99 06/23
06/30
06/25
06/26
LOWEST 62 06/01 MM MM 62 06/04
06/05
AVG. MAXIMUM 90.8 89.4 1.4 92.6
AVG. MINIMUM 68.4 69.3 -0.9 70.2
MEAN 79.6 79.4 0.2 81.4
DAYS MAX >= 90 22 18.3 3.7 22
DAYS MAX <= 32 0 0.0 0.0 0
DAYS MIN <= 32 0 0.0 0.0 0
DAYS MIN <= 0 0 0.0 0.0 0
PRECIPITATION (INCHES)
RECORD
MAXIMUM 9.63 1957
MINIMUM T 1952
TOTALS 5.04 3.32 1.72 4.16
DAILY AVG. 0.17 0.11 0.06 0.14
DAYS >= .01 11 7.5 3.5 5
DAYS >= .10 7 4.6 2.4 5
DAYS >= .50 3 2.1 0.9 4
DAYS >= 1.00 2 1.3 0.7 1
GREATEST
24 HR. TOTAL 1.87 06/14 TO 06/14 1.80
SNOWFALL (INCHES)
TOTALS 0.0
DEGREE DAYS
HEATING TOTAL 0 0 0 0
SINCE 7/1 1954 2619 -665 MM
COOLING TOTAL 444 430 14 500
SINCE 1/1 834 782 52 MM
................................................................
WIND (MPH)
AVERAGE WIND SPEED 5.5
HIGHEST WIND SPEED/DIRECTION 37/280 DATE 06/10
HIGHEST GUST SPEED/DIRECTION 49/290 DATE 06/10
SKY COVER
POSSIBLE SUNSHINE (PERCENT) MM
AVERAGE SKY COVER 0.17
NUMBER OF DAYS FAIR 26
NUMBER OF DAYS PC 4
NUMBER OF DAYS CLOUDY 0
AVERAGE RH (PERCENT) 73
WEATHER CONDITIONS. NUMBER OF DAYS WITH
THUNDERSTORM 15 MIXED PRECIP 0
HEAVY RAIN 7 RAIN 8
LIGHT RAIN 14 FREEZING RAIN 0
LT FREEZING RAIN 0 HAIL 0
HEAVY SNOW 0 SNOW 0
LIGHT SNOW 0 SLEET 0
FOG 20 FOG W/VIS <= 1/4 MILE 0
HAZE 5
- INDICATES NEGATIVE NUMBERS.
R INDICATES RECORD WAS SET OR TIED.
MM INDICATES DATA IS MISSING.
T INDICATES TRACE AMOUNT.
$$