000
CXUS53 KAPX 010730
CF6GLR
PRELIMINARY LOCAL CLIMATOLOGICAL DATA (WS FORM: F-6)
STATION: GAYLORD
MONTH: APRIL
YEAR: 2021
LATITUDE: 45 0 N
LONGITUDE: 84 42 W
TEMPERATURE IN F: :PCPN: SNOW: WIND :SUNSHINE: SKY :PK WND
================================================================================
1 2 3 4 5 6A 6B 7 8 9 10 11 12 13 14 15 16 17 18
12Z AVG MX 2MIN
DY MAX MIN AVG DEP HDD CDD WTR SNW DPTH SPD SPD DIR MIN PSBL S-S WX SPD DR
================================================================================
1 33 17 25 -10 40 0 0.01 M M 6.6 14 290 M M 5 25 320
2 47 11 29 -6 36 0 0.00 M M 3.6 13 210 M M 0 19 210
3 60 36 48 12 17 0 0.00 M M 9.7 17 260 M M 0 23 210
4 67 28 48 12 17 0 0.00 M M 4.0 14 140 M M 1 20 150
5 68 47 58 21 7 0 0.00 M M 11.6 18 150 M M 3 27 160
6 77 47 62 25 3 0 T M M 6.6 17 280 M M 3 3 29 270
7 81 53 67 29 0 2 0.22 M M 7.9 21 180 M M 4 8 28 170
8 81 56 69 31 0 4 0.22 M M 11.8 25 140 M M 5 1 39 150
9 61 52 57 18 8 0 0.04 M M 9.8 24 190 M M 9 8 34 200
10 68 45 57 18 8 0 T M M 6.1 13 190 M M 6 18 18 70
11 62 48 55 15 10 0 0.08 M M 5.7 14 140 M M 9 18 20 140
12 55 44 50 10 15 0 0.09 M M 4.0 14 270 M M 9 128 20 290
13 54 39 47 6 18 0 0.00 M M 8.9 20 230 M M 6 25 240
14 42 33 38 -3 27 0 0.13 M M 5.9 15 270 M M 10 18 23 260
15 40 34 37 -5 28 0 0.01 M M 6.8 15 300 M M 10 18 24 300
16 48 33 41 -1 24 0 0.00 M M 6.6 14 280 M M 7 18 25 330
17 56 28 42 0 23 0 0.00 M M 3.8 12 270 M M 2 18 280
18 55 32 44 1 21 0 0.00 M M 4.5 13 290 M M 1 20 340
19 43 30 37 -6 28 0 0.03 M M 10.4 22 260 M M 8 33 310
20 36 23 30 -14 35 0 T M M 9.2 18 270 M M 7 31 250
21 37 23 30 -14 35 0 T M M 6.5 16 290 M M 7 27 280
22 46 28 37 -7 28 0 T M M 6.6 18 250 M M 5 26 290
23 64 35 50 5 15 0 0.00 M M 10.0 24 240 M M 1 36 240
24 62 35 49 4 16 0 0.22 M M 6.4 20 250 M M 6 18 29 250
25 39 30 35 -11 30 0 0.01 M M 6.3 16 310 M M 7 168 28 300
26 38 31 35 -11 30 0 0.14 M M 9.6 18 120 M M 9 6 28 120
27 61 35 48 2 17 0 0.15 M M 5.8 14 60 M M 5 1238 20 50
28 50 43 47 0 18 0 0.48 M M 5.9 16 140 M M 10 1238 21 140
29 59 40 50 3 15 0 T M M 5.5 15 310 M M 9 18 26 320
30 47 30 39 -9 26 0 0.00 M M 9.9 23 310 M M 3 39 300
================================================================================
SM 1637 1066 595 6 1.83 M 216.0 M 167
================================================================================
AV 54.6 35.5 7.2 FASTST M M 6 MAX(MPH)
MISC ----> 25 140 # 39 150
================================================================================
NOTES:
# LAST OF SEVERAL OCCURRENCES
COLUMN 17 PEAK WIND IN M.P.H.
PRELIMINARY LOCAL CLIMATOLOGICAL DATA (WS FORM: F-6) , PAGE 2
STATION: GAYLORD
MONTH: APRIL
YEAR: 2021
LATITUDE: 45 0 N
LONGITUDE: 84 42 W
[TEMPERATURE DATA] [PRECIPITATION DATA] SYMBOLS USED IN COLUMN 16
AVERAGE MONTHLY: 45.1 TOTAL FOR MONTH: 1.83 1 = FOG OR MIST
DPTR FM NORMAL: 3.5 DPTR FM NORMAL: -0.74 2 = FOG REDUCING VISIBILITY
HIGHEST: 81 ON 8, 7 GRTST 24HR 0.63 ON 27-28 TO 1/4 MILE OR LESS
LOWEST: 11 ON 2 3 = THUNDER
SNOW, ICE PELLETS, HAIL 4 = ICE PELLETS
TOTAL MONTH: M 5 = HAIL
GRTST 24HR M ON M 6 = FREEZING RAIN OR DRIZZLE
GRTST DEPTH: M ON M 7 = DUSTSTORM OR SANDSTORM:
VSBY 1/2 MILE OR LESS
8 = SMOKE OR HAZE
[NO. OF DAYS WITH] [WEATHER - DAYS WITH] 9 = BLOWING SNOW
X = TORNADO
MAX 32 OR BELOW: 0 0.01 INCH OR MORE: 14
MAX 90 OR ABOVE: 0 0.10 INCH OR MORE: 7
MIN 32 OR BELOW: 12 0.50 INCH OR MORE: 0
MIN 0 OR BELOW: 0 1.00 INCH OR MORE: 0
[HDD (BASE 65) ]
TOTAL THIS MO. 595 CLEAR (SCALE 0-3) 7
DPTR FM NORMAL -111 PTCLDY (SCALE 4-7) 15
TOTAL FM JUL 1 6902 CLOUDY (SCALE 8-10) 8
DPTR FM NORMAL -1024
[CDD (BASE 65) ]
TOTAL THIS MO. 6
DPTR FM NORMAL 5 [PRESSURE DATA]
TOTAL FM JAN 1 6 HIGHEST SLP 30.54 ON 2
DPTR FM NORMAL 5 LOWEST SLP 29.35 ON 11
[REMARKS]
#FINAL-04-21#