000
CXUS54 KHGX 010934
CLMGLS
CLIMATE REPORT
NATIONAL WEATHER SERVICE HOUSTON/GALVESTON TX
334 AM CST FRI DEC 01 2023
...................................
...THE GALVESTON CLIMATE SUMMARY FOR THE MONTH OF NOVEMBER 2023...
CLIMATE NORMAL PERIOD: 1991 TO 2020
CLIMATE RECORD PERIOD: 1874 TO 2023
WEATHER OBSERVED NORMAL DEPART LAST YEAR`S
VALUE DATE(S) VALUE FROM VALUE DATE(S)
NORMAL
................................................................
TEMPERATURE (F)
RECORD
HIGH 99 11/25/2022
LOW 26 11/29/1911
HIGHEST 82 11/07 MM MM 83 11/04
11/08
11/09
LOWEST 46 11/27 MM MM 44 11/20
AVG. MAXIMUM 69.6 72.4 -2.8 69.2
AVG. MINIMUM 58.7 0.0
MEAN 64.2 65.5 -1.3 63.6
DAYS MAX >= 90 0 0.0 0.0 1
DAYS MAX <= 32 0 0.0 0.0 0
DAYS MIN <= 32 0 0.0 0.0 0
DAYS MIN <= 0 0 0.0 0.0 0
PRECIPITATION (INCHES)
RECORD
MAXIMUM 16.18 1940
TOTALS 5.37 4.28 1.09 8.20
DAILY AVG. 0.18 0.14 0.04 0.27
DAYS >= .01 6 7.7 -1.7 12
DAYS >= .10 4 4.5 -0.5 10
DAYS >= .50 2 2.1 -0.1 7
DAYS >= 1.00 1 1.1 -0.1 5
GREATEST
24 HR. TOTAL 3.93 11/30 TO 11/30 1.66 11/14 TO 11/14
SNOWFALL (INCHES)
RECORDS
TOTAL 0.0 2002
TOTALS 0.0
SINCE 7/1 0.0
LIQUID 7/1 0.00
DAYS >= TRACE 0
GREATEST
24 HR TOTAL 0.0
DEGREE DAYS
HEATING TOTAL 98 88 10
SINCE 7/1 118 96 22
COOLING TOTAL 80 105 -25
SINCE 1/1 3928 3540 388
................................................................
WIND (MPH)
AVERAGE WIND SPEED 10.6
HIGHEST WIND SPEED/DIRECTION 39/200 DATE 11/30
HIGHEST GUST SPEED/DIRECTION 56/170 DATE 11/30
SKY COVER
AVERAGE SKY COVER 0.47
AVERAGE RH (PERCENT) 77
WEATHER CONDITIONS. NUMBER OF DAYS WITH
THUNDERSTORM 1 MIXED PRECIP 0
HEAVY RAIN 1 RAIN 4
LIGHT RAIN 7 FREEZING RAIN 0
LT FREEZING RAIN 0 HAIL 0
HEAVY SNOW 0 SNOW 0
LIGHT SNOW 0 SLEET 0
FOG 8 FOG W/VIS <= 1/4 MILE 1
HAZE 3
- INDICATES NEGATIVE NUMBERS.
R INDICATES RECORD WAS SET OR TIED.
MM INDICATES DATA IS MISSING.
T INDICATES TRACE AMOUNT.
$$