000
CXUS54 KMAF 011110
CF6GNC
PRELIMINARY LOCAL CLIMATOLOGICAL DATA (WS FORM: F-6)
STATION: GAINES COUNTY AIRPORT
MONTH: OCTOBER
YEAR: 2022
LATITUDE: 32 40 N
LONGITUDE: 102 39 W
TEMPERATURE IN F: :PCPN: SNOW: WIND :SUNSHINE: SKY :PK WND
================================================================================
1 2 3 4 5 6A 6B 7 8 9 10 11 12 13 14 15 16 17 18
12Z AVG MX 2MIN
DY MAX MIN AVG DEP HDD CDD WTR SNW DPTH SPD SPD DIR MIN PSBL S-S WX SPD DR
================================================================================
1 86 57 72 M 0 7 M M M 7.2 16 130 M M 1 23 130
2 83 57 70 M 0 5 M M M 5.8 12 130 M M 0 18 130
3 81 53 67 M 0 2 M M M 4.9 10 150 M M 0 18 150
4 83 58 71 M 0 6 0.12 M M 6.5 14 160 M M 2 21 160
5 68 59 64 M 1 0 0.15 M M 7.5 14 10 M M 7 17 10
6 76 59 68 M 0 3 0.05 M M 7.3 10 70 M M 8 16 50
7 76 56 66 M 0 1 0.36 M M 9.1 16 40 M M 9 22 350
8 66 54 60 M 5 0 0.26 M M 9.5 14 100 M M 9 18 80
9 71 54 63 M 2 0 0.59 M M 5.9 9 120 M M 7 M M
10 71 55 63 M 2 0 0.02 M M 3.1 9 160 M M 5 1 M M
11 81 53 67 M 0 2 M M M 6.3 14 220 M M 2 21 250
12 78 57 68 M 0 3 M M M 8.1 14 30 M M 0 22 20
13 75 50 63 M 2 0 M M M 5.0 10 60 M M 0 M M
14 83 50 67 M 0 2 M M M 6.0 14 210 M M 0 17 210
15 89 61 75 M 0 10 0.07 M M 5.7 16 200 M M 2 39 0
16 65 51 58 M 7 0 0.86 M M 11.5 23 40 M M 9 29 40
17 59 49 54 M 11 0 0.45 M M 7.4 18 40 M M 10 21 60
18 64 49 57 M 8 0 0.07 M M 4.0 8 250 M M 5 M M
19 70 45 58 M 7 0 M M M 8.2 12 280 M M 0 18 250
20 80 47 64 M 1 0 M M M 6.5 10 300 M M 0 M M
21 82 48 65 M 0 0 M M M 9.9 16 240 M M 0 21 270
22 83 54 69 M 0 4 M M M 11.9 21 250 M M 0 28 250
23 86 60 73 M 0 8 M M M 13.7 22 210 M M 2 35 230
24 69 40 55 M 10 0 0.05 M M 14.7 28 310 M M 5 36 230
25 67 37 52 M 13 0 M M M 7.8 18 310 M M 0 25 310
26 74 41 58 M 7 0 M M M 4.8 13 230 M M 0 20 170
27 77 46 62 M 3 0 0.02 M M 11.1 31 300 M M 2 37 300
28 60 44 52 M 13 0 0.02 M M 13.8 25 10 M M 7 37 10
29 65 40 53 M 12 0 M M M 4.0 9 70 M M 0 M M
30 72 40 56 M 9 0 M M M 3.1 7 230 M M 0 M M
31 71 43 57 M 8 0 M M M 3.5 12 170 M M 0 16 170
================================================================================
SM 2311 1567 121 53 3.09 M 233.9 M 92
================================================================================
AV 74.5 50.5 7.5 FASTST M M 3 MAX(MPH)
MISC ----> 31 300 39 0
================================================================================
NOTES:
# LAST OF SEVERAL OCCURRENCES
COLUMN 17 PEAK WIND IN M.P.H.
PRELIMINARY LOCAL CLIMATOLOGICAL DATA (WS FORM: F-6) , PAGE 2
STATION: GAINES COUNTY AIRPORT
MONTH: OCTOBER
YEAR: 2022
LATITUDE: 32 40 N
LONGITUDE: 102 39 W
[TEMPERATURE DATA] [PRECIPITATION DATA] SYMBOLS USED IN COLUMN 16
AVERAGE MONTHLY: 62.5 TOTAL FOR MONTH: 3.09 1 = FOG OR MIST
DPTR FM NORMAL: 0.0 DPTR FM NORMAL: M 2 = FOG REDUCING VISIBILITY
HIGHEST: 89 ON 15 GRTST 24HR 0.86 ON 16-16 TO 1/4 MILE OR LESS
LOWEST: 37 ON 25 3 = THUNDER
SNOW, ICE PELLETS, HAIL 4 = ICE PELLETS
TOTAL MONTH: M 5 = HAIL
GRTST 24HR M ON M 6 = FREEZING RAIN OR DRIZZLE
GRTST DEPTH: M ON M 7 = DUSTSTORM OR SANDSTORM:
VSBY 1/2 MILE OR LESS
8 = SMOKE OR HAZE
[NO. OF DAYS WITH] [WEATHER - DAYS WITH] 9 = BLOWING SNOW
X = TORNADO
MAX 32 OR BELOW: 0 0.01 INCH OR MORE: 14
MAX 90 OR ABOVE: 0 0.10 INCH OR MORE: 7
MIN 32 OR BELOW: 0 0.50 INCH OR MORE: 2
MIN 0 OR BELOW: 0 1.00 INCH OR MORE: 0
[HDD (BASE 65) ]
TOTAL THIS MO. 121 CLEAR (SCALE 0-3) 20
DPTR FM NORMAL M PTCLDY (SCALE 4-7) 7
TOTAL FM JUL 1 121 CLOUDY (SCALE 8-10) 4
DPTR FM NORMAL M
[CDD (BASE 65) ]
TOTAL THIS MO. 53
DPTR FM NORMAL M [PRESSURE DATA]
TOTAL FM JAN 1 2533 HIGHEST SLP M ON M
DPTR FM NORMAL M LOWEST SLP M ON M
[REMARKS]
#FINAL-10-22#