000
CXUS54 KMAF 011110
CF6GNC
PRELIMINARY LOCAL CLIMATOLOGICAL DATA (WS FORM: F-6)
STATION: GAINES COUNTY AIRPORT
MONTH: OCTOBER
YEAR: 2021
LATITUDE: 32 40 N
LONGITUDE: 102 39 W
TEMPERATURE IN F: :PCPN: SNOW: WIND :SUNSHINE: SKY :PK WND
================================================================================
1 2 3 4 5 6A 6B 7 8 9 10 11 12 13 14 15 16 17 18
12Z AVG MX 2MIN
DY MAX MIN AVG DEP HDD CDD WTR SNW DPTH SPD SPD DIR MIN PSBL S-S WX SPD DR
================================================================================
1 73 58 66 M 0 1 0.01 M M 5.5 12 30 M M 6 18 0
2 80 56 68 M 0 3 M M M 3.4 7 40 M M 4 M M
3 80 55 68 M 0 3 M M M 3.6 8 40 M M 0 M M
4 86 51 69 M 0 4 M M M 2.9 6 180 M M 1 M M
5 89 55 72 M 0 7 M M M 7.0 12 80 M M 1 18 80
6 85 53 69 M 0 4 M M M 5.5 9 90 M M 0 M M
7 92 52 72 M 0 7 M M M 4.5 14 250 M M 0 20 250
8 94 54 74 M 0 9 M M M 6.7 13 230 M M 0 21 230
9 97 59 78 M 0 13 M M M 10.1 18 210 M M 0 25 210
10 87 47 67 M 0 2 M M M 13.6 32 270 M M 1 8 46 270
11 82 41 62 M 3 0 M M M 7.6 14 190 M M 0 22 190
12 91 53 72 M 0 7 M M M 13.6 23 210 M M 1 36 200
13 78 49 64 M 1 0 M M M 7.8 14 220 M M 0 21 250
14 83 44 64 M 1 0 M M M 10.2 23 270 M M 0 30 250
15 67 47 57 M 8 0 M M M 10.5 18 10 M M 0 8 24 40
16 70 34 52 M 13 0 M M M 4.7 12 150 M M 0 M M
17 73 39 56 M 9 0 M M M 5.2 12 150 M M 0 20 150
18 83 44 64 M 1 0 M M M 5.8 13 160 M M 0 20 180
19 86 51 69 M 0 4 M M M 9.0 18 250 M M 0 28 230
20 82 48 65 M 0 0 M M M 4.7 10 350 M M 0 21 250
21 80 54 67 M 0 2 M M M 5.8 10 150 M M 2 M M
22 85 56 71 M 0 6 M M M 5.1 10 170 M M 4 12 M M
23 88 59 74 M 0 9 M M M 9.5 17 200 M M 1 22 220
24 85 48 67 M 0 2 M M M 5.1 10 300 M M 0 M M
25 90 45 68 M 0 3 M M M 5.1 12 180 M M 0 18 160
26 91 59 75 M 0 10 M M M 15.9 36 250 M M 0 8 46 250
27 69 42 56 M 9 0 M M M 13.3 26 290 M M 0 32 330
28 71 39 55 M 10 0 M M M 7.0 14 10 M M 0 22 320
29 75 37 56 M 9 0 M M M 6.2 10 270 M M 0 16 270
30 88 39 64 M 1 0 M M M 7.3 14 260 M M 0 21 260
31 69 48 59 M 6 0 M M M 9.7 18 50 M M 0 23 50
================================================================================
SM 2549 1516 71 96 0.01 M 231.7 M 21
================================================================================
AV 82.2 48.9 7.5 FASTST M M 1 MAX(MPH)
MISC ----> 36 250 # 46 270
================================================================================
NOTES:
# LAST OF SEVERAL OCCURRENCES
COLUMN 17 PEAK WIND IN M.P.H.
PRELIMINARY LOCAL CLIMATOLOGICAL DATA (WS FORM: F-6) , PAGE 2
STATION: GAINES COUNTY AIRPORT
MONTH: OCTOBER
YEAR: 2021
LATITUDE: 32 40 N
LONGITUDE: 102 39 W
[TEMPERATURE DATA] [PRECIPITATION DATA] SYMBOLS USED IN COLUMN 16
AVERAGE MONTHLY: 65.6 TOTAL FOR MONTH: 0.01 1 = FOG OR MIST
DPTR FM NORMAL: 0.0 DPTR FM NORMAL: M 2 = FOG REDUCING VISIBILITY
HIGHEST: 97 ON 9 GRTST 24HR 0.01 ON 1- 1 TO 1/4 MILE OR LESS
LOWEST: 34 ON 16 3 = THUNDER
SNOW, ICE PELLETS, HAIL 4 = ICE PELLETS
TOTAL MONTH: M 5 = HAIL
GRTST 24HR M ON M 6 = FREEZING RAIN OR DRIZZLE
GRTST DEPTH: M ON M 7 = DUSTSTORM OR SANDSTORM:
VSBY 1/2 MILE OR LESS
8 = SMOKE OR HAZE
[NO. OF DAYS WITH] [WEATHER - DAYS WITH] 9 = BLOWING SNOW
X = TORNADO
MAX 32 OR BELOW: 0 0.01 INCH OR MORE: 1
MAX 90 OR ABOVE: 6 0.10 INCH OR MORE: 0
MIN 32 OR BELOW: 0 0.50 INCH OR MORE: 0
MIN 0 OR BELOW: 0 1.00 INCH OR MORE: 0
[HDD (BASE 65) ]
TOTAL THIS MO. 71 CLEAR (SCALE 0-3) 28
DPTR FM NORMAL M PTCLDY (SCALE 4-7) 3
TOTAL FM JUL 1 72 CLOUDY (SCALE 8-10) 0
DPTR FM NORMAL M
[CDD (BASE 65) ]
TOTAL THIS MO. 96
DPTR FM NORMAL M [PRESSURE DATA]
TOTAL FM JAN 1 2003 HIGHEST SLP M ON M
DPTR FM NORMAL M LOWEST SLP M ON M
[REMARKS]
#FINAL-10-21#