000
CXUS52 KJAX 010900
CF6GNV
PRELIMINARY LOCAL CLIMATOLOGICAL DATA (WS FORM: F-6)
STATION: GAINESVILLE
MONTH: NOVEMBER
YEAR: 2022
LATITUDE: 29 40 N
LONGITUDE: 82 16 W
TEMPERATURE IN F: :PCPN: SNOW: WIND :SUNSHINE: SKY :PK WND
================================================================================
1 2 3 4 5 6A 6B 7 8 9 10 11 12 13 14 15 16 17 18
12Z AVG MX 2MIN
DY MAX MIN AVG DEP HDD CDD WTR SNW DPTH SPD SPD DIR MIN PSBL S-S WX SPD DR
================================================================================
1 88 61 75 9 0 10 0.00 0.0 0 3.4 10 340 M M 1 1 14 350
2 87 63 75 9 0 10 0.68 0.0 0 4.2 12 80 M M 5 123 16 80
3 83 62 73 7 0 8 0.00 0.0 0 6.3 14 50 M M 5 1 20 30
4 84 60 72 7 0 7 0.00 0.0 0 6.8 20 40 M M 2 25 40
5 86 65 76 11 0 11 0.13 0.0 0 4.6 17 60 M M 4 1 23 60
6 87 66 77 12 0 12 0.01 0.0 0 5.2 16 30 M M 5 1 22 30
7 84 65 75 10 0 10 0.01 0.0 0 7.8 20 60 M M 3 1 28 70
8 84 64 74 10 0 9 0.00 0.0 0 12.8 25 50 M M 2 35 50
9 68 62 65 1 0 0 0.00 0.0 0 16.8 25 30 M M 9 40 20
10 74 64 69 5 0 4 2.51 0.0 0 20.0 31 90 M M 10 1 62 50
11 80 64 72 8 0 7 0.03 0.0 0 9.2 22 240 M M 5 1 35 240
12 82 66 74 11 0 9 0.00 0.0 0 5.8 17 250 M M 6 12 24 250
13 69 49 59 -4 6 0 T 0.0 0 6.7 14 360 M M 6 1 19 360
14 74 48 61 -2 4 0 0.00 0.0 0 7.2 15 40 M M 8 1 20 50
15 76 63 70 7 0 5 0.01 0.0 0 2.6 10 190 M M 6 1 14 190
16 72 52 62 0 3 0 0.00 0.0 0 6.7 16 330 M M 6 12 23 330
17 62 48 55 -7 10 0 0.00 0.0 0 8.2 16 10 M M 1 23 10
18 62 40 51 -11 14 0 0.00 0.0 0 5.1 12 10 M M 0 19 360
19 63 39 51 -11 14 0 T 0.0 0 7.1 15 30 M M 6 19 40
20 54 47 51 -11 14 0 0.06 0.0 0 7.1 13 10 M M 7 19 330
21 74 47 61 0 4 0 0.00 0.0 0 8.0 15 40 M M 7 19 30
22 68 58 63 2 2 0 0.00 0.0 0 7.8 13 20 M M 10 1 20 40
23 77 60 69 8 0 4 0.00 0.0 0 7.1 13 10 M M 10 1 17 20
24 79 63 71 10 0 6 0.00 0.0 0 6.8 13 50 M M 9 1 16 80
25 82 67 75 14 0 10 0.00 0.0 0 3.4 16 260 M M 9 12 25 260
26 77 66 72 11 0 7 0.00 0.0 0 5.0 13 120 M M 8 12 18 60
27 82 57 70 10 0 5 0.29 0.0 0 9.8 24 240 M M 5 12 37 220
28 78 48 63 3 2 0 0.00 0.0 0 3.9 14 240 M M 0 1 21 270
29 79 50 65 5 0 0 0.00 0.0 0 4.2 14 140 M M 1 1 19 140
30 82 59 71 11 0 6 0.22 0.0 0 5.7 28 290 M M 3 1 41 300
================================================================================
SM 2297 1723 73 140 3.95 0.0 215.3 M 159
================================================================================
AV 76.6 57.4 7.2 FASTST M M 5 MAX(MPH)
MISC ----> 31 90 62 50
================================================================================
NOTES:
# LAST OF SEVERAL OCCURRENCES
COLUMN 17 PEAK WIND IN M.P.H.
PRELIMINARY LOCAL CLIMATOLOGICAL DATA (WS FORM: F-6) , PAGE 2
STATION: GAINESVILLE
MONTH: NOVEMBER
YEAR: 2022
LATITUDE: 29 40 N
LONGITUDE: 82 16 W
[TEMPERATURE DATA] [PRECIPITATION DATA] SYMBOLS USED IN COLUMN 16
AVERAGE MONTHLY: 67.0 TOTAL FOR MONTH: 3.95 1 = FOG OR MIST
DPTR FM NORMAL: 4.3 DPTR FM NORMAL: 2.16 2 = FOG REDUCING VISIBILITY
HIGHEST: 88 ON 1 GRTST 24HR 2.52 ON 10-11 TO 1/4 MILE OR LESS
LOWEST: 39 ON 19 3 = THUNDER
SNOW, ICE PELLETS, HAIL 4 = ICE PELLETS
TOTAL MONTH: 0.0 INCH 5 = HAIL
GRTST 24HR 0.0 6 = FREEZING RAIN OR DRIZZLE
GRTST DEPTH: 0 7 = DUSTSTORM OR SANDSTORM:
VSBY 1/2 MILE OR LESS
8 = SMOKE OR HAZE
[NO. OF DAYS WITH] [WEATHER - DAYS WITH] 9 = BLOWING SNOW
X = TORNADO
MAX 32 OR BELOW: 0 0.01 INCH OR MORE: 10
MAX 90 OR ABOVE: 0 0.10 INCH OR MORE: 5
MIN 32 OR BELOW: 0 0.50 INCH OR MORE: 2
MIN 0 OR BELOW: 0 1.00 INCH OR MORE: 1
[HDD (BASE 65) ]
TOTAL THIS MO. 73 CLEAR (SCALE 0-3) 9
DPTR FM NORMAL -60 PTCLDY (SCALE 4-7) 15
TOTAL FM JUL 1 110 CLOUDY (SCALE 8-10) 6
DPTR FM NORMAL -47
[CDD (BASE 65) ]
TOTAL THIS MO. 140
DPTR FM NORMAL 78 [PRESSURE DATA]
TOTAL FM JAN 1 3025 HIGHEST SLP 30.36 ON 20
DPTR FM NORMAL 312 LOWEST SLP 29.38 ON 10
[REMARKS]
#FINAL-11-22#