000
CXUS54 KOUN 010910
CF6GOK
PRELIMINARY LOCAL CLIMATOLOGICAL DATA (WS FORM: F-6)
STATION: GUTHRIE MUNICIPAL
MONTH: JANUARY
YEAR: 2023
LATITUDE: 35 50 N
LONGITUDE: 97 25 W
TEMPERATURE IN F: :PCPN: SNOW: WIND :SUNSHINE: SKY :PK WND
================================================================================
1 2 3 4 5 6A 6B 7 8 9 10 11 12 13 14 15 16 17 18
12Z AVG MX 2MIN
DY MAX MIN AVG DEP HDD CDD WTR SNW DPTH SPD SPD DIR MIN PSBL S-S WX SPD DR
================================================================================
1 68 40 54 16 11 0 0.00 M M 6.0 15 230 M M 0 17 230
2 69 38 54 16 11 0 0.01 M M 9.4 24 170 M M 4 138 31 190
3 52 33 43 5 22 0 0.00 M M 9.1 18 300 M M 0 1 25 300
4 52 26 39 1 26 0 0.00 M M 5.8 16 270 M M 1 20 260
5 53 29 41 3 24 0 0.00 M M 6.6 15 300 M M 0 8 20 290
6 62 36 49 11 16 0 0.00 M M 9.6 25 180 M M 0 31 180
7 51 30 41 3 24 0 0.00 M M 7.4 16 300 M M 0 20 310
8 57 21 39 1 26 0 0.00 M M 3.7 9 170 M M 0 1 12 200
9 64 31 48 10 17 0 0.00 M M 9.9 22 210 M M 0 29 190
10 68 30 49 11 16 0 0.00 M M 7.7 17 180 M M 0 23 190
11 67 30 49 11 16 0 0.00 M M 7.4 25 270 M M 1 8 32 260
12 48 25 37 -1 28 0 T M M 9.5 23 330 M M 4 39 320
13 50 18 34 -4 31 0 0.00 M M 4.0 13 140 M M 0 17 140
14 58 31 45 7 20 0 0.00 M M 15.2 25 170 M M 0 36 190
15 64 46 55 17 10 0 0.00 M M 20.6 33 180 M M 0 43 180
16 63 40 52 14 13 0 0.00 0.0 M 9.4 25 200 M M 0 34 190
17 61 33 47 9 18 0 0.04 0.0 0 4.6 13 110 M M 2 18 20 20
18 62 38 50 12 15 0 0.27 0.0 M 12.5 22 240 M M 3 1 30 240
19 49 30 40 2 25 0 0.00 M M 10.6 31 290 M M 0 38 300
20 56 22 39 1 26 0 0.00 M M 5.1 12 120 M M 1 17 120
21 52 37 45 7 20 0 0.01 M M 8.3 16 330 M M 8 23 160
22 43 25 34 -4 31 0 T T M 6.9 20 300 M M 6 1 25 320
23 48 18 33 -6 32 0 0.00 M M 2.3 8 100 M M 1 18 11 220
24 39 31 35 -4 30 0 0.38 M M 4.3 9 70 M M 9 18 13 10
25 43 29 36 -3 29 0 0.01 M M 8.2 15 310 M M 6 1 23 300
26 48 23 36 -3 29 0 0.00 M M 7.2 18 300 M M 1 23 290
27 57 35 46 7 19 0 0.00 M M 11.8 18 210 M M 0 22 200
28 62 32 47 8 18 0 0.00 M M 13.9 24 190 M M 0 36 200
29 32 19 26 -13 39 0 0.00 M M 9.7 16 10 M M 10 1 25 360
30 22 16 19 -20 46 0 T M M 8.8 14 10 M M 10 3 22 20
31 26 14 20 -20 45 0 T M M 6.1 13 20 M M 6 19 10
================================================================================
SM 1646 906 733 0 0.72 T 261.6 M 73
================================================================================
AV 53.1 29.2 8.4 FASTST M M 2 MAX(MPH)
MISC ----> 33 180 43 180
================================================================================
NOTES:
# LAST OF SEVERAL OCCURRENCES
COLUMN 17 PEAK WIND IN M.P.H.
PRELIMINARY LOCAL CLIMATOLOGICAL DATA (WS FORM: F-6) , PAGE 2
STATION: GUTHRIE MUNICIPAL
MONTH: JANUARY
YEAR: 2023
LATITUDE: 35 50 N
LONGITUDE: 97 25 W
[TEMPERATURE DATA] [PRECIPITATION DATA] SYMBOLS USED IN COLUMN 16
AVERAGE MONTHLY: 41.2 TOTAL FOR MONTH: 0.72 1 = FOG OR MIST
DPTR FM NORMAL: 2.9 DPTR FM NORMAL: -0.43 2 = FOG REDUCING VISIBILITY
HIGHEST: 69 ON 2 GRTST 24HR 0.65 ON 24-25 TO 1/4 MILE OR LESS
LOWEST: 14 ON 31 3 = THUNDER
SNOW, ICE PELLETS, HAIL 4 = ICE PELLETS
TOTAL MONTH: T 5 = HAIL
GRTST 24HR T ON 22-22 6 = FREEZING RAIN OR DRIZZLE
GRTST DEPTH: 0 7 = DUSTSTORM OR SANDSTORM:
VSBY 1/2 MILE OR LESS
8 = SMOKE OR HAZE
[NO. OF DAYS WITH] [WEATHER - DAYS WITH] 9 = BLOWING SNOW
X = TORNADO
MAX 32 OR BELOW: 3 0.01 INCH OR MORE: 6
MAX 90 OR ABOVE: 0 0.10 INCH OR MORE: 2
MIN 32 OR BELOW: 21 0.50 INCH OR MORE: 0
MIN 0 OR BELOW: 0 1.00 INCH OR MORE: 0
[HDD (BASE 65) ]
TOTAL THIS MO. 733 CLEAR (SCALE 0-3) 22
DPTR FM NORMAL -96 PTCLDY (SCALE 4-7) 5
TOTAL FM JUL 1 2170 CLOUDY (SCALE 8-10) 4
DPTR FM NORMAL -73
[CDD (BASE 65) ]
TOTAL THIS MO. 0
DPTR FM NORMAL 0 [PRESSURE DATA]
TOTAL FM JAN 1 0 HIGHEST SLP 30.53 ON 31
DPTR FM NORMAL 0 LOWEST SLP 29.50 ON 16
[REMARKS]
#FINAL-01-23#