000
CXUS54 KFWD 110129
CF6GOP
PRELIMINARY LOCAL CLIMATOLOGICAL DATA (WS FORM: F-6)
STATION: GATESVILLE
MONTH: JUNE
YEAR: 2020
LATITUDE: 31 25 N
LONGITUDE: 97 48 W
TEMPERATURE IN F: :PCPN: SNOW: WIND :SUNSHINE: SKY :PK WND
================================================================================
1 2 3 4 5 6A 6B 7 8 9 10 11 12 13 14 15 16 17 18
12Z AVG MX 2MIN
DY MAX MIN AVG DEP HDD CDD WTR SNW DPTH SPD SPD DIR MIN PSBL S-S WX SPD DR
================================================================================
1 84 68 76 0 0 11 M 0.0 0 2.0 9 120 M M 2 3 13 99
2 88 66 77 1 0 12 0.02 0.0 0 2.9 8 140 M M 1 3 15 150
3 90 70 80 4 0 15 0.00 0.0 0 4.0 8 150 M M 1 M M
4 93 73 83 6 0 18 0.00 0.0 0 4.4 9 160 M M 1 16 150
5 93 73 83 6 0 18 0.00 0.0 0 4.8 12 190 M M 1 17 190
6 95 70 83 6 0 18 0.00 0.0 0 1.9 12 80 M M 0 M M
7 91 72 82 5 0 17 0.00 0.0 0 2.5 7 60 M M 1 12 99
8 97 70 84 6 0 19 0.00 0.0 0 3.2 7 180 M M 0 M M
9 99 75 87 9 0 22 0.00 0.0 0 8.9 16 350 M M 0 8 24 350
10 91 61 76 -2 0 11 0.00 0.0 0 5.0 12 10 M M 0 20 360
11 91 57 74 -4 0 9 0.00 0.0 0 2.3 8 70 M M 0 14 50
12 91 59 75 -3 0 10 0.00 0.0 0 2.0 8 99 M M 0 13 0
13 91 61 76 -2 0 11 0.00 0.0 0 2.3 7 99 M M 0 13 99
14 90 64 77 -2 0 12 0.00 0.0 0 2.1 7 99 M M 0 16 99
15 91 66 79 0 0 14 0.00 0.0 0 4.0 10 140 M M 1 16 99
16 93 72 83 4 0 18 0.00 0.0 0 4.8 14 160 M M 1 22 140
17 93 73 83 4 0 18 0.00 0.0 0 8.3 17 200 M M 0 22 190
18 93 70 82 3 0 17 0.00 0.0 0 7.9 15 150 M M 2 20 160
19 93 73 83 3 0 18 0.00 0.0 0 9.6 14 150 M M 2 23 150
20 91 66 79 -1 0 14 0.89 0.0 0 5.6 18 360 M M 3 3 27 360
21 90 73 82 2 0 17 0.00 0.0 0 7.6 14 180 M M 1 20 180
22 91 70 81 1 0 16 0.06 0.0 0 8.5 16 180 M M 2 3 21 180
23 81 70 76 -4 0 11 0.40 0.0 0 7.0 24 310 M M 3 3 38 310
24 88 70 79 -1 0 14 0.00 0.0 0 4.8 8 20 M M 5 14 60
25 90 68 79 -1 0 14 0.00 0.0 0 1.7 7 140 M M 1 17 99
26 88 72 80 -1 0 15 0.03 0.0 0 8.6 21 200 M M 2 8 27 200
27 93 73 83 2 0 18 0.00 0.0 0 9.6 18 180 M M 2 8 25 180
28 90 77 84 3 0 19 0.00 0.0 0 12.0 17 170 M M 3 8 24 170
29 91 79 85 4 0 20 0.00 0.0 0 12.9 18 180 M M 4 27 180
30 93 79 86 5 0 21 0.00 0.0 0 10.6 18 180 M M 3 23 160
================================================================================
SM 2733 2090 0 467 1.40 0.0 171.8 M 42
================================================================================
AV 91.1 69.7 5.7 FASTST M M 1 MAX(MPH)
MISC ----> # 24 310 # 38 310
================================================================================
NOTES:
# LAST OF SEVERAL OCCURRENCES
COLUMN 17 PEAK WIND IN M.P.H.
PRELIMINARY LOCAL CLIMATOLOGICAL DATA (WS FORM: F-6) , PAGE 2
STATION: GATESVILLE
MONTH: JUNE
YEAR: 2020
LATITUDE: 31 25 N
LONGITUDE: 97 48 W
[TEMPERATURE DATA] [PRECIPITATION DATA] SYMBOLS USED IN COLUMN 16
AVERAGE MONTHLY: 80.4 TOTAL FOR MONTH: 1.40 1 = FOG OR MIST
DPTR FM NORMAL: 1.6 DPTR FM NORMAL: M 2 = FOG REDUCING VISIBILITY
HIGHEST: 99 ON 9 GRTST 24HR 0.89 ON 20-20 TO 1/4 MILE OR LESS
LOWEST: 57 ON 11 3 = THUNDER
SNOW, ICE PELLETS, HAIL 4 = ICE PELLETS
TOTAL MONTH: 0.0 INCH 5 = HAIL
GRTST 24HR 0.0 6 = FREEZING RAIN OR DRIZZLE
GRTST DEPTH: 0 7 = DUSTSTORM OR SANDSTORM:
VSBY 1/2 MILE OR LESS
8 = SMOKE OR HAZE
[NO. OF DAYS WITH] [WEATHER - DAYS WITH] 9 = BLOWING SNOW
X = TORNADO
MAX 32 OR BELOW: 0 0.01 INCH OR MORE: 5
MAX 90 OR ABOVE: 25 0.10 INCH OR MORE: 2
MIN 32 OR BELOW: 0 0.50 INCH OR MORE: 1
MIN 0 OR BELOW: 0 1.00 INCH OR MORE: 0
[HDD (BASE 65) ]
TOTAL THIS MO. 0 CLEAR (SCALE 0-3) 25
DPTR FM NORMAL 0 PTCLDY (SCALE 4-7) 5
TOTAL FM JUL 1 2010 CLOUDY (SCALE 8-10) 0
DPTR FM NORMAL -447
[CDD (BASE 65) ]
TOTAL THIS MO. 467
DPTR FM NORMAL 53 [PRESSURE DATA]
TOTAL FM JAN 1 962 HIGHEST SLP M ON M
DPTR FM NORMAL 215 LOWEST SLP M ON M
[REMARKS]
#FINAL-06-20#