000
CXUS55 KMSO 010900
CF6GPI
PRELIMINARY LOCAL CLIMATOLOGICAL DATA (WS FORM: F-6)
STATION: KALISPELL MT
MONTH: JUNE
YEAR: 2023
LATITUDE: 48 17 N
LONGITUDE: 114 16 W
TEMPERATURE IN F: :PCPN: SNOW: WIND :SUNSHINE: SKY :PK WND
================================================================================
1 2 3 4 5 6A 6B 7 8 9 10 11 12 13 14 15 16 17 18
12Z AVG MX 2MIN
DY MAX MIN AVG DEP HDD CDD WTR SNW DPTH SPD SPD DIR MIN PSBL S-S WX SPD DR
================================================================================
1 75 44 60 5 5 0 0.00 0.0 0 1.6 8 220 M M 1 14 220
2 76 51 64 8 1 0 0.00 0.0 0 6.9 17 20 M M 2 23 30
3 79 54 67 11 0 2 0.00 0.0 0 4.3 14 150 M M 3 18 140
4 81 49 65 9 0 0 0.00 0.0 0 4.7 14 290 M M 0 3 24 270
5 82 45 64 8 1 0 0.00 0.0 0 5.3 16 150 M M 0 1 23 150
6 85 54 70 14 0 5 T 0.0 0 7.4 22 20 M M 2 29 20
7 88 52 70 14 0 5 0.00 0.0 0 5.0 16 160 M M 1 3 22 160
8 86 51 69 13 0 4 0.01 0.0 0 8.1 29 20 M M 2 39 40
9 69 59 64 8 1 0 0.10 0.0 0 2.8 14 10 M M 6 1 19 10
10 79 54 67 11 0 2 0.08 0.0 0 2.7 13 190 M M 3 1 15 170
11 83 51 67 10 0 2 0.00 0.0 0 4.7 25 120 M M 1 13 34 110
12 85 48 67 10 0 2 0.00 0.0 0 4.8 16 20 M M 1 12 22 50
13 85 48 67 10 0 2 0.02 0.0 0 6.6 21 140 M M 1 3 30 140
14 63 52 58 1 7 0 T 0.0 0 9.9 25 220 M M 7 36 230
15 64 46 55 -2 10 0 0.08 0.0 0 1.5 15 280 M M 7 1 19 280
16 74 39 57 0 8 0 T 0.0 0 6.3 17 160 M M 3 12 25 150
17 69 54 62 4 3 0 0.27 0.0 0 11.8 22 150 M M 5 1 35 160
18 62 43 53 -5 12 0 0.05 0.0 0 12.5 22 220 M M 6 1 32 240
19 62 35 49 -9 16 0 0.00 0.0 0 6.9 17 220 M M 4 25 220
20 61 35 48 -10 17 0 T 0.0 0 5.7 17 120 M M 4 26 140
21 61 31 46 -12 19 0 T 0.0 0 2.8 15 350 M M 2 1 22 280
22 73 30 52 -7 13 0 0.00 0.0 0 2.4 12 70 M M 2 12 16 40
23 84 42 63 4 2 0 0.02 0.0 0 6.5 22 180 M M 2 30 160
24 79 51 65 6 0 0 T 0.0 0 5.2 18 210 M M 3 24 200
25 77 46 62 3 3 0 0.00 0.0 0 5.7 18 150 M M 1 3 25 190
26 83 42 63 3 2 0 0.00 0.0 0 4.1 20 140 M M 0 27 140
27 80 46 63 3 2 0 T 0.0 0 5.1 22 150 M M 1 3 38 160
28 80 52 66 6 0 1 0.02 0.0 0 5.9 17 160 M M 2 3 26 150
29 85 48 67 7 0 2 0.00 0.0 0 5.9 15 170 M M 0 1 26 180
30 89 49 69 8 0 4 0.00 0.0 0 4.8 16 160 M M 0 24 160
================================================================================
SM 2299 1401 122 31 0.65 0.0 167.9 M 72
================================================================================
AV 76.6 46.7 5.6 FASTST M M 2 MAX(MPH)
MISC ----> 29 20 39 40
================================================================================
NOTES:
# LAST OF SEVERAL OCCURRENCES
COLUMN 17 PEAK WIND IN M.P.H.
PRELIMINARY LOCAL CLIMATOLOGICAL DATA (WS FORM: F-6) , PAGE 2
STATION: KALISPELL MT
MONTH: JUNE
YEAR: 2023
LATITUDE: 48 17 N
LONGITUDE: 114 16 W
[TEMPERATURE DATA] [PRECIPITATION DATA] SYMBOLS USED IN COLUMN 16
AVERAGE MONTHLY: 61.7 TOTAL FOR MONTH: 0.65 1 = FOG OR MIST
DPTR FM NORMAL: 4.1 DPTR FM NORMAL: -2.19 2 = FOG REDUCING VISIBILITY
HIGHEST: 89 ON 30 GRTST 24HR 0.27 ON 16-17 TO 1/4 MILE OR LESS
LOWEST: 30 ON 22 3 = THUNDER
SNOW, ICE PELLETS, HAIL 4 = ICE PELLETS
TOTAL MONTH: 0.0 INCH 5 = HAIL
GRTST 24HR 0.0 6 = FREEZING RAIN OR DRIZZLE
GRTST DEPTH: 0 7 = DUSTSTORM OR SANDSTORM:
VSBY 1/2 MILE OR LESS
8 = SMOKE OR HAZE
[NO. OF DAYS WITH] [WEATHER - DAYS WITH] 9 = BLOWING SNOW
X = TORNADO
MAX 32 OR BELOW: 0 0.01 INCH OR MORE: 9
MAX 90 OR ABOVE: 0 0.10 INCH OR MORE: 2
MIN 32 OR BELOW: 2 0.50 INCH OR MORE: 0
MIN 0 OR BELOW: 0 1.00 INCH OR MORE: 0
[HDD (BASE 65) ]
TOTAL THIS MO. 122 CLEAR (SCALE 0-3) 23
DPTR FM NORMAL -112 PTCLDY (SCALE 4-7) 7
TOTAL FM JUL 1 8023 CLOUDY (SCALE 8-10) 0
DPTR FM NORMAL -86
[CDD (BASE 65) ]
TOTAL THIS MO. 31
DPTR FM NORMAL 19 [PRESSURE DATA]
TOTAL FM JAN 1 39 HIGHEST SLP M ON M
DPTR FM NORMAL 26 LOWEST SLP 29.56 ON 18
[REMARKS]
#FINAL-06-23#