000
CXUS55 KMSO 072302
CF6GPI
PRELIMINARY LOCAL CLIMATOLOGICAL DATA (WS FORM: F-6)
STATION: KALISPELL MT
MONTH: NOVEMBER
YEAR: 2023
LATITUDE: 48 17 N
LONGITUDE: 114 16 W
TEMPERATURE IN F: :PCPN: SNOW: WIND :SUNSHINE: SKY :PK WND
================================================================================
1 2 3 4 5 6A 6B 7 8 9 10 11 12 13 14 15 16 17 18
12Z AVG MX 2MIN
DY MAX MIN AVG DEP HDD CDD WTR SNW DPTH SPD SPD DIR MIN PSBL S-S WX SPD DR
================================================================================
1 35 29 32 -3 33 0 0.00 0.0 0 1.6 6 180 M M 10 18 8 200
2 35 32 34 -1 31 0 1.41 1.0 T 0.2 6 110 M M 10 12 6 280
3 56 28 42 7 23 0 T 0.0 0 1.4 7 20 M M 9 12 9 340
4 44 26 35 1 30 0 0.16 0.0 0 1.2 8 230 M M 10 126 11 270
5 54 27 41 7 24 0 0.12 0.0 0 7.0 18 220 M M 5 1 26 210
6 41 24 33 -1 32 0 0.20 0.0 0 2.9 10 160 M M 7 1 15 170
7 49 28 39 5 26 0 0.06 0.0 0 7.2 17 210 M M 9 1 21 210
8 42 20 31 -2 34 0 0.00 0.0 0 2.4 10 170 M M 6 12 15 220
9 43 24 34 1 31 0 0.00 0.0 0 1.2 9 190 M M 3 1 14 140
10 46 23 35 2 30 0 T T 0 3.8 15 220 M M 8 1 20 230
11 50 31 41 8 24 0 T 0.0 0 8.9 24 210 M M 9 34 210
12 51 28 40 8 25 0 T 0.0 0 4.4 18 200 M M 2 24 200
13 48 29 39 7 26 0 0.01 0.0 0 3.5 15 170 M M 5 1 23 170
14 47 24 36 4 29 0 0.00 0.0 0 5.9 15 160 M M 3 21 200
15 38 24 31 -1 34 0 0.45 0.0 0 0.8 8 280 M M 10 1 11 340
16 42 22 32 1 33 0 0.00 0.0 0 1.4 7 250 M M 5 12 11 260
17 43 20 32 1 33 0 0.00 0.0 0 0.7 6 160 M M 2 1 7 20
18 33 28 31 0 34 0 0.00 0.0 0 1.3 7 350 M M 10 1 8 340
19 37 30 34 3 31 0 0.01 0.0 0 6.1 18 140 M M 10 1 26 140
20 42 22 32 2 33 0 0.00 0.0 0 3.7 12 190 M M 7 15 190
21 39 19 29 -1 36 0 0.00 0.0 0 1.6 8 60 M M 0 14 100
22 41 29 35 5 30 0 0.06 0.0 0 1.6 8 160 M M 9 126 12 160
23 41 25 33 3 32 0 0.00 0.0 0 10.4 25 40 M M 5 12 34 40
24 36 15 26 -3 39 0 0.00 0.0 0 5.0 14 30 M M 0 21 10
25 31 9 20 -9 45 0 0.00 0.0 0 1.0 6 40 M M 3 9 30
26 27 11 19 -10 46 0 0.00 0.0 0 1.0 5 360 M M 7 7 50
27 33 14 24 -4 41 0 0.00 0.0 0 0.3 6 140 M M 6 1 7 10
28 25 9 17 -11 48 0 0.00 0.0 0 1.2 8 350 M M 7 1 9 220
29 26 21 24 -4 41 0 0.00 0.0 0 1.9 9 280 M M 10 1 12 280
30 25 21 23 -5 42 0 T 0.2 0 0.7 7 280 M M 10 18 10 280
================================================================================
SM 1200 692 996 0 2.48 1.2 90.3 M 197
================================================================================
AV 40.0 23.1 3.0 FASTST M M 7 MAX(MPH)
MISC ----> 25 40 # 34 210
================================================================================
NOTES:
# LAST OF SEVERAL OCCURRENCES
COLUMN 17 PEAK WIND IN M.P.H.
PRELIMINARY LOCAL CLIMATOLOGICAL DATA (WS FORM: F-6) , PAGE 2
STATION: KALISPELL MT
MONTH: NOVEMBER
YEAR: 2023
LATITUDE: 48 17 N
LONGITUDE: 114 16 W
[TEMPERATURE DATA] [PRECIPITATION DATA] SYMBOLS USED IN COLUMN 16
AVERAGE MONTHLY: 31.5 TOTAL FOR MONTH: 2.48 1 = FOG OR MIST
DPTR FM NORMAL: 0.1 DPTR FM NORMAL: 1.13 2 = FOG REDUCING VISIBILITY
HIGHEST: 56 ON 3 GRTST 24HR 1.41 ON 2- 2 TO 1/4 MILE OR LESS
LOWEST: 9 ON 28,25 3 = THUNDER
SNOW, ICE PELLETS, HAIL 4 = ICE PELLETS
TOTAL MONTH: 1.2 INCHES 5 = HAIL
GRTST 24HR 1.0 ON 2- 2 6 = FREEZING RAIN OR DRIZZLE
GRTST DEPTH: T 7 = DUSTSTORM OR SANDSTORM:
VSBY 1/2 MILE OR LESS
8 = SMOKE OR HAZE
[NO. OF DAYS WITH] [WEATHER - DAYS WITH] 9 = BLOWING SNOW
X = TORNADO
MAX 32 OR BELOW: 5 0.01 INCH OR MORE: 9
MAX 90 OR ABOVE: 0 0.10 INCH OR MORE: 5
MIN 32 OR BELOW: 30 0.50 INCH OR MORE: 1
MIN 0 OR BELOW: 0 1.00 INCH OR MORE: 1
[HDD (BASE 65) ]
TOTAL THIS MO. 996 CLEAR (SCALE 0-3) 7
DPTR FM NORMAL -10 PTCLDY (SCALE 4-7) 10
TOTAL FM JUL 1 1966 CLOUDY (SCALE 8-10) 13
DPTR FM NORMAL -259
[CDD (BASE 65) ]
TOTAL THIS MO. 0
DPTR FM NORMAL 0 [PRESSURE DATA]
TOTAL FM JAN 1 245 HIGHEST SLP 30.71 ON 20
DPTR FM NORMAL 102 LOWEST SLP 29.66 ON 6
[REMARKS]
#FINAL-11-23#