000
CXUS53 KGID 011706
CF6GRI
PRELIMINARY LOCAL CLIMATOLOGICAL DATA (WS FORM: F-6)
STATION: GRAND ISLAND NE
MONTH: FEBRUARY
YEAR: 2021
LATITUDE: 40 58 N
LONGITUDE: 98 19 W
TEMPERATURE IN F: :PCPN: SNOW: WIND :SUNSHINE: SKY :PK WND
================================================================================
1 2 3 4 5 6A 6B 7 8 9 10 11 12 13 14 15 16 17 18
12Z AVG MX 2MIN
DY MAX MIN AVG DEP HDD CDD WTR SNW DPTH SPD SPD DIR MIN PSBL S-S WX SPD DR
================================================================================
1 26 13 20 -6 45 0 0.00 0.0 6 6.3 13 160 M M 9 128 16 120
2 32 22 27 1 38 0 0.00 0.0 5 7.7 13 170 M M 10 12 17 120
3 42 19 31 5 34 0 0.00 0.0 5 8.1 30 350 M M 4 128 39 360
4 36 21 29 3 36 0 0.09 1.4 6 18.0 38 350 M M 3 1289 46 350
5 30 13 22 -5 43 0 0.00 0.0 5 4.0 15 270 M M 3 19 280
6 21 -2 10 -17 55 0 0.24 4.4 6 10.1 22 30 M M 8 18 28 20
7 4 1 3 -24 62 0 0.27 4.9 12 11.0 20 130 M M 9 8 26 130
8 2 -16 -7 -34 72 0 0.00 0.0 12 5.3 16 20 M M 2 8 18 20
9 7 -18 -5 -32 70 0 0.00 0.0 11 4.0 8 300 M M 1 10 290
10 10 -4 3 -25 62 0 0.00 0.0 10 6.4 12 40 M M 4 14 40
11 8 -5 2 -26 63 0 T 0.1 9 9.1 17 30 M M 3 8 21 40
12 1 -5 -2 -30 67 0 0.10 1.0 9 9.6 18 20 M M 9 8 22 10
13 4 -9 -2 -30 67 0 0.01 0.2 10 6.7 21 10 M M 6 8 25 10
14 -1 -17 -9 -38 74 0 0.07 1.1 11 12.3 20 360 M M 9 8 23 360
15 -7 -24 -15 -44 80 0 0.00 0.0 11 3.1 9 350 M M 0 10 350
16 2 -27 -12 -41 77 0 T T 10 8.6 20 140 M M 5 8 23 150
17 17 2 10 -20 55 0 0.01 0.3 10 6.9 14 170 M M 9 8 17 140
18 26 6 16 -14 49 0 0.00 0.0 10 7.1 13 280 M M 5 16 290
19 25 2 14 -16 51 0 0.00 0.0 9 5.2 15 260 M M 2 18 19 260
20 33 1 17 -13 48 0 0.00 0.0 9 7.6 17 140 M M 2 128 23 140
21 39 29 34 3 31 0 0.01 T 9 13.2 30 330 M M 5 168 38 320
22 48 27 38 7 27 0 0.00 0.0 8 15.6 23 270 M M 0 29 290
23 54 31 43 11 22 0 0.00 0.0 6 11.1 29 220 M M 0 34 220
24 43 27 35 3 30 0 0.00 0.0 4 9.2 24 320 M M 1 32 340
25 42 23 33 1 32 0 0.00 0.0 2 8.0 16 170 M M 1 21 170
26 47 26 37 4 28 0 0.00 0.0 1 13.1 22 220 M M 1 29 230
27 50 26 38 5 27 0 0.00 0.0 T 8.1 24 100 M M 2 18 33 140
28 40 26 33 0 32 0 0.00 0.0 T 12.0 26 330 M M 5 8 36 330
================================================================================
SM 681 188 1377 0 0.80 13.4 247.4 M 118
================================================================================
AV 24.3 6.7 8.8 FASTST M M 4 MAX(MPH)
MISC ----> 38 350 46 350
================================================================================
NOTES:
# LAST OF SEVERAL OCCURRENCES
COLUMN 17 PEAK WIND IN M.P.H.
PRELIMINARY LOCAL CLIMATOLOGICAL DATA (WS FORM: F-6) , PAGE 2
STATION: GRAND ISLAND NE
MONTH: FEBRUARY
YEAR: 2021
LATITUDE: 40 58 N
LONGITUDE: 98 19 W
[TEMPERATURE DATA] [PRECIPITATION DATA] SYMBOLS USED IN COLUMN 16
AVERAGE MONTHLY: 15.5 TOTAL FOR MONTH: 0.80 1 = FOG OR MIST
DPTR FM NORMAL: -13.6 DPTR FM NORMAL: 0.12 2 = FOG REDUCING VISIBILITY
HIGHEST: 54 ON 23 GRTST 24HR 0.27 ON 7- 7 TO 1/4 MILE OR LESS
LOWEST: -27 ON 16 3 = THUNDER
SNOW, ICE PELLETS, HAIL 4 = ICE PELLETS
TOTAL MONTH: 13.4 INCHES 5 = HAIL
GRTST 24HR 4.9 ON 7- 7 6 = FREEZING RAIN OR DRIZZLE
GRTST DEPTH: 12 ON 8, 7 7 = DUSTSTORM OR SANDSTORM:
VSBY 1/2 MILE OR LESS
8 = SMOKE OR HAZE
[NO. OF DAYS WITH] [WEATHER - DAYS WITH] 9 = BLOWING SNOW
X = TORNADO
MAX 32 OR BELOW: 17 0.01 INCH OR MORE: 8
MAX 90 OR ABOVE: 0 0.10 INCH OR MORE: 3
MIN 32 OR BELOW: 28 0.50 INCH OR MORE: 0
MIN 0 OR BELOW: 10 1.00 INCH OR MORE: 0
[HDD (BASE 65) ]
TOTAL THIS MO. 1377 CLEAR (SCALE 0-3) 14
DPTR FM NORMAL 372 PTCLDY (SCALE 4-7) 7
TOTAL FM JUL 1 4594 CLOUDY (SCALE 8-10) 7
DPTR FM NORMAL -168
[CDD (BASE 65) ]
TOTAL THIS MO. 0
DPTR FM NORMAL 0 [PRESSURE DATA]
TOTAL FM JAN 1 0 HIGHEST SLP 30.78 ON 14
DPTR FM NORMAL 0 LOWEST SLP 29.61 ON 3
[REMARKS]
#FINAL-02-21#