000
CXUS53 KGRR 011010
CF6GRR
PRELIMINARY LOCAL CLIMATOLOGICAL DATA (WS FORM: F-6)
STATION: GRAND RAPIDS
MONTH: NOVEMBER
YEAR: 2022
LATITUDE: 42 52 N
LONGITUDE: 85 31 W
TEMPERATURE IN F: :PCPN: SNOW: WIND :SUNSHINE: SKY :PK WND
================================================================================
1 2 3 4 5 6A 6B 7 8 9 10 11 12 13 14 15 16 17 18
12Z AVG MX 2MIN
DY MAX MIN AVG DEP HDD CDD WTR SNW DPTH SPD SPD DIR MIN PSBL S-S WX SPD DR
================================================================================
1 65 40 53 8 12 0 0.00 0.0 0 6.6 13 250 M M 5 128 17 260
2 67 38 53 8 12 0 0.00 0.0 0 5.6 13 190 M M 0 18 16 180
3 71 48 60 15 5 0 0.00 0.0 0 10.2 20 210 M M 3 18 26 210
4 68 57 63 19 2 0 0.11 0.0 0 13.4 24 210 M M 8 1 33 210
5 66 48 57 13 8 0 0.06 0.0 0 19.7 37 220 M M 9 53 200
6 64 43 54 10 11 0 0.00 0.0 0 14.2 28 210 M M 4 39 200
7 52 36 44 1 21 0 0.00 0.0 0 11.2 20 270 M M 1 29 270
8 52 34 43 0 22 0 0.00 0.0 0 9.2 20 90 M M 4 24 70
9 59 36 48 6 17 0 T 0.0 0 7.7 15 180 M M 6 19 180
10 75 52 64 22 1 0 0.00 0.0 0 11.1 23 200 M M 4 29 190
11 59 34 47 5 18 0 0.00 0.0 0 11.6 22 290 M M 6 30 300
12 41 32 37 -4 28 0 T T 0 10.0 20 300 M M 9 24 300
13 37 30 34 -7 31 0 0.02 0.4 T 7.7 16 330 M M 10 1 20 320
14 39 29 34 -6 31 0 0.00 0.0 0 4.9 10 210 M M 9 14 150
15 33 28 31 -9 34 0 0.32 3.2 0 8.8 18 80 M M 10 1 25 80
16 34 29 32 -8 33 0 0.03 0.4 3 5.2 14 340 M M 10 1 19 340
17 32 26 29 -10 36 0 0.43 7.6 1 10.9 25 260 M M 9 12 37 230
18 30 23 27 -12 38 0 0.27 7.0 8 12.8 25 260 M M 10 12 33 260
19 25 18 22 -17 43 0 0.44 8.7 10 14.9 26 300 M M 9 129 36 310
20 27 18 23 -15 42 0 0.06 0.7 10 12.2 21 240 M M 7 1 28 250
21 40 22 31 -7 34 0 0.00 0.0 7 13.7 32 250 M M 2 40 250
22 42 18 30 -8 35 0 0.00 0.0 4 3.5 20 250 M M 3 18 24 260
23 49 22 36 -1 29 0 0.00 0.0 3 4.4 12 200 M M 1 18 15 210
24 46 30 38 1 27 0 T 0.0 2 7.7 15 240 M M 6 18 20 230
25 48 32 40 4 25 0 0.00 0.0 T 10.6 17 260 M M 5 1 23 290
26 54 31 43 7 22 0 0.00 0.0 0 11.4 24 240 M M 2 33 250
27 44 36 40 4 25 0 0.25 0.0 0 8.1 18 340 M M 8 1 25 340
28 43 32 38 2 27 0 0.00 0.0 0 3.9 13 10 M M 8 16 340
29 54 35 45 10 20 0 0.28 0.0 0 12.6 26 140 M M 10 18 37 150
30 54 26 40 5 25 0 0.06 T T 23.0 36 250 M M 10 1 47 250
================================================================================
SM 1470 983 714 0 2.33 28.0 306.8 M 188
================================================================================
AV 49.0 32.8 10.2 FASTST M M 6 MAX(MPH)
MISC ----> 37 220 53 200
================================================================================
NOTES:
# LAST OF SEVERAL OCCURRENCES
COLUMN 17 PEAK WIND IN M.P.H.
PRELIMINARY LOCAL CLIMATOLOGICAL DATA (WS FORM: F-6) , PAGE 2
STATION: GRAND RAPIDS
MONTH: NOVEMBER
YEAR: 2022
LATITUDE: 42 52 N
LONGITUDE: 85 31 W
[TEMPERATURE DATA] [PRECIPITATION DATA] SYMBOLS USED IN COLUMN 16
AVERAGE MONTHLY: 40.9 TOTAL FOR MONTH: 2.33 1 = FOG OR MIST
DPTR FM NORMAL: 0.9 DPTR FM NORMAL: -0.77 2 = FOG REDUCING VISIBILITY
HIGHEST: 75 ON 10 GRTST 24HR 0.44 ON 19-19 TO 1/4 MILE OR LESS
LOWEST: 18 ON 22,20 3 = THUNDER
SNOW, ICE PELLETS, HAIL 4 = ICE PELLETS
TOTAL MONTH: 28.0 INCHES 5 = HAIL
GRTST 24HR 8.7 ON 19-19 6 = FREEZING RAIN OR DRIZZLE
GRTST DEPTH: 10 ON 20,19 7 = DUSTSTORM OR SANDSTORM:
VSBY 1/2 MILE OR LESS
8 = SMOKE OR HAZE
[NO. OF DAYS WITH] [WEATHER - DAYS WITH] 9 = BLOWING SNOW
X = TORNADO
MAX 32 OR BELOW: 4 0.01 INCH OR MORE: 12
MAX 90 OR ABOVE: 0 0.10 INCH OR MORE: 7
MIN 32 OR BELOW: 17 0.50 INCH OR MORE: 0
MIN 0 OR BELOW: 0 1.00 INCH OR MORE: 0
[HDD (BASE 65) ]
TOTAL THIS MO. 714 CLEAR (SCALE 0-3) 7
DPTR FM NORMAL -36 PTCLDY (SCALE 4-7) 11
TOTAL FM JUL 1 1274 CLOUDY (SCALE 8-10) 12
DPTR FM NORMAL -39
[CDD (BASE 65) ]
TOTAL THIS MO. 0
DPTR FM NORMAL 0 [PRESSURE DATA]
TOTAL FM JAN 1 800 HIGHEST SLP 30.75 ON 8
DPTR FM NORMAL 67 LOWEST SLP 29.43 ON 27
[REMARKS]
#FINAL-11-22#