000
CXUS53 KGRR 011839
CLSGRR
WRKCLSGRR 000
TTAA00 GRR 011835
CLIMATE REPORT
NATIONAL WEATHER SERVICE GRAND RAPIDS, MICHIGAN
229 PM EDT THU SEP 01 2022
...................................
...THE GRAND RAPIDS CLIMATE SUMMARY FOR THE SEASON, FROM
6/1/2022 TO 8/31/2022...
CLIMATE NORMAL PERIOD: 1991 TO 2020
CLIMATE RECORD PERIOD: 1892 TO 2022
WEATHER OBSERVED NORMAL DEPART LAST YEAR`S
VALUE DATE(S) VALUE FROM VALUE DATE(S)
NORMAL
................................................................
TEMPERATURE (F)
RECORD
HIGH 108 07/13/1936
LOW 32 06/04/1945
HIGHEST 95 06/21 93 2 92 08/24
08/28
08/29
LOWEST 45 06/04 41 4 41 06/22
AVG. MAXIMUM 81.6 81.2 0.4 82.4
AVG. MINIMUM 60.7 60.7 0.0 62.6
MEAN 71.1 70.9 0.2 72.5
DAYS MAX >= 90 7 8.8 -1.8 7
DAYS MAX <= 32 0 0.0 0.0 0
DAYS MIN <= 32 0 0.0 0.0 0
DAYS MIN <= 0 0 0.0 0.0 0
PRECIPITATION (INCHES)
RECORD
MAXIMUM 22.63 1994
MINIMUM 3.18 1918
TOTALS 9.22 11.35 -2.13 15.26
DAILY AVG. 0.10 0.12 -0.02 0.17
DAYS >= .01 27 30.6 -3.6 32
DAYS >= .10 14 18.7 -4.7 19
DAYS >= .50 8 7.8 0.2 8
DAYS >= 1.00 1 3.1 -2.1 5
GREATEST
24 HR. TOTAL 1.91 08/28 TO 08/29
SNOWFALL (INCHES)
RECORDS
TOTAL 0.0 MM
SNOW DEPTH 0 MM
TOTALS 0.0 0.0 0.0 0.0
SINCE 7/1 0.0 0.0 0.0 MM
SNOWDEPTH AVG. 0 0
DAYS >= TRACE 0 0.0 0.0 0
DAYS >= 1.0 0 0.0 0.0 0
GREATEST
SNOW DEPTH 0 0 MM
DEGREE DAYS
HEATING TOTAL 34 56 -22 26
SINCE 7/1 7 11 -4 MM
COOLING TOTAL 625 600 25 738
SINCE 1/1 713 652 61 MM
FREEZE DATES
RECORD
EARLIEST 09/03/1946
LATEST 06/04/1945
EARLIEST MM
LATEST 04/28
................................................................
WIND (MPH)
AVERAGE WIND SPEED 8.0
RESULTANT WIND SPEED/DIRECTION 3/250
HIGHEST WIND SPEED/DIRECTION 39/290 DATE 08/29
HIGHEST GUST SPEED/DIRECTION 58/290 DATE 08/29
SKY COVER
POSSIBLE SUNSHINE (PERCENT) 61
AVERAGE SKY COVER 0.50
NUMBER OF DAYS FAIR 28
NUMBER OF DAYS PC 52
NUMBER OF DAYS CLOUDY 12
AVERAGE RH (PERCENT) 68
WEATHER CONDITIONS. NUMBER OF DAYS WITH
THUNDERSTORM 19 MIXED PRECIP 0
HEAVY RAIN 12 RAIN 12
LIGHT RAIN 37 FREEZING RAIN 0
LT FREEZING RAIN 0 HAIL 0
HEAVY SNOW 0 SNOW 0
LIGHT SNOW 0 SLEET 0
FOG 43 FOG W/VIS <= 1/4 MILE 2
HAZE 5
- INDICATES NEGATIVE NUMBERS.
R INDICATES RECORD WAS SET OR TIED.
MM INDICATES DATA IS MISSING.
T INDICATES TRACE AMOUNT.
$$