000
CXGM50 PGUM 101302
CF6GSN
PRELIMINARY LOCAL CLIMATOLOGICAL DATA (WS FORM: F-6)
STATION: SAIPAN/ISLEY_(CGS) MP
MONTH: JANUARY
YEAR: 2023
LATITUDE: 15 7 N
LONGITUDE: 145-44 E
TEMPERATURE IN F: :PCPN: SNOW: WIND :SUNSHINE: SKY :PK WND
================================================================================
1 2 3 4 5 6A 6B 7 8 9 10 11 12 13 14 15 16 17 18
12Z AVG MX 2MIN
DY MAX MIN AVG DEP HDD CDD WTR SNW DPTH SPD SPD DIR MIN PSBL S-S WX SPD DR
================================================================================
1 86 76 81 1 0 16 0.03 0.0 0 17.7 25 50 M M 6 33 50
2 85 76 81 1 0 16 0.02 0.0 0 18.8 26 70 M M 6 33 70
3 86 77 82 2 0 17 0.10 0.0 0 16.4 23 80 M M 6 31 80
4 85 76 81 1 0 16 0.44 0.0 0 18.1 26 80 M M 7 34 80
5 83 75 79 -1 0 14 0.48 0.0 0 15.1 24 70 M M 7 33 80
6 86 75 81 1 0 16 0.16 0.0 0 15.1 22 70 M M 4 27 80
7 86 77 82 2 0 17 0.11 0.0 0 13.1 23 80 M M 5 27 80
8 83 76 80 0 0 15 0.21 0.0 0 16.7 26 40 M M 7 35 30
9 84 75 80 0 0 15 3.01 0.0 0 16.7 25 40 M M 9 34 60
10 85 77 81 1 0 16 0.34 0.0 0 9.5 24 80 M M 5 29 80
11 82 76 79 -1 0 14 0.01 0.0 0 16.1 28 40 M M 8 36 30
12 80 74 77 -3 0 12 2.40 0.0 0 21.0 31 50 M M 10 41 40
13 78 74 76 -4 0 11 0.31 0.0 0 24.2 35 80 M M 9 47 30
14 82 73 78 -2 0 13 0.31 0.0 0 22.1 32 80 M M 9 41 80
15 83 72 78 -1 0 13 0.69 0.0 0 10.4 20 80 M M 7 23 80
16 86 77 82 3 0 17 0.28 0.0 0 12.6 23 100 M M 7 31 140
17 85 77 81 2 0 16 0.00 0.0 0 12.3 20 80 M M 4 23 90
18 86 75 81 2 0 16 0.04 0.0 0 11.5 17 110 M M 3 22 100
19 85 76 81 2 0 16 T 0.0 0 12.8 20 90 M M 4 23 70
20 86 77 82 3 0 17 T 0.0 0 16.6 26 70 M M 3 31 80
21 85 78 82 3 0 17 0.00 0.0 0 15.9 22 80 M M 3 27 90
22 84 78 81 2 0 16 0.00 0.0 0 16.0 23 70 M M 4 27 80
23 86 78 82 3 0 17 0.01 0.0 0 17.7 24 80 M M 3 30 80
24 86 78 82 3 0 17 0.00 0.0 0 14.4 22 100 M M 3 28 90
25 86 77 82 3 0 17 T 0.0 0 10.3 16 90 M M 4 21 130
26 86 77 82 3 0 17 0.01 0.0 0 16.8 24 100 M M 5 30 70
27 87 78 83 4 0 18 0.00 0.0 0 14.6 23 80 M M 3 28 80
28 86 77 82 3 0 17 0.00 0.0 0 10.6 15 60 M M 4 20 90
29 86 78 82 3 0 17 0.05 0.0 0 13.7 22 60 M M 3 29 60
30 86 73 80 1 0 15 0.48 0.0 0 9.9 25 110 M M 5 30 110
31 85 74 80 1 0 15 T 0.0 0 8.8 16 80 M M 3 19 70
================================================================================
SM 2625 2357 0 486 9.49 0.0 465.5 M 166
================================================================================
AV 84.7 76.0 15.0 FASTST M M 5 MAX(MPH)
MISC ----> 35 80 47 30
================================================================================
NOTES:
# LAST OF SEVERAL OCCURRENCES
COLUMN 17 PEAK WIND IN M.P.H.
PRELIMINARY LOCAL CLIMATOLOGICAL DATA (WS FORM: F-6) , PAGE 2
STATION: SAIPAN/ISLEY_(CGS) MP
MONTH: JANUARY
YEAR: 2023
LATITUDE: 15 7 N
LONGITUDE: 145-44 E
[TEMPERATURE DATA] [PRECIPITATION DATA] SYMBOLS USED IN COLUMN 16
AVERAGE MONTHLY: 80.4 TOTAL FOR MONTH: 9.49 1 = FOG OR MIST
DPTR FM NORMAL: 0.9 DPTR FM NORMAL: 5.84 2 = FOG REDUCING VISIBILITY
HIGHEST: 87 ON 27 GRTST 24HR 4.80 ON 14-15 TO 1/4 MILE OR LESS
LOWEST: 72 ON 15 3 = THUNDER
SNOW, ICE PELLETS, HAIL 4 = ICE PELLETS
TOTAL MONTH: 0.0 INCH 5 = HAIL
GRTST 24HR 0.0 6 = FREEZING RAIN OR DRIZZLE
GRTST DEPTH: 0 7 = DUSTSTORM OR SANDSTORM:
VSBY 1/2 MILE OR LESS
8 = SMOKE OR HAZE
[NO. OF DAYS WITH] [WEATHER - DAYS WITH] 9 = BLOWING SNOW
X = TORNADO
MAX 32 OR BELOW: 0 0.01 INCH OR MORE: 21
MAX 90 OR ABOVE: 0 0.10 INCH OR MORE: 14
MIN 32 OR BELOW: 0 0.50 INCH OR MORE: 3
MIN 0 OR BELOW: 0 1.00 INCH OR MORE: 2
[HDD (BASE 65) ]
TOTAL THIS MO. 0 CLEAR (SCALE 0-3) 4
DPTR FM NORMAL 0 PTCLDY (SCALE 4-7) 23
TOTAL FM JUL 1 0 CLOUDY (SCALE 8-10) 4
DPTR FM NORMAL 0
[CDD (BASE 65) ]
TOTAL THIS MO. 486
DPTR FM NORMAL 38 [PRESSURE DATA]
TOTAL FM JAN 1 486 HIGHEST SLP 30.03 ON 1
DPTR FM NORMAL 38 LOWEST SLP 29.92 ON 1
[REMARKS]
#FINAL-01-23#