000
CXGM50 PGUM 010005
CF6GSN
PRELIMINARY LOCAL CLIMATOLOGICAL DATA (WS FORM: F-6)
STATION: SAIPAN/ISLEY_(CGS) MP
MONTH: MARCH
YEAR: 2020
LATITUDE: 15 7 N
LONGITUDE: 145-44 E
TEMPERATURE IN F: :PCPN: SNOW: WIND :SUNSHINE: SKY :PK WND
================================================================================
1 2 3 4 5 6A 6B 7 8 9 10 11 12 13 14 15 16 17 18
12Z AVG MX 2MIN
DY MAX MIN AVG DEP HDD CDD WTR SNW DPTH SPD SPD DIR MIN PSBL S-S WX SPD DR
================================================================================
1 86 76 81 M 0 16 0.16 0.0 0 18.5 26 80 M M 8 18 32 80
2 87 77 82 M 0 17 0.01 0.0 0 18.9 25 100 M M 7 31 110
3 88 79 84 M 0 19 0.01 0.0 0 16.2 23 80 M M 5 29 90
4 88 79 84 M 0 19 0.00 0.0 0 17.8 23 90 M M 4 28 90
5 88 76 82 M 0 17 0.01 0.0 0 16.2 24 90 M M 4 31 80
6 87 76 82 M 0 17 0.00 0.0 0 11.2 16 50 M M 3 22 80
7 86 76 81 M 0 16 0.00 0.0 0 10.8 16 70 M M 1 24 80
8 86 75 81 M 0 16 T 0.0 0 10.9 20 80 M M 3 26 90
9 87 75 81 M 0 16 0.00 0.0 0 6.9 12 100 M M 2 17 130
10 87 74 81 M 0 16 0.00 0.0 0 8.7 14 80 M M 1 20 80
11 88 76 82 M 0 17 0.00 0.0 0 10.2 15 70 M M 2 21 60
12 88 77 83 M 0 18 0.05 0.0 0 13.7 20 40 M M 5 24 30
13 89 78 84 M 0 19 0.01 0.0 0 14.3 23 80 M M 4 26 70
14 88 77 83 M 0 18 T 0.0 0 10.2 17 90 M M 2 22 90
15 88 76 82 M 0 17 0.00 0.0 0 8.4 14 80 M M 2 19 90
16 88 75 82 M 0 17 0.01 0.0 0 9.7 17 70 M M 4 22 50
17 89 78 84 M 0 19 0.13 0.0 0 11.0 17 80 M M 3 22 70
18 89 79 84 M 0 19 0.00 0.0 0 17.0 24 80 M M 3 29 80
19 90 80 85 M 0 20 0.00 0.0 0 18.4 24 90 M M 2 30 90
20 89 79 84 M 0 19 0.00 0.0 0 16.1 22 90 M M 3 28 90
21 89 78 84 M 0 19 0.00 0.0 0 16.9 23 70 M M 2 28 80
22 89 78 84 M 0 19 0.00 0.0 0 14.7 22 80 M M 2 27 80
23 88 76 82 M 0 17 0.04 0.0 0 11.2 23 80 M M 3 28 70
24 87 77 82 M 0 17 0.00 0.0 0 8.5 15 90 M M 3 20 90
25 88 75 82 M 0 17 T 0.0 0 11.7 17 70 M M 4 22 70
26 89 77 83 M 0 18 0.27 0.0 0 17.2 25 80 M M 3 28 80
27 90 77 84 M 0 19 0.01 0.0 0 21.0 28 80 M M 7 33 100
28 86 77 82 M 0 17 0.18 0.0 0 19.2 32 60 M M 7 18 40 70
29 90 78 84 M 0 19 0.02 0.0 0 16.3 23 90 M M 5 28 80
30 90 78 84 M 0 19 0.15 0.0 0 18.5 31 80 M M 6 39 70
31 88 77 83 M 0 18 0.04 0.0 0 18.8 28 80 M M 6 33 70
================================================================================
SM 2730 2386 0 551 1.10 0.0 439.1 M 116
================================================================================
AV 88.1 77.0 14.2 FASTST M M 4 MAX(MPH)
MISC ----> # 32 60 # 40 70
================================================================================
NOTES:
# LAST OF SEVERAL OCCURRENCES
COLUMN 17 PEAK WIND IN M.P.H.
PRELIMINARY LOCAL CLIMATOLOGICAL DATA (WS FORM: F-6) , PAGE 2
STATION: SAIPAN/ISLEY_(CGS) MP
MONTH: MARCH
YEAR: 2020
LATITUDE: 15 7 N
LONGITUDE: 145-44 E
[TEMPERATURE DATA] [PRECIPITATION DATA] SYMBOLS USED IN COLUMN 16
AVERAGE MONTHLY: 82.5 TOTAL FOR MONTH: 1.10 1 = FOG OR MIST
DPTR FM NORMAL: M DPTR FM NORMAL: -0.83 2 = FOG REDUCING VISIBILITY
HIGHEST: 90 ON 30,29 GRTST 24HR 0.27 ON 26-26 TO 1/4 MILE OR LESS
LOWEST: 74 ON 10 3 = THUNDER
SNOW, ICE PELLETS, HAIL 4 = ICE PELLETS
TOTAL MONTH: 0.0 INCH 5 = HAIL
GRTST 24HR 0.0 6 = FREEZING RAIN OR DRIZZLE
GRTST DEPTH: 0 7 = DUSTSTORM OR SANDSTORM:
VSBY 1/2 MILE OR LESS
8 = SMOKE OR HAZE
[NO. OF DAYS WITH] [WEATHER - DAYS WITH] 9 = BLOWING SNOW
X = TORNADO
MAX 32 OR BELOW: 0 0.01 INCH OR MORE: 15
MAX 90 OR ABOVE: 4 0.10 INCH OR MORE: 5
MIN 32 OR BELOW: 0 0.50 INCH OR MORE: 0
MIN 0 OR BELOW: 0 1.00 INCH OR MORE: 0
[HDD (BASE 65) ]
TOTAL THIS MO. 0 CLEAR (SCALE 0-3) 16
DPTR FM NORMAL M PTCLDY (SCALE 4-7) 15
TOTAL FM JUL 1 0 CLOUDY (SCALE 8-10) 0
DPTR FM NORMAL M
[CDD (BASE 65) ]
TOTAL THIS MO. 551
DPTR FM NORMAL M [PRESSURE DATA]
TOTAL FM JAN 1 1551 HIGHEST SLP M ON M
DPTR FM NORMAL M LOWEST SLP 29.88 ON 8
[REMARKS]
#FINAL-03-20#